{"text_format":"1","workbook":"xlsx","n_sheets":9,"sheets":["Updates","EQUIPMENT PRICE LIST"," SOFTWARE PRICE LIST","SUPPLIES PRICE LIST","MPS Pricing","GROUP A S&S Pricing","GROUP B S&S PRICING","GROUP D S&S  Pricing ","Lease and Rental Rates  "],"not_rendered":{"charts":0,"images":0,"macros":0,"external_links":5,"defined_names":10,"comments":0,"pivot_tables":0},"unopened":[],"bounds":{"document_bytes":16777216,"sheet_cells":100000,"rows_first":2000,"rows_last":500,"rows_between":2000,"halvings":0,"cell_chars":16384,"cell_head_chars":4096},"cells_cut":0,"cells_raw":0,"read":"whole","date_system":"1900"}

{"sheet":"Updates","index":0,"n_rows":422,"n_cols":3,"rows_kept":422,"cut":false,"hidden":false,"merged":[]}
["SUMMARY OF UPDATES TO THE PRICE LIST"]
[]
["2019-12-27","ECOSYS M3660idn","62ppm A4 Monochrome MFP (4 in 1: P/C/S/F)…REMOVED, predecessor model of the M3860"]
[null,"ECOSYS M3860idn","62 PPM A4 B&W MFP (4 in 1: P/C/S/F) ………..ADDED Series Upgrade"]
[null,"ECOSYS M3860idnf","62 PPM A4 B&W MFP (4 in 1: P/C/S/F) .ADDED Series Upgrade, Internal Finisher & Auto Stapler added"]
[null,"TASKalfa/Copy Star 307ci","32/32 PPM A4 Color MFP….REMOVED , predecessor model of the 308ci"]
[null,"TASKalfa/Copy Star 308ci","32/32 PPM A4 Color MFP…. ADDED Series Upgrade"]
[null,"TASKalfa/Copy Star 356ci","37/37 PPM A4 Color  MFP… REMOVED , predecessor model of the 358ci"]
[null,"TASKalfa/Copy Star 358ci","37/37 PPM A4 Color  MFP …. ADDED Series Upgrade"]
[null,"TASKalfa/Copy Star 7002i","70 PPM A3 B&W MFP….. REMOVED , predecessor model of the 7003i"]
[null,"TASKalfa/Copy Star 7003i","70 PPM A3 B&W MFP…… ADDED Series Upgrade"]
[null,"TASKalfa/Copy Star 8002i","80 PPM A3 B&W MFP…… REMOVED , predecessor model of the 8003i"]
[null,"TASKalfa/Copy Star 8003i","80 PPM A3 B&W MFP…. ADDED Series Upgrade"]
[null,"TASKalfa/Copy Star 9002i","90 PPM A3 B&W MFP….. REMOVED , predecessor model of the 9003i"]
[null,"TASKalfa/Copy Star 9003i","90 PPM A3 B&W MFP…. ADDED Series Upgrade"]
[null,"TASKalfa/Copy Star 7052ci","70/65 PPM A3 Color MFP…. REMOVED , predecessor model of the 7353ci"]
[null,"TASKalfa/Copy Star 7353ci","73/65 PPM A3 Color MFP… ADDED Series Upgrade"]
[null,"TASKalfa/Copy Star 8052ci","80/70 PPM A3 Color MFP …. REMOVED , predecessor model of the 8353ci"]
[null,"TASKalfa/Copy Star 8353ci","83/70 PPM A3 Color MFP… ADDED Series Upgrade"]
[null,"ECOSYS P3045dn","47 ppm A4 Monochrome Printer… REMOVED , predecessor model of the 3145dn"]
[null,"ECOSYS P3145dn","47 ppm A4 Monochrome Printer… ADDED Series Upgrade"]
[null,"ECOSYS P3050dn","52 ppm A4 Monochrome Printer… REMOVED , predecessor model of the 3150dn"]
[null,"ECOSYS P3150dn","52 ppm A4 Monochrome Printer…. ADDED Series Upgrade"]
[null,"ECOSYS P3055dn","57 ppm A4 Monochrome Printer… REMOVED , predecessor model of the 3155dn"]
[null,"ECOSYS P3155dn","57 ppm A4 Monochrome Printer….. ADDED Series Upgrade"]
[null,"ECOSYS P3060dn","62 ppm A4 Monochrome Printer… REMOVED , predecessor model of the 3060dn"]
[null,"ECOSYS P3260dn","62 ppm A4 Monochrome Printer…... ADDED Series Upgrade"]
[null,"PF-320","500 Sheet Optional Paper Feed Cassette… REMOVED , predecessor model of the pf-3110"]
[null,"PF-3110","500 Sheet Optional Paper Feed Cassette… ADDED Series Upgrade"]
[]
["2020-08-09","Removed the TASKalfa/Copy Star 406ci"]
[null,"Added the TASKalfa/Copy Star 408ci"]
[null,"Removed the Fax Kit 406ci"]
[null,"Added the Fax Kit 408/358"]
[null,"The Data Security E Common Criterial/NIAP certified HARD DRIVE ENCRYPTION/OVERWRITE KIT because it's now included with the main unit"]
[]
["2021-05-10","Exchange Connector…REMOVED"]
[null,"HomePOINT Advanced…REMOVED"]
[null,"PanelPlus…REMOVED"]
[null,"OpenText Alchemy Connector…REMOVED"]
[null,"PreservDOX…REMOVED"]
[null,"SharePoint Connector…REMOVED"]
[null,"SharePoint Connector Powered by OmniPage OCR…REMOVED"]
[null,"Language Exchange…REMOVED"]
[null,"Enterprise Edition  MyQ Enterprise License (1-9 pcs)…ADDED"]
[null,"Enterprise Edition  MyQ Enterprise License (10-39 pcs) )…ADDED"]
[null,"Enterprise Edition  MyQ Enterprise License (40-99 pcs) )…ADDED"]
[null,"Enterprise Edition  MyQ Enterprise License (100+ pcs) )…ADDED"]
[null,"Ultimate Edition     MyQ Ultimate License (1-9 pcs) )…ADDED "]
[null,"Ultimate Edition     MyQ Ultimate License (10-39 pcs) )…ADDED"]
[null,"Ultimate Edition     MyQ Ultimate License (40-99 pcs) )…ADDED "]
[null,"Ultimate Edition     MyQ Ultimate License (100+ pcs) )…ADDED "]
[null,"Ultimate Extra       Hotfolder, FTP, & Email Capture License)…ADDED"]
[null,"Ultimate Extra       Additional Document Processor License)…ADDED "]
[null,"Enterprise Edition SA       Enterprise Assurance 1Y (1-9 pcs) )…ADDED"]
[null,"Enterprise Edition SA       Enterprise Assurance 1Y (10-39 pcs)…ADDED"]
[null,"Enterprise Edition SA       Enterprise Assurance 1Y (40-99 pcs) …ADDED"]
[null,"Enterprise Edition SA       Enterprise Assurance 1Y (100+ pcs) …ADDED"]
[null,"Enterprise Edition SA       Enterprise Assurance 2Y (1-9 pcs) …ADDED"]
[null,"Enterprise Edition SA       Enterprise Assurance 2Y (10-39 pcs) …ADDED"]
[null,"Enterprise Edition SA       Enterprise Assurance 2Y (40-99 pcs) …ADDED"]
[null,"Enterprise Edition SA       Enterprise Assurance 2Y (100+ pcs) …ADDED"]
[null,"Enterprise Edition SA       Enterprise Assurance 3Y (1-9 pcs) …ADDED"]
[null,"Enterprise Edition SA       Enterprise Assurance 3Y (10-39 pcs) …ADDED"]
[null,"Enterprise Edition SA       Enterprise Assurance 3Y (40-99 pcs) …ADDED"]
[null,"Enterprise Edition SA       Enterprise Assurance 3Y (100+ pcs) …ADDED"]
[null,"Enterprise Edition SA       Enterprise Assurance 4Y (1-9 pcs) …ADDED"]
[null,"Enterprise Edition SA       Enterprise Assurance 4Y (10-39 pcs) …ADDED"]
[null,"Enterprise Edition SA       Enterprise Assurance 4Y (40-99 pcs) …ADDED"]
[null,"Enterprise Edition SA       Enterprise Assurance 4Y (100+ pcs) …ADDED"]
[null,"Enterprise Edition SA       Enterprise Assurance 5Y (1-9 pcs) …ADDED"]
[null,"Enterprise Edition SA       Enterprise Assurance 5Y (10-39 pcs) …ADDED"]
[null,"Enterprise Edition SA       Enterprise Assurance 5Y (40-99 pcs) …ADDED"]
[null,"Enterprise Edition SA       Enterprise Assurance 5Y (100+ pcs) …ADDED"]
[null,"Ultimate Edition SA Ultimate Assurance 1Y (1-9 pcs) …ADDED"]
[null,"Ultimate Edition SA Ultimate Assurance 1Y (10-39 pcs) …ADDED"]
[null,"Ultimate Edition SA Ultimate Assurance 1Y (40-99 pcs) …ADDED"]
[null,"Ultimate Edition SA Ultimate Assurance 1Y (100+ pcs) …ADDED"]
[null,"Ultimate Edition SA Ultimate Assurance 2Y (1-9 pcs) …ADDED"]
[null,"Ultimate Edition SA Ultimate Assurance 2Y (10-39 pcs) …ADDED"]
[null,"Ultimate Edition SA Ultimate Assurance 2Y (40-99 pcs) …ADDED"]
[null,"Ultimate Edition SA Ultimate Assurance 2Y (100+ pcs) …ADDED"]
[null,"Ultimate Edition SA Ultimate Assurance 3Y (1-9 pcs) …ADDED"]
[null,"Ultimate Edition SA Ultimate Assurance 3Y (10-39 pcs) …ADDED"]
[null,"Ultimate Edition SA Ultimate Assurance 3Y (40-99 pcs) …ADDED"]
[null,"Ultimate Edition SA Ultimate Assurance 3Y (100+ pcs) …ADDED"]
[null,"Ultimate Edition SA Ultimate Assurance 4Y (1-9 pcs) …ADDED"]
[null,"Ultimate Edition SA Ultimate Assurance 4Y (10-39 pcs) …ADDED"]
[null,"Ultimate Edition SA Ultimate Assurance 4Y (40-99 pcs) …ADDED"]
[null,"Ultimate Edition SA Ultimate Assurance 4Y (100+ pcs) …ADDED"]
[null,"Ultimate Edition SA Ultimate Assurance 5Y (1-9 pcs) …ADDED"]
[null,"Ultimate Edition SA Ultimate Assurance 5Y (10-39 pcs) …ADDED"]
[null,"Ultimate Edition SA Ultimate Assurance 5Y (40-99 pcs) …ADDED"]
[null,"Ultimate Edition SA Ultimate Assurance 5Y (100+ pcs) …ADDED"]
[null,"Ultimate Extra SA   Hotfolder, FTP, & Email Capture Assurance 1M…ADDED"]
[null,"Ultimate Extra SA   Hotfolder, FTP, & Email Capture Assurance 1Y…ADDED"]
[null,"Ultimate Extra SA   Hotfolder, FTP, & Email Capture Assurance 2Y…ADDED"]
[null,"Ultimate Extra SA   Hotfolder, FTP, & Email Capture Assurance 3Y…ADDED"]
[null,"Ultimate Extra SA   Hotfolder, FTP, & Email Capture Assurance 4Y…ADDED"]
[null,"Ultimate Extra SA   Hotfolder, FTP, & Email Capture Assurance 5Y…ADDED"]
[null,"Ultimate Extra SA   Additional Document Processor Assurance 1M…ADDED"]
[null,"Ultimate Extra SA   Additional Document Processor Assurance 1Y…ADDED"]
[null,"Ultimate Extra SA   Additional Document Processor Assurance 2Y…ADDED"]
[null,"Ultimate Extra SA   Additional Document Processor Assurance 3Y…ADDED"]
[null,"Ultimate Extra SA   Additional Document Processor Assurance 4Y…ADDED"]
[null,"Ultimate Extra SA   Additional Document Processor Assurance 5Y…ADDED"]
[null,"Extended License   Job Archiving…ADDED"]
[null,"Cloud Connect       Single License - per device…ADDED"]
[null,"Microsoft Connector        Single License - per device …ADDED"]
[null,"ShareBase Connector      Single License - per device …ADDED"]
[null,"OnBase Connector Single License - per device…ADDED"]
[null,"Square 9 Connector        Single License - per device…ADDED "]
[null,"DocuWare Connector       Single License - per device …ADDED"]
[null,"Microsoft Connector Pro   Single License - adds OmniPage OCR …ADDED"]
[null,"RightFax Embedded        Single License - per device …ADDED"]
[null,"XMediusFax Connector    Single License - per device …ADDED"]
[null,"AccuSender Biscom         Single License - per device…ADDED"]
[null,"AccuSender SendSecure  Single License - per device…ADDED"]
[null,"KCM Lite Package  Connects 1 MFP, 1 Email account, & 1 Folder …ADDED"]
[null,"KCM Lite Add-on Device  Add 1 Kyocera MFP connection …ADDED"]
[null,"KCM Lite Add-on Email    Add 1 Email account connection …ADDED"]
[null,"KCM Lite Add-on Folder   Add 1 Hot Folder connection …ADDED"]
[null,"M&S Package - 1Y  1Y M&S for KCM Lite Package…ADDED"]
[null,"M&S Add-on Device - 1Y  1Y M&S for KCM Lite Add-on Device …ADDED"]
[null,"M&S Add-on Email 1Y      1Y M&S for KCM Lite Add-on Email …ADDED"]
[null,"M&S Add-on Folder 1Y     1Y M&S for KCM Lite Add-on Folder …ADDED"]
[null,"M&S Package - 1M 1M M&S for KCM Lite Package …ADDED"]
[null,"M&S Add-on Device - 1M 1M M&S for KCM Lite Add-on Device …ADDED"]
[null,"M&S Add-on Email 1M     1M M&S for KCM Lite Add-on Email …ADDED"]
[null,"M&S Add-on Folder 1M    1M M&S for KCM Lite Add-on Folder …ADDED"]
[null,"KCM Pro MFP         Connect 1 MFP …ADDED"]
[null,"KCM Pro Email       Connect 1 Email account …ADDED"]
[null,"KCM Pro Folder      Connect 1 Hot Folder …ADDED"]
[null,"KCM Pro Web/Mobile       Connect up to 20 users…ADDED "]
[null,"M&S MFP - 1Y        1Y M&S for KCM Pro MFP …ADDED"]
[null,"M&S Email - 1Y      1Y M&S for KCM Pro Email…ADDED"]
[null,"M&S Folder - 1Y     1Y M&S for KCM Pro Folder …ADDED"]
[null,"M&S Web/Mobile - 1Y      1Y M&S for KCM Pro Web/Mobile …ADDED"]
[null,"M&S MFP - 1M       1M M&S for KCM Pro MFP …ADDED"]
[null,"M&S Email - 1M     1M M&S for KCM Pro Email …ADDED"]
[null,"M&S Folder - 1M    1M M&S for KCM Pro Folder …ADDED"]
[null,"M&S Web/Mobile - 1M      1M M&S for KCM Pro Web/Mobile …ADDED"]
[null,"DMC   DMConnect Pro powered by Nuance…ADDED"]
[null,"DMC Page Pack (50K)      Basic Page Pack (50K Pages per Year) …ADDED"]
[null,"DMC Page Pack (50K)      PRO Page Pack (50K Pages per Year) …ADDED"]
[null,"DMC Page Pack (250K)    PRO Page Pack (250K Pages per Year) …ADDED"]
[null,"DMC User Licenses User License Pack (10 Users per Year) …ADDED"]
[null,"GlobalSearch Users Pro Edition Per CNCR User …ADDED"]
[null,"GlobalSearch Users Pro Edition PLUS Per CNCR User …ADDED"]
[null,"GlobalSearch Users Corp Edition Per CNCR User - (5-10 Tier) …ADDED"]
[null,"GlobalSearch Users Corp Edition Per CNCR User - (11-25 Tier) …ADDED"]
[null,"GlobalSearch Users Corp Edition Per CNCR User - (26-50 Tier) …ADDED"]
[null,"GlobalSearch Users Corp Edition Per CNCR User - (51-100 Tier) …ADDED"]
[null,"GlobalSearch Users Corp Edition Per CNCR User - (100-249 Tier) …ADDED"]
[null,"GlobalSearch Users Corp Edition Per CNCR User - (250-1000 Tier) …ADDED"]
[null,"Users M&S (1Y)     Pro Edition Per CNCR User - M&S…ADDED"]
[null,"Users M&S (1Y)     Pro Edition PLUS Per CNCR User - M&S…ADDED"]
[null,"Users M&S (1Y)     Corp Edition Per CNCR User - (5-10 Tier) - M&S…ADDED"]
[null,"Users M&S (1Y)     Corp Edition Per CNCR User - (11-25 Tier) - M&S…ADDED"]
[null,"Users M&S (1Y)     Corp Edition Per CNCR User - (26-50 Tier) - M&S…ADDED"]
[null,"Users M&S (1Y)     Corp Edition Per CNCR User - (51-100 Tier) - M&S…ADDED"]
[null,"Users M&S (1Y)     Corp Edition Per CNCR User - (100-249 Tier) - M&S…ADDED"]
[null,"Users M&S (1Y)     Corp Edition Per CNCR User - (250-1000 Tier) - M&S…ADDED"]
[null,"GlobalSearch Add-ons     Image XChange - Per CNCR User (3-9) …ADDED"]
[null,"GlobalSearch Add-ons     Image XChange Server - Unlimited users …ADDED"]
[null,"GlobalSearch Add-ons     QuickBooks Connections - Per CNCR User …ADDED"]
[null,"GlobalSearch Add-ons     MS Dynamics GP CONN - Per CNCR User …ADDED"]
[null,"GlobalSearch Add-ons     Additional GlobalSearch App Server License…ADDED"]
[null,"GlobalSearch Add-ons     Additional GlobalAction Workflow Server…ADDED"]
[null,"GlobalSearch Add-ons     Read Only License - Per CNCR User …ADDED"]
[null,"GlobalSearch Add-ons     Ext Read Only Access Server - Unltd Users …ADDED"]
[null,"Add-ons M&S (1Y) Image XChange - Per CNCR User (3-9) - M&S…ADDED"]
[null,"Add-ons M&S (1Y) Image XChange Server - Unlimited users - M&S…ADDED"]
[null,"Add-ons M&S (1Y) QuickBooks Connections - Per CNCR User - M&S…ADDED"]
[null,"Add-ons M&S (1Y) MS Dynamics GP CONN - Per CNCR User - M&S…ADDED"]
[null,"Add-ons M&S (1Y) Add GlobalSearch App Server License - M&S…ADDED"]
[null,"Add-ons M&S (1Y) Add GlobalAction Workflow Server - M&S…ADDED"]
[null,"Add-ons M&S (1Y) Read Only License - Per CNCR User - M&S…ADDED"]
[null,"Add-ons M&S (1Y) Ext Read Only Access Server - Unltd Users - M&S…ADDED"]
[null,"GlobalCapture BDL Convey - Dual Core…ADDED "]
[null,"GlobalCapture BDL Convey Core Add - Per Core …ADDED"]
[null,"GlobalCapture BDL Convey PLUS - Dual Core …ADDED"]
[null,"GlobalCapture BDL Convey PLUS Core Add On - Per Core …ADDED"]
[null,"GlobalCapture BDL Intelligent Transformation (IT) BDL…ADDED"]
[null,"GlobalCapture BDL IT BDL Core Add On - Per Core …ADDED"]
[null,"GlobalCapture BDL IT PLUS BDL …ADDED"]
[null,"GlobalCapture BDL IT PLUS BDL Core Add On - Per Core …ADDED"]
[null,"BDL M&S (1Y)        Convey - Dual Core - M&S…ADDED"]
[null,"BDL M&S (1Y)        Convey Core Add - Per Core - M&S…ADDED"]
[null,"BDL M&S (1Y)        Convey PLUS - Dual Core - M&S…ADDED"]
[null,"BDL M&S (1Y)        Convey PLUS Core Add On - Per Core - M&S…ADDED"]
[null,"BDL M&S (1Y)        Intelligent Transformation (IT) BDL - M&S…ADDED"]
[null,"BDL M&S (1Y)        IT BDL Core Add On - Per Core - M&S…ADDED"]
[null,"BDL M&S (1Y)        IT PLUS BDL - M&S…ADDED"]
[null,"BDL M&S (1Y)        IT PLUS BDL Core Add On - Per Core - M&S…ADDED"]
[null,"GlobalCapture Add-ons    Invoice Intelligence Template Pack …ADDED"]
[null,"GlobalCapture Add-ons    Disaster Recovery/Test Bench License …ADDED"]
[null,"GlobalCapture Add-ons    Assembly Bound Lists Pack …ADDED"]
[null,"GlobalCapture Add-ons    All In One User License - Per CNCR User…ADDED"]
[null,"Add-ons M&S (1Y) Invoice Intelligence Template Pack - M&S…ADDED"]
[null,"Add-ons M&S (1Y) Disaster Recovery/Test Bench License - M&S…ADDED"]
[null,"Add-ons M&S (1Y) Assembly Bound Lists Pack - M&S…ADDED"]
[null,"Add-ons M&S (1Y) All In One User License - Per CNCR User - M&S…ADDED"]
[null,"GlobalForms 10     Server with Workflow & Forms Design …ADDED"]
[null,"GlobalForms 10     Single Form Add On…ADDED"]
[null,"GlobalForms 10     5 Form Add On …ADDED"]
[null,"GlobalForms 10     10 Form Add On …ADDED"]
[null,"GlobalForms 10     20 Form Add On …ADDED"]
[null,"GlobalForms 10     50 Form Add On …ADDED"]
[null,"GlobalForms 10     Unlimited Form Option …ADDED"]
[null,"GlobalForms M&S (1Y)     Server with Workflow & Forms Design - M&S…ADDED"]
[null,"GlobalForms M&S (1Y)     Single Form Add On - M&S…ADDED"]
[null,"GlobalForms M&S (1Y)     5 Form Add On - M&S…ADDED"]
[null,"GlobalForms M&S (1Y)     10 Form Add On - M&S…ADDED"]
[null,"GlobalForms M&S (1Y)     20 Form Add On - M&S…ADDED"]
[null,"GlobalForms M&S (1Y)     50 Form Add On - M&S…ADDED"]
[null,"GlobalForms M&S (1Y)     Unlimited Form Option - M&S…ADDED"]
[null,"GlobalCapture LTS *        Convey - Dual Core - LTS …ADDED"]
[null,"GlobalCapture LTS *        Convey Core Add - Per Core - LTS …ADDED"]
[null,"GlobalCapture LTS *        Convey PLUS - Dual Core - LTS …ADDED"]
[null,"GlobalCapture LTS *        Convey PLUS Core Add On - Per Core - LTS …ADDED"]
[null,"GlobalCapture LTS *        Intelligent Transformation (IT) BDL - LTS  …ADDED"]
[null,"GlobalCapture LTS *        IT BDL Core Add On - Per Core - LTS…ADDED"]
[null,"GlobalCapture LTS *        IT PLUS BDL - LTS …ADDED"]
[null,"GlobalCapture LTS *        IT PLUS BDL Core Add On - Per Core - LTS …ADDED"]
[null,"GlobalCapture STS **      Convey - Dual Core - STS …ADDED"]
[null,"GlobalCapture STS **      Convey Core Add - Per Core - STS …ADDED"]
[null,"GlobalCapture STS **      Convey PLUS - Dual Core - STS …ADDED"]
[null,"GlobalCapture STS **      Convey PLUS Core Add On - Per Core - STS …ADDED"]
[null,"GlobalCapture STS **      Intelligent Transformation (IT) BDL - STS …ADDED"]
[null,"GlobalCapture STS **      IT BDL Core Add On - Per Core - STS …ADDED"]
[null,"GlobalCapture STS **      IT PLUS BDL - STS …ADDED"]
[null,"GlobalCapture STS **      IT PLUS BDL Core Add On - Per Core - STS …ADDED"]
[null,"GloCap Add-ons LTS *     Disaster Recovery/Test Bench License - LTS …ADDED"]
[null,"GloCap Add-ons LTS *     Assembly Bound Lists Pack - LTS…ADDED"]
[null,"GloCap Add-ons LTS *     All In One User License - Per CNCR User – LTS …ADDED"]
[null,"GloCap Add-ons STS **   Disaster Recovery/Test Bench License - STS …ADDED"]
[null,"GloCap Add-ons STS **   Assembly Bound Lists Pack - STS …ADDED"]
[null,"GloCap Add-ons STS **   All In One User License - Per CNCR User – STS …ADDED"]
[null,"GlobalForms 10 LTS *      Server with Workflow & Forms Design - LTS …ADDED"]
[null,"GlobalForms 10 LTS *      Single Form Add On - LTS …ADDED"]
[null,"GlobalForms 10 LTS *      5 Form Add On - LTS …ADDED"]
[null,"GlobalForms 10 LTS *      10 Form Add On - LTS …ADDED"]
[null,"GlobalForms 10 LTS *      20 Form Add On – LTS …ADDED"]
[null,"GlobalForms 10 LTS *      50 Form Add On- LTS  …ADDED"]
[null,"GlobalForms 10 LTS *      Unlimited Form Option - LTS …ADDED"]
[null,"GlobalSearch C2 Users *  OFC ESNTLs Edition - per CNCR user (3-25) …ADDED"]
[null,"GlobalSearch C2 Users *  Workgroup Edition - per CNCR user (5-25) …ADDED"]
[null,"GlobalSearch C2 Users *  Workgroup Edition - per CNCR user (26-50) …ADDED"]
[null,"GlobalSearch C2 Users *  Enterprise Edition - per CNCR user (5-10) …ADDED"]
[null,"GlobalSearch C2 Users *  Enterprise Edition - per CNCR user (11-25) …ADDED"]
[null,"GlobalSearch C2 Users *  Enterprise Edition - per CNCR user (26-50) …ADDED"]
[null,"GlobalSearch C2 Users *  Enterprise Edition - per CNCR user (51-100) …ADDED"]
[null,"GlobalSearch C2 Users *  Enterprise Edition - per CNCR user (101+)…ADDED "]
[null,"GL Search C2 Add-on *    Image Xchange - per concurrent user …ADDED"]
[null,"GL Search C2 Add-on *    Image Xchange Enterprise …ADDED"]
[null,"GL Search C2 Add-on *    Cloud Storage - Up to 100GB …ADDED"]
[null,"GL Search C2 Add-on *    Cloud Storage - Up to 250GB …ADDED"]
[null,"GL Search C2 Add-on *    Cloud Storage - Up to 500GB …ADDED"]
[null,"GL Search C2 Add-on *    Cloud Storage - Up to 1TB …ADDED"]
[null,"GL Search C2 Add-on *    Business Essentials Bundle …ADDED"]
[null,"GL Search C2 Add-on *    Automotive Essentials Bundle …ADDED"]
[null,"GL Search C2 Add-on *    Read Only License …ADDED"]
[null,"GL Search C2 Add-on *    Return to Work Dual Form Bundle …ADDED"]
[null,"GL Search C2 Add-on *    C2 Subscription or Storage Upgrade …ADDED "]
[null,"GL Search C2 Add-on *    Annual Subscription Renewal for C2 accounts …ADDED"]
[null,"GL Capture Cloud *         Low Volume - 1,000 PPD - 1 CNCR User …ADDED"]
[null,"GL Capture Cloud *         Mid Volume - 2,500 PPD - 2 CNCR Users  …ADDED"]
[null,"GL Capture Cloud *         Enterprise - 5,000 PPD - 3 CNCR Users  …ADDED"]
[null,"GL Capture Cloud *         Large Enterprise - 5,000 PPD - 4 CNCR Users …ADDED"]
[null,"GL Capture Add Users *   Add-on CTS CNCR User License  …ADDED"]
[null,"GL Capture Option *        Unstructured CTS Option  …ADDED"]
[null,"CTS Option *         CTS Boost Option  …ADDED"]
[null,"CTS Release Option *      CTS Release to SharePoint/OneDrive …ADDED"]
[null,"CTS GL Forms Cloud *     GlobalForms - Single Form Add On …ADDED"]
[null,"CTS GL Forms Cloud *     GlobalForms - 5 Form Add On …ADDED"]
[null,"CTS GL Forms Cloud *     GlobalForms - 10 Form Add On …ADDED"]
[null,"CTS GL Forms Cloud *     GlobalForms - 25 Form Add On …ADDED"]
[null,"CTS GL Forms Cloud *     GlobalForms - 50 Form Add On …ADDED"]
[null,"CTS GL Search Cloud *    Digital Transformation Essentials …ADDED"]
[null,"CTS GL Search Cloud *    Return to Work Essentials …ADDED "]
[null,"CTS Add-on *        CTS One Time Page Count Addition  …ADDED"]
[null,"CTS Pages Upgrade *      CTS Pages Per Day Level Upgrade Per Month …ADDED"]
[null,"CTS GL Search Cloud *    GlobalSearch Cloud Education Essentials  …ADDED"]
[null,"On-prem      SMB Upgrade  …ADDED"]
[null,"On-prem      Software Assurance …ADDED"]
[null,"SaaS  GlobalSearch C2 Annual Subscription Renewal …ADDED"]
[null,"SaaS  Cloud Subscription Upgrade …ADDED"]
[null,"Square 9 PS Per Diem Remote ECM Service …ADDED"]
[null,"Square 9 PS Per Diem Remote Capture Service …ADDED"]
[null,"Square 9 PS Per Diem Remote Forms Service …ADDED"]
[null,"Square 9 PS Per Diem Onsite Service …ADDED"]
[null,"Square 9 PS Per Diem Onsite Expense Charge …ADDED"]
[null,"Square 9 PS Per Diem Remote Access - 4 Hour Block …ADDED"]
[null,"Square 9 PS Custom SQL Scripting (Four Hour Block) …ADDED"]
[null,"Square 9 PS Custom SQL Scripting - Maintenance & Support …ADDED"]
[null,"Solution License     Kyocera OmniWorx, powered by Hyland …ADDED"]
[null,"Named User Single Named User License …ADDED"]
[null,"Workflow User       Single Workflow User License …ADDED"]
[null,"Workflow User Pack         5-Pack Workflow User License …ADDED"]
[null,"ShareBase   Annual Base package - 10-User Licenses …ADDED"]
[null,"ShareBase Add. User       1 Additional Annual User License …ADDED"]
["2021-11-09"]
[null,"ADDING"]
[null,"TASKalfa/CopyStar 4004i","40 PPM A3 B&W MFP "]
[null,"TASKalfa/CopyStar 5004i","50 PPM A3 B&W MFP "]
[null,"TASKalfa/CopyStar 6004i","60 PPM A3 B&W MFP "]
[null,"TASKalfa/CopyStar 7004i","70 PPM A3 B&W MFP "]
[null,"TASKalfa/Copy Star 2554ci","25/25 PPM A3 Color MFP"]
[null,"TASKalfa/CopyStar 3554ci","35/35 PPM A3 Color MFP "]
[null,"TASKalfa/Copy Star 4054ci","40/40 PPM A3 Color MFP"]
[null,"TASKalfa/Copy Star 5054ci","50/50 PPM A3 Color MFP"]
[null,"TASKalfa/Copy Star 6054ci","60/60 PPM A3 Color MFP"]
[null,"TASKalfa/Copy Star 7054ci","70/70 PPM A3 Color MFP"]
[null,"DP-7140","50 Sheet Reversing Automatic Document Processor for2554/3554"]
[null,"DP-7150","140 Sheet Reversing Automatic Document Processor for 4004/5004/6004/7004/2554/3554/4054/5054/6054/7054"]
[null,"DP-7160","320 Sheet Dual Scan Document Processor for 4004/5004/6004/7004/2554/3554/4054/5054/6054/7054"]
[null,"DP-7170","320 Sheet Dual Scan Document Processor  with Multi-Feed + Ultra Sonic Sensor  for 4004/5004/6004/7004/2554/3554/4054/5054/6054/7054"]
[null,"DF-7140","4,000 Sheet Finisher (65 Sheet Staple) for 4004/5004/6004/7004/2554/3554/4054/5054/6054/7054"]
[null,"DF-7150","4,000 Sheet Finisher (100 Sheet Staple) 4004/5004/6004/7004/4054/5054/6054/7054"]
[null,"IS-7100","Inserter Unit (for the 60/70 ppm systems only)"]
[null,"ZF-7100","Z-Fold Unit (for the 60/70 ppm systems only) "]
[null,"AK-7120","Attachment Kit for the ZF-7100"]
[null,"PF-7140","Dual 500 Sheet Paper Trays - Ledger  for 4004/5004/6004/7004/2554/3554/4054/5054/6054/7054"]
[null,"PF-7150","Dual 1,500 Sheet Paper Trays - Letter  for 4004/5004/6004/7004/2554/3554/4054/5054/6054/7054"]
[null,"Stand","Copier Cabinet Stand  for 4004/5004/6004/7004/2554/3554/4054/5054/6054/7054"]
[null,"Stabalizer Kit","Stabilizer Feet for Copier Cabinet Stand  for 4004/5004/6004/7004/2554/3554/4054/5054/6054/7054"]
[null,"IB-37","Wireless LAN Interface (2.4GHz/5GHz multi-band)  for 4004/5004/6004/7004/2554/3554/4054/5054/6054/7054"]
[null,"Data Security Kit 10","Data Security Kit 10 < May be required for HCD-PP / FIPS140-2 functionality  for 4004/5004/6004/7004/2554/3554/4054/5054/6054/7054"]
[null,"HD-16","Large Capacity HDD (1TB)  for 4004/5004/6004/7004/2554/3554/4054/5054/6054/7054"]
[null,"CA-3100","Caster Kit 3100 "]
[null,"HD-14","HDD Memory Device (320 GB) <M3860idnf only>"]
[null,"UG-35","Trusted Platform Module <M3860idnf only>"]
[null,"TK-8367K - Toner (Black) for 2554ci"]
[null,"TK-8367C - Toner (Cyan) for 2554ci"]
[null,"TK-8367M -Toner (Magenta) for 2554ci"]
[null,"TK-8367Y - Toner (Yellow) for 2554ci"]
[null,"TK-8377K Toner (Black) for 3554ci"]
[null,"TK-8377C - Toner Cyan for 3554ci"]
[null,"TK-8377M - Toner Magenta for 3554ci"]
[null,"TK-8377Y - Toner Yellow for 3554ci"]
[null,"TK-6347K Black Toner for 4004/5004/6004/7004"]
[null,"TK-8547K Black Toner  for 4054ci/5054ci"]
[null,"TK-8547C Cyan Toner for 4054ci/5054ci "]
[null,"TK-8547M Magenta Toner  for 4054ci/5054ci"]
[null,"TK-8547Y Yellow Toner  for 4054ci/5054ci "]
[null,"TK-8557K -  Black Toner  for 6054ci/7054ci"]
[null,"TK-8557C - Cyan Toner for 6054ci/7054ci"]
[null,"TK-8557M - Magenta Toner  for 6054ci/7054ci"]
[null,"TK-8557Y -  Yellow Tonerfor 6054ci/7054ci"]
[null,"EFI Printing System 17","EFI Fiery Controller- Printing System 17  is available for the TASKalfa 4054ci/5054ci/6054ci/7054ci"]
[null,"EFI ES-3000","EFI Spectrophotometer"]
[null,"CPS V5.X - ES-3000","Color Profiler Suite V5.X for Printing System 50 <1> <2>"]
[null,"CPS V5.X - ES-3000","CPS V5.X - ES-3000 with 3 Years Support <2>"]
[null,"CPS V5.X - ES-3000","CPS V5 - ES-3000 with 5 Years Support <2>"]
[null,"CPS V5.X - Software","CPS V5.X (Software Only)"]
[null,"CPS V5.X - Software","CPS V5.X (Software Only) with 3 Years Support"]
[null,"CPS V5.X - Software","CPS V5.X (Software Only) with 5 Years Support"]
[null,"Fiery Impose (Digital Delivery)","Job Impositioning Software (Digital Delivery)"]
[null,"Fiery Compose (Digital Delivery)","Make-Ready Software (Digital Delivery)"]
[null,"Fiery Impose-Compose","Fiery Impose-Compose, perpetual license; digital delivery"]
[null,"ColorRight - Software-1","Fiery ColorRight (Software Only) - 1 Year Use; digital delivery"]
[null,"ColorRight - Software-3","Fiery ColorRight (Software Only) - 3 Year Use; digital delivery"]
[null,"ColorRight - Software-5","Fiery ColorRight (Software Only) - 5 Year Use; digital delivery"]
[null,"Fiery Automation-Software","Fiery Automation (Software Only) - 1 Year Use; digital delivery"]
[null,"Fiery Automation-Software","Fiery Automation (Software Only) - 3 Year Use; digital delivery"]
[null,"Fiery Automation-Software","Fiery Automation (Software Only) - 5 Year Use; digital delivery"]
[null,"REMOVING"]
[null,"TASKalfa/CopyStar 4003i","40 PPM A3 B&W MFP (DATA SECURITY KIT included)"]
[null,"TASKalfa/CopyStar 5003i","50 PPM A3 B&W MFP (DATA SECURITY KIT included)"]
[null,"TASKalfa/CopyStar 6003i ","60 PPM A3 B&W MFP (DATA SECURITY KIT included)"]
[null,"TASKalfa/CopyStar 3553ci","35/35 PPM A3 Color MFP (DATA SECURITY KIT included)"]
[null,"TASKalfa/CopyStar 4053ci","40/40 PPM A3 Color MFP (DATA SECURITY KIT included)"]
[null,"TASKalfa/CopyStar 5053ci","50/50 PPM A3 Color MFP (DATA SECURITY KIT included)"]
[null,"TASKalfa/CopyStar 6053ci","60/55 PPM A3 Color MFP (DATA SECURITY KIT included)"]
[null,"EFI Color Profiller Kit, Include ES-2000 (For printing System (16) )","EFI Color Profiler Suite V4 (incl'd ES-2000)"]
[null,"EFI Color Profiller Kit, Include ES-2000 (For printing System (16) ) with 3Year Support","EFI Color Profiler Suite V4\n(incl'd ES-2000) with 3Year Support"]
[null,"EFI Color Profiller Kit, Include ES-2000 (For printing System (16) ) with 5Year Support","EFI Color Profiler Suite V4\n(incl'd ES-2000) with 5Year Support"]
[null,"1 Year EFI Color Profiller Kit Support","CPS SUPPORT AND MAINTENANCE CONTRACT"]
[null,"EFI Color Profiler Suite V4 (Software Only)","EFI Color Profiler Suite V4 (Software Only)"]
[null,"EFI Color Profiler Suite V4 (Software Only) with 3Year Support","EFI Color Profiler Suite V4 (Software Only) with 3Year Support"]
[null,"EFI Color Profiler Suite V4 (Software Only) with 5Year Support","EFI Color Profiler Suite V4 (Software Only) with 5Year Support"]
[null,"EFI Hot Folder & Virtual Printer (For printing System (16) )","EFI Hot Folder & Virtual Printer"]
[null,"EFI Seequence Impose (For printing System (16) )","EFI Seequence Impose"]
[null,"Automate job processes\nto achieve maximum productivity & the right color","EFI Prpductivity package"]
[null,"EFI Seequence Compose (For printing System (16) )","EFI Seequence Compose"]
[null,"FS-9530DN","51 PPM Modular Laser Printing System "]
[null,"PF-700","Dual 500 Sheet Drawer"]
[null,"PF-750","3,000 Large Capacity Drawer"]
[null,"DF-710(B)","3,000 Sheet Finisher (requires AK-705)"]
[null,"DF-730","1,000 Sheet Finisher (requires AK-705)"]
[null,"BF-710","Booklet Folder for DF-710"]
[null,"MT-710","Multi Tray for DF-710"]
[null,"PH-5A","Punch Unit (2/3 Hole) for DF-710"]
[null,"Stand","Stand for FS-9130DN/9530DN"]
[null,"AK-705","DF-710/730 Attachment for FS-9130DN/9530DN"]
[null,"Data Security Kit C","HDD Erase Kit for Print"]
[null,"IB-23","10Base-T/100BaseTX, IPv6"]
[null,"SD-100-512B","512 MB Print Memory Upgrade - 100 Pin DIMM"]
[null,"PCL Barcode Flash Module","CF Card PCL Barcode Flash Module 3.00 (Type A)"]
[null,"ITEM CODE CHANGES"]
[null,"1603NT0UN0","UG-33"]
[null,"1203SA0KL1","PF-3110"]
[null,"1603MS0UN0","Data Security (E)"]
[null,"1603MC0UN0","Internet FAX Kit (A)"]
[null,"1603NX0UN0","UG-34"]
[null,"1503RK2USJ","FAX System 12"]
[null,"1102TX2US1","ECOSYS P7240cdn"]
[null,"855D200891","Surge Protector-MX (20A)"]
[null,"855D200890","Surge Protector-MX (15A)"]
["2022-03-28"]
[null,"ADDING"]
[null,"1102ZT2US0","TASKalfa/CopyStar MZ3200i"]
[null,"1102ZS2US0","TASKalfa/CopyStar MZ4000i"]
[null,"1T02V60US0","TK-7227 Black Toner for MZ4000i"]
[null,"1T02V70US0","TK-7127\n"]
[null,"4/01/2022  rates"]
[]
[null,"REMOVING"]
[null,"1102V72US0","TASKalfa/CopyStar 3212i"]
[null,"1102V62US0","TASKalfa/CopyStar 4012i"]
[null,"Updated Lease Rates"]

{"sheet":"EQUIPMENT PRICE LIST","index":1,"n_rows":578,"n_cols":11,"rows_kept":578,"cut":false,"hidden":false,"merged":[]}
[null,"KYOCERA Business Solutions America, Inc."]
[null,"MARCH 2022"]
["GROUP"," ITEM CODE","MODELS AND ACCESSORIES","DESCRIPTION","MSRP","NASPO ValuePoint  Price","Exact % off MSRP","Customer Base Monthly Maintenance w/Service and Supplies","Customer Copies Included","Copy Charge Service & Supplies","Service Only "]
["SEGMENT",null,null,null,null,null,null,null,"Monthly","OVERAGE","Parts and labor only (no supplies)"]
[]
["B3","1102S22US0","ECOSYS M2635dw","37 ppm A4 Monochrome 4in1 MFP Copy, Print, Fax, Color scan With STD Wireless capability ",816,380.29,0.53395588235294122,0,0,3.4299999999999997E-2,1.9888888888888883E-2]
[null,"1203RA0UN0","PF-1100","(1) 250 Sheet Paper Drawer included as per spec",null,null,null,21.8491,650,3.3613999999999998E-2]
[null,null,null,null,null,null,null,42.806399999999996,1300,3.2927999999999999E-2]
[null,null,null,null,null,null,null,60.196499999999993,1950,3.0869999999999998E-2]
[]
[]
["B4","1102S32US0","ECOSYS M2040dn","42 ppm A4 Monochrome 3in1 MFP Copy, Print, Color scan",1181,527.02,0.55374936494496196,0,0,1.7999999999999999E-2,1.14320987654321E-2]
[null,"1203RA0UN0","PF-1100","(1) 250 Sheet Paper Drawer included as per spec",null,null,null,11.465999999999999,650,1.7639999999999999E-2]
[null,null,null,null,null,null,null,22.463999999999995,1300,1.7279999999999997E-2]
[null,null,null,null,null,null,null,31.59,1950,1.6199999999999999E-2]
[]
["B4","1102S42US0","ECOSYS M2540dw","42 ppm A4 Monochrome 4in1 MFP Copy, Print, Fax, Color scan With STD Wireless capability",1371,611.80999999999995,0.55374936494496185,0,0,1.7999999999999999E-2,1.14320987654321E-2]
[null,"1203RA0UN0","PF-1100","(1) 250 Sheet Paper Drawer included as per spec",null,null,null,11.465999999999999,650,1.7639999999999999E-2]
[null,null,null,null,null,null,null,22.463999999999995,1300,1.7279999999999997E-2]
[null,null,null,null,null,null,null,31.59,1950,1.6199999999999999E-2]
[]
["B4","1102S52US0","ECOSYS M2640idw","42 ppm A4 Monochrome 4in1 MFP Copy, Print, Fax, Color scan & HyPAS** With STD Wireless capability",1567,699.27,0.55374936494496196,0,0,1.7999999999999999E-2,1.14320987654321E-2]
[null,"1203RA0UN0","PF-1100","(1) 250 Sheet Paper Drawer included as per spec",null,null,null,11.465999999999999,650,1.7639999999999999E-2]
[null,null,null,null,null,null,null,22.463999999999995,1300,1.7279999999999997E-2]
[null,null,null,null,null,null,null,31.59,1950,1.6199999999999999E-2]
[null,null,"M2635 / M2040 / M2540 / M2640  Accessories"]
[null,"1203RA0UN0","PF-1100","250 Sheet Paper Drawer (Max 2 units)",130,65,0.50001249999999997]
[null,"855D200756","Copier Stand","Stand  for  M2640idw/M2540dw/M2040dn/M2635dw",251,125.5,0.50001249999999997]
[null,"855D200662","SD-144-1GB(DDR3)","Printer Memory (1GB)",159,103.34,0.35003635]
[null,"855D200647","SDHC Card-16G","SD Card Memory for Storage, 16Gb",35,22.75,0.35003635]
[null,"855D200648","SDHC Card-32G","SD Card Memory for Storage, 32Gb",87.5,56.87,0.35003635]
[null,"1603NT0UN0","UG-33","Upgrade Kit for Thin Print Support",140,90.99,0.35003635]
[null,"855D200890","Surge Protector-MX (15A)","15 Amp Surge Protector",150,97.49,0.35003635]
[]
["B4","1102V22US0","ECOSYS M3145idn","47ppm A4 Monochrome MFP\n3 in 1 model (Copy, Print, Color Scan)",2542,1134.3699999999999,0.55374936494496185,0,0,0.01,6.3866666666666672E-3]
[null,"1203SA0KL1","PF-3110","(1) 500 sheets optional paper feed cassette included as per spec",null,null,null,19.599999999999998,2000,9.7999999999999997E-3]
[null,null,null,null,null,null,null,38.4,4000,9.5999999999999992E-3]
[null,null,null,null,null,null,null,54.000000000000007,6000,9.0000000000000011E-3]
[]
["B4","1102V32US0","ECOSYS M3645idn","47ppm A4 Monochrome MFP\n4 in 1 model (Copy, Print, Fax, Color Scan)",2880,1285.2,0.55374936494496196,0,0,0.01,6.3866666666666672E-3]
[null,"1203SA0KL1","PF-3110","(1) 500 sheets optional paper feed cassette included as per spec",null,null,null,12.25,1250,9.7999999999999997E-3]
[null,null,null,null,null,null,null,23.999999999999996,2500,9.5999999999999992E-3]
[null,null,null,null,null,null,null,33.750000000000007,3750,9.0000000000000011E-3]
[]
["B5","1102TB2US0","ECOSYS M3655idn","57ppm A4 Monochrome MFP\n4 in 1 model (Copy, Print, Fax, Color Scan)",3473,1484.39,0.57259285919953928,0,0,6.4999999999999997E-3,4.6402116402116415E-3]
[null,"1203SA0KL1","PF-3110","(3) 500 sheets optional paper feed cassette as per spec",null,null,null,12.74,2000,6.3699999999999998E-3]
[null,null,null,null,null,null,null,24.96,4000,6.2399999999999999E-3]
[null,null,null,null,null,null,null,35.1,6000,5.8500000000000002E-3]
[]
["B6","1102X92US0","ECOSYS M3860idn","62 PPM A4 B&W MFP (4 in 1: P/C/S/F) <1>",5687,2627.8650720288115,0.53791716686674673,0,0,5.5000000000000005E-3,3.0666666666666672E-3]
[null,"1203SA0KL1","PF-3110","(3) 500 sheets optional paper feed cassette as per spec",null,null,null,13.475000000000001,2500,5.3900000000000007E-3]
[null,null,null,null,null,null,null,26.4,5000,5.28E-3]
[null,null,null,null,null,null,null,37.125,7500,4.9500000000000004E-3]
["B6","1102WF2US0","ECOSYS M3860idnf","62 PPM A4 B&W MFP (4 in 1: P/C/S/F) Internal Finisher & Auto Stapler",8123,3753.4988535414163,0.53791716686674673,0,0,5.5000000000000005E-3,3.0666666666666672E-3]
[null,"1203SA0KL1","PF-3110","(3) 500 sheets optional paper feed cassette as per spec",null,null,null,13.475000000000001,2500,5.3900000000000007E-3]
[null,null,null,null,null,null,null,26.4,5000,5.28E-3]
[null,null,null,null,null,null,null,37.125,7500,4.9500000000000004E-3]
[null,null,"M3550 / 3560  Accessories",null," "," ",null," "," ","  "]
[null,"1203SA0KL1","PF-3110","500 sheets optional paper feed cassette",249,124.5,0.50001249999999997]
[null,"1203N70UN0","PT-320","Face-up Rear Output Tray, 250 Sheets ",39,19.5,0.50001249999999986]
[null,"855D200655","Stand","Copier Stand",332,166,0.50001249999999997]
[null,"1903T50UN0","CA-3100","Caster Kit 3100 ",256,{"$f":"ROUND(E62*(1-G62),2)","v":166.39},0.35003635]
[null,"1903R90UN2","MS-5100B","Manual Stapler",264,132,0.50001249999999997]
[null,"1505JV0UN0","IB-50","Gigabit EtherNet Board for Dual NIC",349,226.84,0.35003635]
[null,"1505J50UN0","IB-51","Wireless LAN NIC (Does not work with Netgard)",471,306.13,0.35003635]
[null,"1503S50UN0","IB-36","Wireless LAN NIC\n(Approx. 98 ft Range & Wi-Fi Direct)",99,64.349999999999994,0.35003635000000011]
[null,"1505J40UN0","HD-6","SSD Memory Device (32 GB)",336,218.39,0.35003635]
[null,"1505J80UN0","HD-7","SSD Memory Device (128 GB)",480,311.98,0.35003635]
[null,"855D200653","PCL Barcode Flash 3.0 (Type D)","Barcode Flash",379,246.34,0.35003635]
[null,"1603MS0UN0","Data Security (E)","Data Security (Common Criteria/NIAP certified HARD DRIVE ENCRYPTION/OVERWRITE KIT)",580,376.98,0.35003635]
[null,"1603P30UN0","Data Security (F)","Data Security (FIPS 140-2 Certified Hard Drive Encryption/Overwrite Kit)",580,376.98,0.35003635]
[null,"1702P60UN1","Card Reader Holder 10","Card Reader Attachment",49,31.85,0.35003635]
[null,"855D200647","SDHC Card-16G","SD Card Memory for Storage, 16Gb",35,22.75,0.35003635]
[null,"855D200648","SDHC Card-32G","SD Card Memory for Storage, 32Gb",87.5,56.87,0.35003635]
[null,"1603P10UN0","Scan Extension Kit(A)","Searchable PDF Kit",600,389.98,0.35003635]
[null,"1503T30UN0","HD-14","HDD Memory Device (320 GB) <M3860idnf only>",845,{"$f":"ROUND(E76*(1-G76),2)","v":549.22},0.35003635]
[null,"1503T40UN0","UG-35","Trusted Platform Module <M3860idnf only>",446,{"$f":"ROUND(E77*(1-G77),2)","v":289.88},0.35003635]
[null,"855D200890","Surge Protector-MX (15A)","15 Amp Surge Protector",150,97.49,0.35003635]
[]
[null,"N/A","TASKalfa/CopyStar 308ci (Color)","Color Copies",null,null,null,0,0,7.3800000000000004E-2,6.5777777777777761E-3]
["B3","1102WL2US0","TASKalfa/CopyStar 308ci","32/32 PPM A4 Color MFP\n(With standard Document Processor)",4917,2291.5389264705882,0.53395588235294122,0,0,7.4699999999999992E-3]
[null,"1203PS7US0","PF-5120","(1) 500 SHEET PAPER TRAY included as per spec"]
[null,null,null,null,null,null,null,10.980899999999998,1500,7.3205999999999992E-3]
[null,null,null,null,null,null,null,21.513599999999997,3000,7.1711999999999991E-3]
[null,null,null,null,null,null,null,30.253499999999999,4500,6.7229999999999998E-3]
[null,null,"308ci  Accessories"]
[null,"1203PX2US0","DF-5100","300 SHEET INTERNAL FINISHER ( cannot instal with MT-5100)",977,488.49,0.50001249999999997]
[null,"1703PY0UN0","AK-5100","ATTACH KIT FOR MT-5100 on 307ci",160,80,0.50001249999999997]
[null,"1203PZ7US0","PF-5130","500 SHEET PAPER TRAY x 2 ( requires PF-5120 for Installation) conflicts with 5140",1287,643.48,0.50001249999999997]
[null,"1203PT7US0","PF-5140","2000 SHEET PAPER TRAY ( requires PF-5120 for Installation)conflicts with 5130",1380,689.98,0.50001249999999997]
[null,"855D200715","Stand","Copier Cabinet Stand ( Requires PF-5120)",286,143,0.50001249999999997]
[null,"1203R50UN0","JS-5100","JOB SEPARATOR ( cannot install w/Finisher or MT)",205,102.5,0.50001249999999997]
[null,"1203R00US0","MT-5100","5 BIN MAILBOX [Requires AK-5100 for Installation] cannot instal with finisher",1000,499.99,0.50001249999999997]
[null,"1902R60UN1","DT-5100","Original Hard Copy Holder",45,22.5,0.50001249999999997]
[null,"1503RH2US0","Fax System 11","Fax kit  for 307ci",300,150,0.50001249999999997]
[null,"1603MC0UN0","Internet FAX Kit (A)","Internet Fax Kit [requires Fax System 11]",300,150,0.50001249999999997]
[null,"1702R60UN1","Card Reader Holder 11","Card Reader Holder",64,41.6,0.35003635]
[null,"1603MS0UN0","Data Security (E)","Data Security (Common Criteria/NIAP certified HARD DRIVE ENCRYPTION/OVERWRITE KIT)",580,376.98,0.35003635]
[null,"1505JV0UN0","IB-50","Gigabit EtherNet Board for Dual NIC",349,226.84,0.35003635]
[null,"1505J50UN0","IB-51","Wireless LAN NIC (Does not work with Netgard)",471,306.13,0.35003635]
[null,"1505J40UN0","HD-6***","SSD Memory Device (32 GB) for 307ci",336,218.39,0.35003635]
[null,"1505J80UN0","HD-7***","SSD Memory Device (128 GB) for 307ci",480,311.98,0.35003635]
[null,"1603NT0UN0","UG-33","Upgrade Kit for Thin Print Support",140,90.99,0.35003635]
[null,"1603NX0UN0","UG-34","Optional Printer Emulation",560,363.98,0.35003635]
[null,"855D200662","SD-144-1GB(DDR3)","Printer Memory [1GB] for 307ci",159,103.34,0.35003635]
[null,"855D200647","SDHC Card-16G","SD Card Memory for storage, 16GB for 307ci",35,22.75,0.35003635]
[null,"855D200648","SDHC Card-32G","SD Card Memory for storage, 32GB for 307ci",87.5,56.87,0.35003635]
[null,"855D200890","Surge Protector-MX (15A)","15 Amp Surge Protector",150,97.49,0.35003635]
[]
[null,"N/A","TASKalfa/CopyStar 358ci (Color)","Color Copies",null,0,null,0,0,4.2930000000000003E-2,6.0222222222222231E-3]
["B3","1102V42US0","TASKalfa/CopyStar 358ci (B&W)","37/37 PPM A4 Color  MFP ",7298,3401.1899705882342,0.53395588235294134,0,0,7.1999999999999998E-3]
[null,"1203PS7US0","PF-5120","(1) 500 SHEET PAPER TRAY included as per spec",null,0]
[null,null,null,null,null,0,null,11.6424,1650,7.0559999999999998E-3]
[null,null,null,null,null,0,null,22.8096,3300,6.9119999999999997E-3]
[null,null,null,null,null,0,null,32.076000000000001,4950,6.4799999999999996E-3]
[]
[null,"N/A","TASKalfa/CopyStar 408ci (Color)","Color Copies",null,0,null,0,0,3.9899999999999998E-2,5.056111111111111E-3]
["B4","1102V52US0","TASKalfa/CopyStar 408ci","42/42 PPM A4 Color MFP",8136,{"$f":"E118*(1-G118)","v":3630.6951668077895},0.55374936494496196,0,0,6.0000000000000001E-3]
[null,"1203PS7US0","PF-5120","(1) 500 SHEET PAPER TRAY included as per spec",null,0]
[null,null,null,null,null,0,null,10.878,1850,5.8799999999999998E-3]
[null,null,null,null,null,0,null,21.311999999999998,3700,5.7599999999999995E-3]
[null,null,null,null,null,0,null,29.970000000000002,5550,5.4000000000000003E-3]
[]
[null,null,"358ci / 408ci  Accessories"]
[null,"1203R36US0","DP-5100","Reversing Automatic Document Processor (for 406/356ci)",1417,708.48,0.50001249999999997]
[null,"1203R46US1","DP-5110","Dual Scan Document Processor (for 406/356ci)",1800,899.98,0.50001249999999997]
[null,"1203SK6US0","DP-5120","Dual Scan Document Processor (for 358ci)",1800,899.98,0.50001249999999997]
[null,"1203T26US0","DP-5130","270 Sheet DSDP for the 358ci",2847,1423.5,0.50001249999999997]
[null,"1203PX2US0","DF-5100","300 Sheet Internal Finisher",977,488.49,0.50001249999999997]
[null,"1203PV2US0","DF-5110","1,000 SHEET  FINISHER FOR 406/356ci ( requires AK-5100)",1540,769.98,0.50001249999999997]
[null,"1203PW2US0","DF-5120","3,200 SHEET  FINISHER FOR 406/356ci ( requires AK-5100)",2500,1249.97,0.50001249999999997]
[null,"1703PY0UN0","AK-5100","ATTACH KIT FOR MT-5100/DF-5110/5120",160,80,0.50001249999999997]
[null,"1203PS7US0","PF-5120","500 Sheet Paper Tray",451,225.49,0.50001249999999997]
[null,"1203PZ7US0","PF-5130","500 Sheet Paper Trau x 2 ( requires PF-5120 for Installation)",1287,643.48,0.50001249999999997]
[null,"1203PT7US0","PF-5140","2000 Sheet Paper Tray ( requires PF-5120 for Installation)",1380,689.98,0.50001249999999997]
[null,"855D200715","Stand","Copier Cabinet Stand",286,143,0.50001249999999997]
[null,"1203R12US0","PH-5100","PUNCH UNIT FOR DF-5110",670,334.99,0.50001249999999997]
[null,"1203R00US0","MT-5100","5 BIN MAILBOX [Requires AK-5100 for Installation]",1000,499.99,0.50001249999999997]
[null,"1203R50UN0","JS-5100","Job Seperator",205,102.5,0.50001249999999997]
[null,"1902R60UN1","DT-5100","Original Hard Copy Holder",45,22.5,0.50001249999999997]
[null,"1503R22US1","Fax System 10 (X)","Fax Kit for 508ci/408ci/358ci",1155,577.49,0.50001249999999997]
[null,"1603MC0UN0","Internet FAX Kit (A)","Internet Fax Kit [requires Fax System 10 for 406/356ci ]",300,150,0.50001249999999997]
[null,"1503MB0UN0","MM-16-128","128MB Fax Memory Board",200,100,0.50001249999999997]
[null,"1702R60UN1","Card Reader Holder 11","Card Reader Holder",64,41.6,0.35003635]
[null,"1505JV0UN0","IB-50","Gigabit EtherNet Board for Dual NIC",349,226.84,0.35003635]
[null,"1505J50UN0","IB-51","Wireless LAN NIC (Does not work with Netgard)",471,306.13,0.35003635]
[null,"1603NT0UN0","UG-33","Upgrade Kit for Thin Print Support",140,90.99,0.35003635]
[null,"1603NX0UN0","UG-34","Optional Printer Emulation",560,363.98,0.35003635]
[null,"1603P10UN0","Scan Extension Kit(A)","Serchable PDF Kit",600,389.98,0.35003635]
[null,"855D200890","Surge Protector-MX (15A)","15 Amp Surge Protector",150,97.49,0.35003635]
[]
[null,"N/A","ECOSYS M6630cidn (Color)","Color Copies",null,0,null,0,0,7.4200000000000002E-2,6.99861111111111E-3]
["B3","1102TZ2US1","ECOSYS M6630cidn ","32 ppm A4 Color MFP\n4 in 1 model (Copy, Print, Fax, Color Scan)",3999,1863.71,0.53395588235294122,0,0,1.4999999999999999E-2]
[null,null,null,null,null,0,null,18.375,1250,1.47E-2]
[null,null,null,null,null,0,null,36,2500,1.44E-2]
[null,null,null,null,null,0,null,50.625,3750,1.35E-2]
[]
[null,"N/A","ECOSYS M6235cidn (Color)","Color Copies",null,0,null,0,0,7.3800000000000004E-2,9.6418803418803403E-3]
["B3","1102V02US1","ECOSYS M6235cidn ","37 ppm A4 Color MFP\n3 in 1 model (Copy, Print, Color Scan)",4209,1961.58,0.53395588235294122,0,0,1.4999999999999999E-2]
[null,"1203PK0KL1","PF-5100","(1) 500 Sheet Paper Drawer, Multi Purpose Paper Feeder included as per spec",null,0,null,29.4,2000,1.47E-2]
[null,null,null,null,null,0,null,57.6,4000,1.44E-2]
[null,null,null,null,null,0,null,81,6000,1.35E-2]
[]
[null,"N/A","ECOSYS M6635cidn  (Color)","Color Copies",null,0,null,0,0,7.0000000000000007E-2,9.6452991452991455E-3]
["B3","1102V12US1","ECOSYS M6635cidn ","37 ppm A4 Color MFP\n4 in 1 model (Copy, Print, Fax, Color Scan)",4799,2236.5500000000002,0.53395588235294134,0,0,1.2999999999999999E-2]
[null,"1203PK0KL1","PF-5100","(1) 500 Sheet Paper Drawer, Multi Purpose Paper Feeder included as per spec",null,0,null,25.48,2000,1.274E-2]
[null,null,null,null,null,0,null,49.92,4000,1.248E-2]
[null,null,null,null,null,0,null,70.2,6000,1.17E-2]
[null,null,"M6630/6235/6635  Accessories"]
[null,"1203PK0KL1","PF-5100","500 Sheet Paper Drawer, Multi Purpose Paper Feeder",399,199.5,0.50001249999999997]
[null,"855D200713","Copier Stand ","Stand",259,129.5,0.50001249999999997]
[null,"1903R90UN0","MS-5100","Manual Stapler",264,132,0.50001249999999997]
[null,"1702P60UN1","Card Reader Holder 10","Card Reader Attachment (refer to Card Authentication price schedule)",49,31.85,0.35003635]
[null,"1505J40UN0","HD-6","SSD Memory Device (32 GB)",336,218.39,0.35003635]
[null,"1505J80UN0","HD-7","SSD Memory Device (128 GB)",480,311.98,0.35003635]
[null,"1603MS0UN0","Data Security (E)","Data Security (Common Criteria/NIAP certified HARD DRIVE ENCRYPTION/OVERWRITE KIT)",580,376.98,0.35003635]
[null,"855D200662","SD-144-1GB(DDR3)","Printer Memory (1GB)",159,103.34,0.35003635]
[null,"855D200714","SD-144-2GB(DDR3)","Printer DIMM Memory (2GB)",219.99,142.99,0.35003635]
[null,"855D200647","SDHC Card-16G","SD Card Memory for Storage, 16Gb",35,22.75,0.35003635]
[null,"855D200648","SDHC Card-32G","SD Card Memory for Storage, 32Gb",87.5,56.87,0.35003635]
[null,"1603NT0UN0","UG-33","Upgrade Kit for Thin Print Support",140,90.99,0.35003635]
[null,"1505JV0UN0","IB-50","Gigabit EtherNet Board for Dual NIC",349,226.84,0.35003635]
[null,"1505J50UN0","IB-51","Wireless LAN NIC (Does not work with Netgard)",471,306.13,0.35003635]
[null,"1503S50UN0","IB-36","Wireless LAN NIC\n(Approx. 98 ft Range & Wi-Fi Direct)",99,64.349999999999994,0.35003635000000011]
[null,"1603P10UN0","Scan Extension Kit(A)","Serchable PDF Kit",600,389.98,0.35003635]
[null,"855D200890","Surge Protector-MX (15A)","15 Amp Surge Protector",150,97.49,0.35003635]
[]
[null,"N/A","ECOSYS M5521cdw (Color)","Color Copies",null,0,null,0,0,0.19,6.6111111111111075E-3]
["B2","1102R92US0","ECOSYS M5521cdw (B&W)","22/22 ppm A4 Color MFP With STD Wireless capability4 in 1 model (Copy, Print, FAX, Scan)",1365,411.55,0.6984999999999999,0,0,3.9699999999999999E-2]
[null,null,null,null,null,0,null,40.851299999999995,1050,3.8905999999999996E-2]
[null,null,null,null,null,0,null,80.035200000000003,2100,3.8112E-2]
[null,null,null,null,null,0,null,112.54949999999999,3150,3.5729999999999998E-2]
[]
[null,"N/A","ECOSYS M5526cdw (Color)","Color Copies",null,0,null,0,0,0.13,1.1041666666666667E-2]
["B2","1102R72US0","ECOSYS M5526cdw (B&W)","27/27 ppm A4 Color MFP With STD Wireless capability4 in 1 model (Copy, Print, FAX, Scan)",1909,575.55999999999995,0.6984999999999999,0,0,2.4E-2]
[null,null,null,null,null,0,null,24.695999999999998,1050,2.3519999999999999E-2]
[null,null,null,null,null,0,null,72.575999999999993,3150,2.3039999999999998E-2]
[null,null,null,null,null,0,null,68.040000000000006,3150,2.1600000000000001E-2]
[null,null,"M5521 / 5525  Accessories","Accessories"]
[null,"1203R60UN0","PF-5110","250 Sheet Paper Drawer (Max 1 unit)",130,65,0.50001249999999997]
[null,"855D200647","SDHC Card-16G","SD Card Memory for Storage, 16Gb",35,22.75,0.35003635]
[null,"855D200648","SDHC Card-32G","SD Card Memory for Storage, 32Gb",87.5,56.87,0.35003635]
[null,"855D200753","SD-512MB-For-M55-Series","Printer DIMM Memory (512MB)",121,78.650000000000006,0.35003635]
[null,"855D200754","SD-1GB-For-M55-Series","Printer DIMM Memory (1GB)",159,103.34,0.35003635]
[null,"1603NT0UN0","UG-33","Upgrade Kit for Thin Print Support",140,90.99,0.35003635]
[null,"855D200890","Surge Protector-MX (15A)","15 Amp Surge Protector",150,97.49,0.35003635]
[]
["A2","1102P22US0","ECOSYS M4125idn","25 PPM A3 Monochrome MFP NO FINISHER AVAILABLE",4723,1329.05,0.71859999999999991,0,0,9.4999999999999998E-3,6.2355555555555549E-3]
[null,null,null,null,null,0,null,9.3099999999999987,1000,9.3099999999999988E-3]
[null,null,null,null,null,0,null,18.239999999999998,2000,9.1199999999999996E-3]
[null,null,null,null,null,0,null,24.224999999999998,3000,8.0749999999999988E-3]
[]
["A3","1102P12US0","ECOSYS M4132idn","32 PPM A3 Monochrome MFP",5879,1477.1,0.74875000000000003,0,0,9.4999999999999998E-3,6.2355555555555549E-3]
[null,null,null,null,null,0,null,15.361499999999998,1650,9.3099999999999988E-3]
[null,null,null,null,null,0,null,30.096,3300,9.1199999999999996E-3]
[null,null,null,null,null,0,null,39.971249999999998,4950,8.0749999999999988E-3]
[]
[null,"N/A","ECOSYS M8124cidn (Color)","Color Copies",null,0,null,0,0,7.0000000000000007E-2,6.5675925925925919E-3]
["A2","1102P42US0","ECOSYS M8124cidn","24/24 PPM A3 Color MFP (ECOSYS M8130cidn/M8124cidn include Document Processor, Duplex unit, Print and Color Scan. HD or SDHC required in order to use HyPAS Applications)",7149,2011.73,0.71859999999999991,0,0,9.7999999999999997E-3]
[null,null,null,null,null,0,null,6.4826999999999995,675,9.6039999999999997E-3]
[null,null,null,null,null,0,null,12.700799999999999,1350,9.4079999999999997E-3]
[null,null,null,null,null,0,null,16.868249999999996,2025,8.3299999999999989E-3]
[]
[null,"N/A","ECOSYS M8130cidn (Color)","Color Copies",null,0,null,0,0,7.0000000000000007E-2,6.2342592592592588E-3]
["A2","1102P32US0","ECOSYS M8130cidn","30/30 PPM A3 Color MFP (ECOSYS M8130cidn/M8124cidn include Document Processor, Duplex unit, Print and Color Scan. HD or SDHC required in order to use HyPAS Applications)",8259,2324.08,0.71859999999999991,0,0,9.4999999999999998E-3]
[null,null,null,null,null,0,null,9.3099999999999987,1000,9.3099999999999988E-3]
[null,null,null,null,null,0,null,18.239999999999998,2000,9.1199999999999996E-3]
[null,null,null,null,null,0,null,24.224999999999998,3000,8.0749999999999988E-3]
[null,null,"M4125/4132idn  M8124/M8130cidn Accessories","Accessories",".",{"$error":"#VALUE!"},null,".",".","."]
[null,"1205JS0UN0","DF-470","500 Sheets Document Finisher (requires AK-470) For M4132idn ONLY",789,355.08,0.54996100000000003]
[null,"1703NS0UN0","AK-470","Bridge unit for installation of DF-470",79,35.549999999999997,0.54996100000000003]
[null,"1203NP2US0","PF-470","500 Sheets Paper Feeder",549,247.07,0.54996100000000003]
[null,"1203NN2US0","PF-471","500 Sheets x 2 Paper Feeder",819,368.58,0.54996100000000003]
[null,"855D200598","Copier Stand ","Copier Stand ",249,112.06,0.54996100000000003]
[null,"855D200599","Stand Riser","Riser for Mainframe with Paper feeder/Mainframe with Stand",139,62.56,0.54996099999999992]
[null,"1503S42US0","FAX System 13","Fax Board",519,233.57,0.54996100000000003]
[null,"1505JV0UN0","IB-50","Gigabit EtherNet Board for Dual NIC",349,226.84,0.35003635]
[null,"1505J50UN0","IB-51","Wireless LAN NIC (Does not work with Netgard)",471,306.13,0.35003635]
[null,"855D200662","SD-144-1GB(DDR3)","Printer Memory (1GB)",159,103.34,0.35003635]
[null,"855D200714","SD-144-2GB(DDR3)","Printer DIMM Memory (2GB)",219.99,142.99,0.35003635]
[null,"855D200647","SDHC Card-16G","SD Card Memory for Storage, 16Gb",35,22.75,0.35003635]
[null,"855D200648","SDHC Card-32G","SD Card Memory for Storage, 32Gb",87.5,56.87,0.35003635]
[null,"1603NT0UN0","UG-33","Upgrade Kit for Thin Print Support",140,90.99,0.35003635]
[null,"1505J40UN0","HD-6","SSD Memory Device (32 GB)",336,218.39,0.35003635]
[null,"1505J80UN0","HD-7","SSD Memory Device (128 GB)",480,311.98,0.35003635]
[null,"855D200890","Surge Protector-MX (15A)","15 Amp Surge Protector",150,97.49,0.35003635]
[]
["A3","1102ZT2US0","TASKalfa/CopyStar MZ3200i","32 PPM A3 B&W MFP",7978,{"$f":"E248*(1-G248)","v":2004.4724999999999},0.74875000000000003,0,0,8.5000000000000006E-3,6.0222222222222222E-3]
[null,null,null,null,null,0,null,16.66,2000,8.3300000000000006E-3]
[null,null,null,null,null,0,null,32.64,4000,8.1600000000000006E-3]
[null,null,null,null,null,0,null,45.900000000000006,6000,7.6500000000000005E-3]
[]
["A3","1102ZS2US0","TASKalfa/CopyStar MZ4000i","40 PPM A3 B&W MFP",9658,{"$f":"E253*(1-G253)","v":2426.5724999999998},0.74875000000000003,0,0,8.5000000000000006E-3,6.0222222222222222E-3]
[null,null,null,null,null,0,null,16.66,2000,8.3300000000000006E-3]
[null,null,null,null,null,0,null,32.64,4000,8.1600000000000006E-3]
[null,null,null,null,null,0,null,45.900000000000006,6000,7.6500000000000005E-3]
[null,null,"3212i/4012i Accessories"]
[null,"1203V26US0","DP-7140","50 Sheet Reversing Automatic Document Processor ",{"$f":"VLOOKUP(B258,'[1]COPIERS-PRINTERS'!$B$665:$F$704,5,FALSE)","v":1231},{"$f":"ROUND(E258*(1-G258),2)","v":553.95000000000005},0.55000000000000004]
[null,"1203V36US0","DP-7150","140 Sheet Reversing Automatic Document Processor for 4004/5004/6004/7004/2554/3554/4054/5054/6054/7054/3200/4000",{"$f":"VLOOKUP(B259,'[1]COPIERS-PRINTERS'!$B$665:$F$704,5,FALSE)","v":1540},{"$f":"ROUND(E259*(1-G259),2)","v":693.06},0.54996099999999992]
[null,"1203TC6US0","DP-7160","320 Sheet Dual Scan Document Processor for 4004/5004/6004/7004/2554/3554/4054/5054/6054/7054/3200/4000",{"$f":"VLOOKUP(B260,'[1]COPIERS-PRINTERS'!$B$665:$F$704,5,FALSE)","v":2150},{"$f":"ROUND(E260*(1-G260),2)","v":967.58},0.54996099999999992]
[null,"1203RV2US0","DF-7120","1,000 Sheets Finisher (Requires AK-740 for installation)",1540,693.06,0.54996099999999992]
[null,"1203PG2US0","DF-791","3,000 Sheets Finisher (Requires AK-740 for installation)",2500,1125.0999999999999,0.54996099999999992]
[null,"1703PD0UN0","AK-740","Attachment Kit for DF-7120/791",160,72.010000000000005,0.54996100000000003]
[null,"1203PJ7US0","PF-791","500 Sheets x 2 Paper Feeder",1287,579.20000000000005,0.54996100000000014]
[null,"1203PC7US0","PF-810","1,500 Sheets x 2 Paper Feeder",1380,621.04999999999995,0.54996100000000003]
[null,"855D200656","Stand","Copier Stand",286,128.71,0.54996100000000003]
[null,"1203NK2US0","PH-7A","2/3 Hole Punch Unit for DF-7120/DF-791",670,301.52999999999997,0.54996099999999992]
[null,"1203N00UN1","MT-730(B)","7 Bin Mailbox for 4,000 Sheet Finisher",1000,450.04,0.54996100000000014]
[null,"1903RT0US1","NK-7110 (B)","Numeric Keypad",120,54,0.54996099999999992]
[null,"1902LC0UN2","DT-730(B)","Original Hard Copy Holder",45,20.25,0.54996100000000003]
[null,"1202H70UN0","Platen Cover Type E","Platen Cover",117,52.65,0.54996100000000003]
[null,"1503RK2USJ","FAX System 12","Network Fax",1155,519.79999999999995,0.54996100000000003]
[null,"1603MC0UN0","Internet FAX Kit (A)","Internet Fax Kit [requires Fax System 12 ]",300,135.01,0.54996100000000003]
[null,"1603MS0UN0","Data Security (E)","Data Security (Common Criteria/NIAP certified HARD DRIVE ENCRYPTION/OVERWRITE KIT)",580,376.98,0.35003635]
[null,"1709AN0UN0","Keyboard Holder (10)","Keyboard Tray Kit",113,73.45,0.35003635]
[null,"1709AD0UN1","Card Reader Holder (E)","Card Reader Tray Kit",64,41.6,0.35003635]
[null,"1603P10UN0","Scan Extension kit(A)","Serchable PDF Kit",600,389.98,0.35003635]
[null,"1603NT0UN0","UG-33","Upgrade Kit for Thin Print Support",140,90.99,0.35003635]
[null,"1603NX0UN0","UG-34","Optional Printer Emulation",560,363.98,0.35003635]
[null,"1505JV0UN0","IB-50","Gigabit EtherNet Board for Dual NIC",349,226.84,0.35003635]
[null,"1505J50UN0","IB-51","Wireless LAN NIC (Does not work with Netgard)",471,306.13,0.35003635]
[null,"855D200890","Surge Protector-MX (15A)","15 Amp Surge Protector",150,97.49,0.35003635]
[null,"N/A","TASKalfa/CopyStar 2553ci (Color)","Color Copies",null,0,null,0,0,5.568E-2,6.5888888888888889E-3]
["A2","1102VH2US0","TASKalfa/CopyStar 2553ci ","25/25 PPM A3 Color MFP (DATA SECURITY KIT included)",8921,2510.3694,0.71860000000000002,0,0,7.8259999999999996E-3]
[null,null,null,null,0,0,null,15.338959999999998,2000,7.6694799999999994E-3]
[null,null,null,null,0,0,null,30.051839999999995,4000,7.5129599999999991E-3]
[null,null,null,null,0,0,null,42.260399999999997,6000,7.0434E-3]
[]
[null,"N/A","TASKalfa/CopyStar 3253ci (Color)","Color Copies",null,0,null,0,0,5.2469999999999996E-2,7.000888888888889E-3]
["A3","1102VG2US0","TASKalfa/CopyStar 3253ci","32/32 PPM A3 Color MFP (DATA SECURITY KIT included)",10147,2549.4337499999997,0.74875000000000003,0,0,7.8259999999999996E-3]
[null,null,null,null,0,0,null,19.173699999999997,2500,7.6694799999999994E-3]
[null,null,null,null,0,0,null,37.564799999999998,5000,7.5129599999999991E-3]
[null,null,null,null,0,0,null,52.825499999999998,7500,7.0434E-3]
[null,null,"TA-2553 / 3253   Accessories"]
[null,"1203RJ6US0","DP-7120 (2553 and 3253 ONLY)","50 Sheet Reversing Automatic Document Processor for 3253ci / 2553ci",1133,509.89,0.55000000000000004]
[null,"1203R76US0","DP-7100","140 Sheet Reversing Automatic Document Processor",1417,637.71,0.54996099999999992]
[null,"1203R86US0","DP-7110","270 Sheet Dual Scan Document Processor",1800,810.07,0.54996099999999992]
[null,"1203SR6US0","DP-7130","270 Sheet Dual Scan Document Processor with Multi-Feed Sensor",2460,1107.0959400000002,0.54996099999999992]
[null,"1203RD2US0","DF-7100","500 Sheet Internal Finisher",1396,628.25,0.54996100000000003]
[null,"1203RV2US0","DF-7120","1,000 Sheet Staple Finisher",1540,693.06,0.54996099999999992]
[null,"1203RW2US0","DF-7110","4,000 Sheet Staple Finisher",2500,1125.0999999999999,0.54996099999999992]
[null,"1203SW2US0","DF-7130","4,000 Sheet Finisher (100 Sheet Staple)",4242,1909.0654380000003,0.54996099999999992]
[null,"1703SZ0UN0","AK-7110","Attachment kit for DF-7120 / DF-7110",160,72.010000000000005,0.54996100000000003]
[null,"1203RB2US0","PF-7100","Dual 500 Sheet Paper Trays",1287,579.20000000000005,0.54996100000000014]
[null,"1203RC2US0","PF-7110","Dual 1,500 Sheet Paper Trays",1380,621.04999999999995,0.54996100000000003]
[null,"1203RL2US0","PF-7120","3,000 Sheet Side Large Capacity Tray - Letter ",1417,637.71,0.54996099999999992]
[null,"855D200802","Stand","Copier Cabinet Stand",244,109.81,0.54996099999999992]
[null,"855D200803","STABILIZER KIT","Stabilizer Feet for Copier Cabinet Stand",47,21.151833000000003,0.54996099999999992]
[null,"1203NK2US0","PH-7A","Punch Unit for DF-7120/7110",670,301.52999999999997,0.54996099999999992]
[null,"1203RF2US0","PH-7100","Punch Unit for DF-7100",670,301.52999999999997,0.54996099999999992]
[null,"1203ND0UN0","BF-730","Booklet and Tri Folding Unit for DF-7110",1500,675.06,0.54996100000000003]
[null,"1203SP6US0","BF-9100","Booklet & Tri Folding Unit for DF-7130",1705,767.31649499999992,0.54996100000000003]
[null,"1203N00UN1","MT-730(B)","7 Bin Mailbox for DF-7110",1000,450.04,0.54996100000000014]
[null,"1203RN0UN0","JS-7100","Job Separator",205,92.26,0.54996100000000003]
[null,"1902LC0UN2","DT-730(B)","Original Hard Copy Holder",45,20.25,0.54996100000000003]
[null,"1903T00US0","NK-7130","Numeric Keypad",132,59.405148000000011,0.54996099999999992]
[null,"1202H70UN0","Platen Cover Type E","Platen Cover",117,52.65,0.54996100000000003]
[null,"1503RK2USJ","Fax System 12","Fax Board",1155,519.79999999999995,0.54996100000000003]
[null,"1603MC0UN0","Internet FAX Kit (A)","Internet Fax Kit [requires Fax System 12 ]",300,135.01,0.54996100000000003]
[null,"1709AN0UN0","Keyboard Holder 10","Keyboard Tray Kit",113,73.45,0.35003635]
[null,"1203RP0UN0","Banner Guide 10","MPT Guide attachment to assist the feeding of banner paper",310,201.49,0.35003635]
[null,"1603P10UN0","Scan Extension Kit(A)","Searchable PDF Kit",600,389.98,0.35003635]
[null,"1603NT0UN0","UG-33","Upgrade Kit for Thin Print Support",140,90.99,0.35003635]
[null,"1603NX0UN0","UG-34","Optional Printer Emulation",560,363.98,0.35003635]
[null,"1505JV0UN0","IB-50","Gigabit EtherNet Board for Dual NIC",349,226.84,0.35003635]
[null,"1505J50UN0","IB-51","Wireless LAN NIC (Does not work with Netgard)",471,306.13,0.35003635]
[null,"855D200647","SDHC Card-16G","SD Card Memory for Storage, 16Gb",35,22.75,0.35003635]
[null,"855D200648","SDHC Card-32G","SD Card Memory for Storage, 32Gb",87.5,56.87,0.35003635]
[null,"855D200890","Surge Protector-MX (15A)","15 Amp Surge Protector",150,97.49,0.35003635]
[]
["A3","1102YT2US0","TASKalfa/CopyStar 4004i","40 PPM A3 B&W MFP (DATA SECURITY KIT included)",{"$f":"'[1]COPIERS-PRINTERS'!$F$317","v":10578},{"$f":"ROUND(E331*(1-G331),2)","v":2657.72},0.74875000000000003,{"$f":"I331*J331","v":0},0,6.7999999999999996E-3,5.612063492063492E-3]
[null,null,null,null,null,0,null,{"$f":"I332*J332","v":13.4},2000,6.7000000000000002E-3]
[null,null,null,null,null,0,null,26.4,4000,6.6E-3]
[null,null,null,null,null,0,null,36.6,6000,6.1000000000000004E-3]
[]
["A4","855ST00389","TASKalfa/CopyStar 5004i","50 PPM A3 B&W MFP (DATA SECURITY KIT included)",{"$f":"'[1]COPIERS-PRINTERS'!$F$325","v":11482},{"$f":"ROUND(E336*(1-G336),2)","v":2884.85},0.74875000000000003,{"$f":"I336*J336","v":0},0,6.4999999999999997E-3,5.0565079365079363E-3]
[null,null,null,null,null,0,null,{"$f":"I337*J337","v":16},2500,6.4000000000000003E-3]
[null,null,null,null,null,0,null,31,5000,6.1999999999999998E-3]
[null,null,null,null,null,0,null,44.25,7500,5.8999999999999999E-3]
[]
["A5","855ST00390","TASKalfa/CopyStar 6004i w/Pf7100","60 PPM A3 B&W MFP (DATA SECURITY KIT included)",{"$f":"'[1]COPIERS-PRINTERS'!$F$329","v":12763},{"$f":"ROUND(E341*(1-G341),2)","v":3574.27},0.71995068133238327,{"$f":"I341*J341","v":0},0,5.7999999999999996E-3,3.8342857142857141E-3]
[null,"1203V42US0","PF-7140","(1) Dual 500 Sheet Paper Trays included as per spec",null,0,null,{"$f":"I342*J342","v":22.8},4000,5.7000000000000002E-3]
[null,null,null,null,null,0,null,{"$f":"I343*J343","v":44.8},8000,5.5999999999999999E-3]
[null,null,null,null,null,0,null,{"$f":"I344*J344","v":62.4},12000,5.1999999999999998E-3]
[]
["A7","855ST00391","TASKalfa/CopyStar 7004i","70 PPM A3 B&W MFP (DATA SECURITY KIT included)",{"$f":"'[1]COPIERS-PRINTERS'!$F$333","v":15122},{"$f":"ROUND(E346*(1-G346),2)","v":3799.4},0.74875000000000003,{"$f":"I346*J346","v":0},0,5.7999999999999996E-3,3.8342857142857141E-3]
[null,null,null,null,null,0,null,{"$f":"I347*J347","v":22.8},4000,5.7000000000000002E-3]
[null,null,null,null,null,0,null,{"$f":"I348*J348","v":44.8},8000,5.5999999999999999E-3]
[null,null,null,null,null,0,null,{"$f":"I349*J349","v":62.4},12000,5.1999999999999998E-3]
[]
[null,"N/A","TASKalfa/CopyStar 2554ci (Color)","Color Copies",null,0,null,0,0,5.57E-2,6.6E-3]
["A2","1102YP2US0","TASKalfa/Copy Star 2554ci","25/25 PPM A3 Color MFP",{"$f":"'[2]Low Model - Final Approved'!$T$18","v":10829},{"$f":"ROUND(E352*(1-G352),2)","v":3047.28},0.71860000000000002,0,0,7.7999999999999996E-3]
[null,null,null,null,0,0,null,{"$f":"I353*J353","v":15.4},2000,7.7000000000000002E-3]
[null,null,null,null,0,0,null,{"$f":"I354*J354","v":30},4000,7.4999999999999997E-3]
[null,null,null,null,0,0,null,{"$f":"I355*J355","v":42},6000,7.0000000000000001E-3]
[]
[null,"N/A","TASKalfa/CopyStar 3554ci (Color)","Color Copies",null,0,null,0,0,4.7E-2,4.4999999999999997E-3]
["A3","855ST00386","TASKalfa/CopyStar 3554ci","35/35 PPM A3 Color MFP ",{"$f":"'[1]COPIERS-PRINTERS'!$F$433","v":12288},{"$f":"ROUND(E358*(1-G358),2)","v":3087.36},0.74875000000000003,0,0,5.7999999999999996E-3]
[null,null,null,null,0,0,null,{"$f":"J359*I359","v":14.25},2500,5.7000000000000002E-3]
[null,null,null,null,0,0,null,{"$f":"J360*I360","v":27.5},5000,5.4999999999999997E-3]
[null,null,null,null,0,0,null,39,7500,5.1999999999999998E-3]
[]
[null,"N/A","TASKalfa/CopyStar 4054ci (Color)","Color Copies",null,0,null,{"$f":"I363*J363","v":0},0,4.6800000000000001E-2,3.9944999999999998E-3]
["A3","1102YN2US0","TASKalfa/CopyStar 4054ci","40/40 PPM A3 Color MFP (DATA SECURITY KIT included)",{"$f":"'[1]COPIERS-PRINTERS'!$F$614","v":16610},{"$f":"ROUND(E364*(1-G364),2)","v":4173.26},0.74875000000000003,{"$f":"I364*J364","v":0},0,5.4000000000000003E-3]
[null,null,null,null,0,0,null,13.25,2500,5.3E-3]
[null,null,null,null,0,0,null,26,5000,5.1999999999999998E-3]
[null,null,null,null,0,0,null,36.75,7500,4.8999999999999998E-3]
[]
[null,"N/A","TASKalfa/CopyStar 5054ci (Color)","Color Copies",null,0,null,{"$f":"I369*J369","v":0},0,3.8699999999999998E-2,3.7008333333333329E-3]
["A4","855ST00387","TASKalfa/CopyStar 5054ci","50/50 PPM A3 Color MFP (DATA SECURITY KIT included)",{"$f":"'[1]COPIERS-PRINTERS'!$F$630","v":18224},{"$f":"ROUND(E370*(1-G370),2)","v":4578.78},0.74875000000000003,{"$f":"I370*J370","v":0},0,4.8999999999999998E-3]
[null,null,null,null,0,0,null,16.799999999999997,3500,4.7999999999999996E-3]
[null,null,null,null,0,0,null,32.9,7000,4.7000000000000002E-3]
[null,null,null,null,0,0,null,46.2,10500,4.4000000000000003E-3]
[]
[null,null,"TASKalfa/CopyStar 6054ci (Color)","Color Copies",null,0,null,{"$f":"I375*J375","v":0},0,3.8699999999999998E-2,3.325833333333333E-3]
["A5","855ST00388","TASKalfa/CopyStar 6054ci","60/60 PPM A3 Color MFP (DATA SECURITY KIT included)",{"$f":"'[1]COPIERS-PRINTERS'!$F$645","v":20730},{"$f":"ROUND(E376*(1-G376),2)","v":5805.42},0.71995068133238327,{"$f":"I376*J376","v":0},0,4.5999999999999999E-3]
[null,"1203V42US0","PF-7140","(1) Dual 500 Sheet Paper Trays included as per spec",null,0,null,{"$f":"I377*J377","v":18},4000,4.4999999999999997E-3]
[null,null,null,null,0,0,null,{"$f":"I378*J378","v":35.200000000000003},8000,4.4000000000000003E-3]
[null,null,null,null,0,0,null,{"$f":"I379*J379","v":50.4},12000,4.1999999999999997E-3]
[]
[null,null,"TASKalfa/CopyStar 7054ci (Color)","Color Copies",null,0,null,{"$f":"I381*J381","v":0},0,3.8699999999999998E-2,3.325833333333333E-3]
["A6","1102XC2US0","TASKalfa/CopyStar 7054ci","70/70 PPM A3 Color MFP  (DATA SECURITY KIT included)",{"$f":"'[1]COPIERS-PRINTERS'!$F$658","v":29753},{"$f":"ROUND(E382*(1-G382),2)","v":7475.44},0.74875000000000003,{"$f":"I382*J382","v":0},0,4.5999999999999999E-3]
[null,null,null,null,null,0,null,{"$f":"I383*J383","v":18},4000,4.4999999999999997E-3]
[null,null,null,null,0,0,null,{"$f":"I384*J384","v":35.200000000000003},8000,4.4000000000000003E-3]
[null,null,null,null,0,0,null,{"$f":"I385*J385","v":50.4},12000,4.1999999999999997E-3]
[null,null,"4004i / 5004i / 6004i TA-2554 / 3554 / 4054 / 5054 / 6054  Accessories"]
[null,"1203V26US0","DP-7140","50 Sheet Reversing Automatic Document Processor for ",{"$f":"VLOOKUP(B387,'[1]COPIERS-PRINTERS'!$B$665:$F$704,5,FALSE)","v":1231},{"$f":"ROUND(E387*(1-G387),2)","v":553.95000000000005},0.55000000000000004]
[null,"1203V36US0","DP-7150","140 Sheet Reversing Automatic Document Processor for 4004/5004/6004/7004/2554/3554/4054/5054/6054/7054",{"$f":"VLOOKUP(B388,'[1]COPIERS-PRINTERS'!$B$665:$F$704,5,FALSE)","v":1540},{"$f":"ROUND(E388*(1-G388),2)","v":693.06},0.54996099999999992]
[null,"1203TC6US0","DP-7160","320 Sheet Dual Scan Document Processor for 4004/5004/6004/7004/2554/3554/4054/5054/6054/7054",{"$f":"VLOOKUP(B389,'[1]COPIERS-PRINTERS'!$B$665:$F$704,5,FALSE)","v":2150},{"$f":"ROUND(E389*(1-G389),2)","v":967.58},0.54996099999999992]
[null,"1203TD6US0","DP-7170","320 Sheet Dual Scan Document Processor  with Multi-Feed + Ultra Sonic Sensor  3554ci / 2554ci",{"$f":"VLOOKUP(B390,'[1]COPIERS-PRINTERS'!$B$665:$F$704,5,FALSE)","v":2669},{"$f":"ROUND(E390*(1-G390),2)","v":1201.1500000000001},0.54996099999999992]
[null,"1203RD2US0","DF-7100","500 Sheet Internal Finisher 4004/5004/6004/7004/2554/3554/4054/5054/6054/7054",1396,628.25,0.54996100000000003]
[null,"1203RV2US0","DF-7120","1,000 Sheet Staple Finisher 4004/5004/6004/7004/2554/3554/4054/5054/6054/7054",1540,693.06,0.54996099999999992]
[null,"1203V82US0","DF-7140","4,000 Sheet Finisher (65 Sheet Staple) 4004/5004/6004/7004/2554/3554/4054/5054/6054/7054",{"$f":"VLOOKUP(B393,'[1]COPIERS-PRINTERS'!$B$665:$F$704,5,FALSE)","v":2710},{"$f":"ROUND(E393*(1-G393),2)","v":1219.6099999999999},0.54996099999999992]
[null,"1203V92US0","DF-7150","4,000 Sheet Finisher (100 Sheet Staple) 4004/5004/6004/7004/4054/5054/6054/7054",{"$f":"VLOOKUP(B394,'[1]COPIERS-PRINTERS'!$B$665:$F$704,5,FALSE)","v":4809},2164.2399999999998,0.54996099999999992]
[null,"1703SZ0UN0","AK-7110","Attachment Kit for DF-7120 / DF-7140 / DF-7150",160,72.010000000000005,0.54996100000000014]
[null,"1203V42US0","PF-7140","Dual 500 Sheet Paper Trays - Ledger  for 4004/5004/6004/7004/2554/3554/4054/5054/6054/7054",{"$f":"VLOOKUP(B396,'[1]COPIERS-PRINTERS'!$B$665:$F$704,5,FALSE)","v":1397},628.70000000000005,0.54996100000000014]
[null,"1203V52US0","PF-7150","Dual 1,500 Sheet Paper Trays - Letter  for 4004/5004/6004/7004/2554/3554/4054/5054/6054/7054",{"$f":"VLOOKUP(B397,'[1]COPIERS-PRINTERS'!$B$665:$F$704,5,FALSE)","v":1498},674.16,0.54996100000000003]
[null,"1203RL2US0","PF-7120","3,000 Sheet Side Large Capacity Tray - Letter ",1417,637.71,0.54996099999999992]
[null,"855D200886","Stand","Copier Cabinet Stand  for 4004/5004/6004/7004/2554/3554/4054/5054/6054/7054",{"$f":"VLOOKUP(B399,'[1]COPIERS-PRINTERS'!$B$665:$F$704,5,FALSE)","v":358},{"$f":"ROUND(E399*(1-G399),2)","v":161.11000000000001},0.54996099999999992]
[null,"855D200887","Stabilizer Kit","Copier Cabinet Stand  for 4004/5004/6004/7004/2554/3554/4054/5054/6054/7054",{"$f":"VLOOKUP(B400,'[1]COPIERS-PRINTERS'!$B$665:$F$704,5,FALSE)","v":115},51.75,0.54996099999999992]
[null,"1203NK2US0","PH-7A","Punch Unit for DF-7120/7140/7150",670,301.52999999999997,0.54996099999999992]
[null,"1203RF2US0","PH-7100","Punch Unit for DF-7100",670,301.52999999999997,0.54996099999999992]
[null,"1203ND0UN0","BF-730","Booklet & Tri Folding Unit for DF-7140",1500,675.06,0.54996100000000003]
[null,"1203TF2US0","IS-7100","Inserter Unit (for the 60/70 ppm systems only)",{"$f":"VLOOKUP(B404,'[1]COPIERS-PRINTERS'!$B$665:$F$704,5,FALSE)","v":4207},{"$f":"ROUND(E404*(1-G404),2)","v":1893.31},0.54996099999999992]
[null,"1205MR2US0","ZF-7100","Z-Fold Unit (for the 60/70 ppm systems only) ",{"$f":"VLOOKUP(B405,'[1]COPIERS-PRINTERS'!$B$665:$F$704,5,FALSE)","v":11155},{"$f":"ROUND(E405*(1-G405),2)","v":5020.1899999999996},0.54996099999999992]
[null,"1703V70UN0","AK-7120","Attachment Kit for the ZF-7100",{"$f":"VLOOKUP(B406,'[1]COPIERS-PRINTERS'!$B$665:$F$704,5,FALSE)","v":199},{"$f":"ROUND(E406*(1-G406),2)","v":89.56},0.54996100000000003]
[null,"1203SP6US0","BF-9100","Booklet & Tri Folding Unit for DF-7150",1705,767.31649499999992,0.54996100000000003]
[null,"1203N00UN1","MT-730(B)","7 Bin Mailbox for DF-7140",1000,450.04,0.54996100000000014]
[null,"1203RN0UN0","JS-7100","Job Separator",205,92.26,0.54996100000000003]
[null,"1203TB0UN0","JS-7110","Inner Shift Tray 4004/5004/6004/7004/2554/3554/4054/5054/6054/7054",{"$f":"VLOOKUP(B410,'[1]COPIERS-PRINTERS'!$B$665:$F$704,5,FALSE)","v":411},{"$f":"ROUND(E410*(1-G410),2)","v":184.97},0.54996100000000003]
[null,"1902LC0UN2","DT-730(B)","Original Hard Copy Holder",45,20.25,0.54996100000000003]
[null,"1903T00US0","NK-7130","Numeric Keypad",132,59.405148000000011,0.54996099999999992]
[null,"1202H70UN0","Platen Cover Type E","Platen Cover",117,52.65,0.54996100000000003]
[null,"1503RK2USJ","Fax System 12","Fax Board",1155,519.79999999999995,0.54996100000000003]
[null,"1603MC0UN0","Internet FAX Kit (A)","Internet Fax Kit [requires Fax System 12 ]",300,135.01,0.54996100000000003]
[null,"1709AN0UN0","Keyboard Holder 10","Keyboard Tray Kit",113,73.45,0.35003635]
[null,"1203RP0UN0","Banner Guide 10","MPT Guide attachment to assist the feeding of banner paper",310,201.49,0.35003635]
[null,"1603P10UN0","Scan Extension Kit(A)","Searchable PDF Kit",600,389.98,0.35003635]
[null,"1603NT0UN0","UG-33","Upgrade Kit for Thin Print Support",140,90.99,0.35003635]
[null,"1603NX0UN0","UG-34","Optional Printer Emulation",560,363.98,0.35003635]
[null,"1505JV0UN0","IB-50","Gigabit EtherNet Board for Dual NIC",349,226.84,0.35003635]
[null,"1505J50UN0","IB-51","Wireless LAN NIC (Does not work with Netgard)",471,306.13,0.35003635]
[null,"1503T80UN0","IB-37","Wireless LAN Interface (2.4GHz/5GHz multi-band)  for 4004/5004/6004/7004/2554/3554/4054/5054/6054/7054",{"$f":"VLOOKUP(B423,'[1]COPIERS-PRINTERS'!$B$665:$F$704,5,FALSE)","v":168},{"$f":"ROUND(E423*(1-G423),2)","v":109.19},0.35003635]
[null,"1603V60UN0","Data Security Kit 10","Data Security Kit 10 < May be required for HCD-PP / FIPS140-2 functionality  for 4004/5004/6004/7004/2554/3554/4054/5054/6054/7054",{"$f":"VLOOKUP(B424,'[1]COPIERS-PRINTERS'!$B$665:$F$704,5,FALSE)","v":374},{"$f":"ROUND(E424*(1-G424),2)","v":243.09},0.35003635]
[null,"1503T90UN0","HD-16","Large Capacity HDD (1TB)  for 4004/5004/6004/7004/2554/3554/4054/5054/6054/7054",{"$f":"VLOOKUP(B425,'[1]COPIERS-PRINTERS'!$B$665:$F$704,5,FALSE)","v":1525},{"$f":"ROUND(E425*(1-G425),2)","v":991.19},0.35003635]
[null,"855D200890","Surge Protector-MX (15A)","15 Amp Surge Protector",150,97.49,0.35003635]
[]
["A6","1102XW2US0","TASKalfa/CopyStar 7003i","70 PPM A3 B&W MFP",27120,6813.9,0.74875000000000003,0,0,5.1000000000000004E-3,4.0068253968253975E-3]
[null,null,null,null,null,0,null,39.984000000000002,8000,4.9979999999999998E-3]
[null,null,null,null,null,0,null,78.335999999999999,16000,4.8960000000000002E-3]
[null,null,null,null,null,0,null,110.16000000000001,24000,4.5900000000000003E-3]
[]
["A7","1102XV2US0","TASKalfa/CopyStar 8003i","80 PPM A3 B&W MFP",32280,8110.3499999999995,0.74875000000000003,0,0,4.7999999999999996E-3,3.6734920634920632E-3]
[null,null,null,null,null,0,null,54.095999999999997,11500,4.7039999999999998E-3]
[null,null,null,null,null,0,null,105.98399999999998,23000,4.6079999999999992E-3]
[null,null,null,null,null,0,null,149.04,34500,4.3200000000000001E-3]
[]
["A7","1102XT2US0","TASKalfa/CopyStar 9003i","90 PPM A3 B&W MFP",36360,9135.4499999999989,0.74875000000000003,0,0,4.7000000000000002E-3,3.5623809523809527E-3]
[null,null,null,null,null,0,null,69.09,15000,4.6059999999999999E-3]
[null,null,null,null,null,0,null,135.36000000000001,30000,4.5120000000000004E-3]
[null,null,null,null,null,0,null,190.35000000000002,45000,4.2300000000000003E-3]
[]
[null,"N/A","TASKalfa/CopyStar 7353ci (Color)","Color Copies",null,0,null,0,0,4.2500000000000003E-2,6.1102857142857139E-3]
["A6","1102XP2US0","TASKalfa/CopyStar 7353ci (B/W)","73/65 PPM A3 Color MFP",37371,9389.463749999999,0.74875000000000003,0,0,6.7999999999999996E-3]
[null,null,null,null,0,0,null,36.652000000000001,5500,6.6639999999999998E-3]
[null,null,null,null,null,0,null,71.807999999999993,11000,6.5279999999999991E-3]
[null,null,null,null,0,0,null,100.97999999999999,16500,6.1199999999999996E-3]
[]
[null,"N/A","TASKalfa/CopyStar 8353ci (Color)","Color Copies",null,0,null,0,0,4.2500000000000003E-2,5.9102857142857151E-3]
["A7","1102XN2US0","TASKalfa/CopyStar 8353ci (B/W)","83/70 PPM A3 Color MFP",44717,11235.146249999998,0.74875000000000003,0,0,6.6E-3]
[null,null,null,null,0,0,null,58.211999999999996,9000,6.4679999999999998E-3]
[null,null,null,null,0,0,null,114.04799999999999,18000,6.3359999999999996E-3]
[null,null,null,null,0,0,null,160.38,27000,5.94E-3]
[null,null,"7003i / 8003i / 9003i TA-7353ci / 8353ci  Accessories"]
[null,"1203RW2US0","DF-7110","4,000 Sheet Staple Finisher",2500,1125.0999999999999,0.54996099999999992]
[null,"1203SW2US0","DF-7130","4,000 Sheet Finisher (100 Sheet Staple)",4242,1909.0654380000003,0.54996099999999992]
[null,"1203NJ7US1","PF-730(B)","Dual 500 Sheet Paper Trays.      (Requires PF-7130 for installation.)",1287,579.20000000000005,0.54996100000000014]
[null,"1203NF7US1","PF-740(B)","Dual 1,500 Sheet Paper Trays.   (Requires PF-7130 for installation.)",1380,621.04999999999995,0.54996100000000003]
[null,"1203RL2US0","PF-7120","3,000 Sheet Side Large Capacity Tray - Letter ",1417,637.71,0.54996099999999992]
[null,"1203S02US0","PF-7130","500 Sheet Side Multi-Media Tray (Requires PF-730(B) or PF-740(B)",834,375.33,0.54996100000000003]
[null,"1203NK2US0","PH-7A","Punch Unit for DF-7120/7110",670,301.52999999999997,0.54996099999999992]
[null,"1203ND0UN0","BF-730","Booklet and Tri Folding Unit for DF-7110",1500,675.06,0.54996100000000003]
[null,"1203N00UN1","MT-730(B)","7 Bin Mailbox for DF-7110",1000,450.04,0.54996100000000014]
[null,"1902LF0UN1","Copy Tray (D)","Copy Tray",45,20.25,0.54996100000000003]
[null,"1902LC0UN2","DT-730(B)","Original Hard Copy Holder",45,20.25,0.54996100000000003]
[null,"1903T00US0","NK-7130","Numeric Keypad",132,59.405148000000011,0.54996099999999992]
[null,"1503RK2USJ","Fax System 12","Fax Board",1155,519.79999999999995,0.54996100000000003]
[null,"1603MC0UN0","Internet FAX Kit (A)","Internet Fax Kit [requires Fax System 12 ]",300,135.01,0.54996100000000003]
[null,"1603MS0UN0","Data Security (E)","Data Security (Common Criteria/NIAP certified HARD DRIVE ENCRYPTION/OVERWRITE KIT)",580,376.98,0.35003635]
[null,"1709AN0UN0","Keyboard Holder 10","Keyboard Tray Kit",113,73.45,0.35003635]
[null,"1203RP0UN0","Banner Guide 10","MPT Guide attachment to assist the feeding of banner paper",310,201.49,0.35003635]
[null,"1603NT0UN0","UG-33","Upgrade Kit for Thin Print Support",140,90.99,0.35003635]
[null,"1603NX0UN0","UG-34","Optional Printer Emulation",560,363.98,0.35003635]
[null,"1505JV0UN0","IB-50","Gigabit EtherNet Board for Dual NIC",349,226.84,0.35003635]
[null,"1505J50UN0","IB-51","Wireless LAN NIC (Does not work with Netgard)",471,306.13,0.35003635]
[null,"855D200891","Surge Protector-MX (20A)","20 Amp Surge Protector",175,113.74,0.35003635]
[]
["D3","1102RY2US0","ECOSYS P2040dw","42 ppm A4 Monochrome PrinterWith STD Wireless capability",654,230.04,0.64824999999999999,0,0,1.7399999999999999E-2,9.1481481481481466E-3]
[null,null,null,null,null,0,null,11.083799999999998,650,1.7051999999999998E-2]
[null,null,null,null,null,0,null,21.715199999999996,1300,1.6703999999999997E-2]
[null,null,null,null,null,0,null,30.536999999999999,1950,1.566E-2]
[null,null,"P2040dw Accessories","Accessories"]
[null,"1203RA0UN0","PF-1100","250 Sheet Paper Drawer (Max 2 units)",130,65,0.50001249999999997]
[null,"855D200756","Copier Stand","Stand for P2040dw/P2235dw",251,125.5,0.50001249999999997]
[null,"1603NT0UN0","UG-33","Upgrade Kit for Thin Print Support",140,90.99,0.35003635]
[null,"855D200647","SDHC Card-16G","SD Card Memory for Storage, 16Gb",35,22.75,0.35003635]
[null,"855D200648","SDHC Card-32G","SD Card Memory for Storage, 32Gb",87.5,56.87,0.35003635]
[null,"855D200890","Surge Protector-MX (15A)","15 Amp Surge Protector",150,97.49,0.35003635]
[]
["D3","1102TT2US0","ECOSYS P3145dn","47 ppm A4 Monochrome Printer",1459,513.20325000000003,0.64824999999999999,0,0,1.0500000000000001E-2,6.3866666666666672E-3]
[null,null,null,null,null,0,null,6.6885000000000003,650,1.0290000000000001E-2]
[null,null,null,null,null,0,null,13.104000000000001,1300,1.008E-2]
[null,null,null,null,null,0,null,18.427499999999998,1950,9.4500000000000001E-3]
[]
["D3","1102TS2US0","ECOSYS P3150dn","52 ppm A4 Monochrome Printer",1653,581.44275000000005,0.64824999999999999,0,0,7.7999999999999996E-3,4.3469534050179209E-3]
[null,null,null,null,null,0,null,12.6126,1650,7.6439999999999998E-3]
[null,null,null,null,null,0,null,24.710399999999996,3300,7.487999999999999E-3]
[null,null,null,null,null,0,null,34.749000000000002,4950,7.0200000000000002E-3]
[]
["D3","1102TR2US0","ECOSYS P3155dn","57 ppm A4 Monochrome Printer",1910,671.84249999999997,0.64824999999999999,0,0,5.8999999999999999E-3,3.1957671957671958E-3]
[null,null,null,null,null,0,null,9.5403000000000002,1650,5.7819999999999998E-3]
[null,null,null,null,null,0,null,18.691199999999998,3300,5.6639999999999998E-3]
[null,null,null,null,null,0,null,26.284499999999998,4950,5.3099999999999996E-3]
[]
["D4","1102WD2US0","ECOSYS P3260dn","62 ppm A4 Monochrome Printer",2838,998.26650000000006,0.64824999999999999,0,0,5.4999999999999997E-3,3.0666666666666663E-3]
[null,null,null,null,null,0,null,13.475,2500,5.3899999999999998E-3]
[null,null,null,null,null,0,null,26.399999999999995,5000,5.2799999999999991E-3]
[null,null,null,null,null,0,null,37.125,7500,4.9499999999999995E-3]
[null,null,"P3045/3050/3055/3060dn Accessories","Accessories"]
[null,"1203SA0KL1","PF-3110","500 Sheet Optional Paper Feed Cassette",269,134.49663750000002,0.50001249999999997]
[null,"1203S30KL0","PF-3100","2,000 Sheets large capacity paper Drawer",864,431.99,0.50001249999999997]
[null,"1203N70UN0","PT-320","Face up rear output tray (250 sheets) for P3060dn/P3055dn/P3050dn",39,19.5,0.50001249999999986]
[null,"1903N10UN0","PB-325","Base unit with PF-3100",219,109.5,0.50001249999999997]
[null,"855D200655","Stand","Copier Stand",332,166,0.50001249999999997]
[null,"1503N50UN1","IB-32B","IEEE 1284 Compliant NIC",89,57.85,0.35003635]
[null,"1503S50UN0","IB-36","Wireless LAN NIC (Approx. 98 ft Range & Wi-Fi Direct)",99,64.349999999999994,0.35003635000000011]
[null,"1505JV0UN0","IB-50","Gigabit Ethernet Board for Dual NIC",349,226.84,0.35003635]
[null,"1505J50UN0","IB-51","Wireless LAN NIC",471,306.13,0.35003635]
[null,"1505J40UN0","HD-6","SSD Memory Storage Device",336,218.39,0.35003635]
[null,"1505J80UN0","HD-7","SSD Memory Device (128 GB)",480,311.98,0.35003635]
[null,"1603MS0UN0","Data Security Kit (E)","Hard Drive Encryption/Overwrite Kit",580,376.98,0.35003635]
[null,"855D200662","SD-144-1GB(DDR3)","Printer Memory (1GB)",159,103.34,0.35003635]
[null,"855D200714","SD-144-2GB(DDR3)","Printer Memory (2GB)",219.99,142.99,0.35003635]
[null,"1603NT0UN0","UG-33","Upgrade Kit for Thin Print Support",140,90.99,0.35003635]
[null,"855D200647","SDHC Card-16G","SD Card Memory for Storage, 16Gb",35,22.75,0.35003635]
[null,"855D200648","SDHC Card-32G","SD Card Memory for Storage, 32Gb",87.5,56.87,0.35003635]
[null,"855D200653","PCL Barcode Flash 3.0 (Type D)","Barcode Flash",379,246.34,0.35003635]
[null,"855D200890","Surge Protector-MX (15A)","15 Amp Surge Protector",150,97.49,0.35003635]
[]
[null,null,"ECOSYS P5021cdw ",null,null,0,null,null,null,0.192,6.6111111111111075E-3]
["D2","1102RD2US0","ECOSYS P5021cdw ","22/22 ppm A4 Color Printer With STD Wireless capability",598,270.45,0.54774999999999996,0,0,3.9699999999999999E-2]
[null,null,null,null,null,0,null,52.523099999999992,1350,3.8905999999999996E-2]
[null,null,null,null,null,0,null,102.9024,2700,3.8112E-2]
[null,null,null,null,null,0,null,144.70650000000001,4050,3.5729999999999998E-2]
[]
[null,null,"ECOSYS P5026cdw ",null,null,0,null,null,null,0.13109999999999999,1.1041666666666667E-2]
["D2","1102RB2US0","ECOSYS P5026cdw ","27/27 ppm A4 Color Printer With STD Wireless capability",959,433.71,0.54774999999999996,0,0,2.4E-2]
[null,null,null,null,null,0,null,31.751999999999999,1350,2.3519999999999999E-2]
[null,null,null,null,null,0,null,62.207999999999991,2700,2.3039999999999998E-2]
[null,null,null,null,null,0,null,87.48,4050,2.1600000000000001E-2]
[null,null,"P5021/5026 Accessories","Accessories"]
[null,"1203R60UN0","PF-5110","250 Sheet Paper Drawer (Max 1 unit)",130,65,0.50001249999999997]
[null,"855D200647","SDHC Card-16G","SD Card Memory for Storage, 16Gb",35,22.75,0.35003635]
[null,"855D200648","SDHC Card-32G","SD Card Memory for Storage, 32Gb",87.5,56.87,0.35003635]
[null,"1603NT0UN0","UG-33","Upgrade Kit for Thin Print Support",140,90.99,0.35003635]
[]
[null,"N/A","ECOSYS P6230cdn(Color)","Color Copies",null,0,null,0,0,7.4999999999999997E-2,8.9986111111111117E-3]
["D2","1102TV2US1","ECOSYS P6230cdn","32 ppm A4 Color Printer\n(Initial Toner : 3.5k for Black, 2.5k for Color)",1569,709.58,0.54774999999999996,0,0,1.7000000000000001E-2]
[null,null,null,null,null,0,null,20.825000000000003,1250,1.6660000000000001E-2]
[null,null,null,null,null,0,null,40.800000000000004,2500,1.6320000000000001E-2]
[null,null,null,null,null,0,null,57.375000000000007,3750,1.5300000000000001E-2]
[]
[null,"N/A","ECOSYS P6235cdn (Color)","Color Copies",null,0,null,0,0,0.06,6.0897435897435907E-3]
["D2","1102TW2US1","ECOSYS P6235cdn","37 ppm A4 Color Printer\n(Initial Toner : 6k for Black, 5k for Color)",1983,896.81,0.54774999999999996,0,0,1.1900000000000001E-2]
[null,null,null,null,null,0,null,29.155000000000001,2500,1.1662E-2]
[null,null,null,null,null,0,null,57.12,5000,1.1424E-2]
[null,null,null,null,null,0,null,80.325000000000003,7500,1.0710000000000001E-2]
[]
["D3","N/A","ECOSYS P7240cdn (Color)","Color Copies",null,0,null,0,0,5.5E-2,5.2673202614379093E-3]
[null,"1102TX2US1","ECOSYS P7240cdn","42 ppm A4 Color Printer\n(Initial Toner : 8k for Black, 6k for Color)",2593,912.09,0.64824999999999999,0,0,0.01]
[null,null,null,null,null,0,null,24.5,2500,9.7999999999999997E-3]
[null,null,null,null,null,0,null,47.999999999999993,5000,9.5999999999999992E-3]
[null,null,null,null,null,0,null,67.500000000000014,7500,9.0000000000000011E-3]
[null,null,"P6230/P6235/P7240 Accessories","Accessories"]
[null,"1203PK0KL1","PF-5100","500 Sheet Paper Drawer, Multi Purpose Paper Feeder",399,199.5,0.50001249999999997]
[null,"855D200713","Stand","Stand",259,129.5,0.50001249999999997]
[null,"1505JV0UN0","IB-50","Gigabit Ethernet Board for Dual NIC",349,226.84,0.35003635]
[null,"1505J50UN0","IB-51","Wireless LAN NIC",471,306.13,0.35003635]
[null,"1503S50UN0","IB-36","Wireless LAN NIC\n(Approx. 98 ft Range & Wi-Fi Direct)",99,64.349999999999994,0.35003635000000011]
[null,"1505J40UN0","HD-6","SSD Memory Device (32 GB)",336,218.39,0.35003635]
[null,"1505J80UN0","HD-7","SSD Memory Device (128 GB)",480,311.98,0.35003635]
[null,"855D200647","SDHC Card-16G","SD Card Memory for Storage, 16Gb",35,22.75,0.35003635]
[null,"855D200648","SDHC Card-32G","SD Card Memory for Storage, 32Gb",87.5,56.87,0.35003635]
[null,"1603MS0UN0","Data Security Kit (E)","Hard Drive Encryption/Overwrite Kit",580,376.98,0.35003635]
[null,"855D200662","SD-144-1GB(DDR3)","Printer Memory (1GB)",159,103.34,0.35003635]
[null,"855D200714","SD-144-2GB(DDR3)","Printer Memory (2GB)",219.99,142.99,0.35003635]
[null,"1603NT0UN0","UG-33","Upgrade Kit for Thin Print Support",140,90.99,0.35003635]
[null,"855D200890","Surge Protector-MX (15A)","15 Amp Surge Protector",150,97.49,0.35003635]

{"sheet":" SOFTWARE PRICE LIST","index":2,"n_rows":309,"n_cols":7,"rows_kept":309,"cut":false,"hidden":false,"merged":[]}
[null,"KYOCERA Business Solutions America, Inc."]
["PRODUCT PART NUMBER/SKU ","PRODUCT ","PRODUCT DESCRIPTION ","MSRP","NASPO ValuePoint DISCOUNT% OFF MSRP","NASPO ValuePoint CUSTOMER PRICE ","Current Software"]
[null,"Software Note:\nSome software may require a Statement of Work in order to determine the type and number of user and device licenses and the professional services hours need to install the software.   "]
["855CS00017","Professional Services","Installation Professional Services",150,0,150,{"$f":"VLOOKUP(A4,[3]Software!$A$11:$G$109,7,FALSE)","v":{"$error":"#N/A"}}]
["1HZ0000530","AccuSender Fax","AccuSender Fax is a business application that enables users to send scanned documents as faxes directly from your KYOCERA MFP. Through integration with most popular fax servers on the market, users simply scan a hardcopy document or select one from stored archives, configure it as an attachment to an e-mail message, and use the recipient’s fax number as the e-mail address. The fax server translates the attachment, which is then processed as an incoming fax by the recipient’s fax machine.",199,0,199,{"$f":"VLOOKUP(A5,[3]Software!$A$11:$G$109,7,FALSE)","v":{"$error":"#N/A"}}]
["1HZ0000950","PinPoint Scan 3","With Kyocera’s PinPoint Scan application, scanning to your PC or MAC from your network connected MFPs becomes as easy as scanning from a desktop scanner but with the added speed, security and versatility Kyocera MFPs provide.  With one easy-to-install application, your employees will have their own personalized scanning solution designed to fit \ntheir unique workflow needs. Personalized scanning destinations can be easily created and managed without the need for IT intervention. These destinations then become simple \none-touch buttons on the MFP control panel. When employees want to scan a document, all they have to do is access the PinPoint Scan 3 application on the KYOCERA MFP, enter their pin code, select a destination, and they’re ready to go! \n",319,0,319,{"$f":"VLOOKUP(A6,[3]Software!$A$11:$G$109,7,FALSE)","v":{"$error":"#N/A"}}]
["855ST00254","Card Authentication Kit(B) TWN4 MultiTech-P DT-U45-b","Card Authentication Kit(B) with TWN4 MultiTech-P DT-U45-b, Handles over 60 different technologies including the HID i-Class card's UID. Includes NFC(Near field communications).",300,0,300,{"$f":"VLOOKUP(A7,[3]Software!$A$11:$G$109,7,FALSE)","v":{"$error":"#N/A"}}]
["855ST00255","Card Authentication Kit(B) TWN4 MultiTech-PI DT-U45-b","Card Authentication Kit(B) with TWN4 MultiTech- PI DT-U45-b, Includes all that the TWN4-P reader does, but has the added ability to read the PAC(Physical Access Code) of a HID i-Class card.",343,0,343,{"$f":"VLOOKUP(A8,[3]Software!$A$11:$G$109,7,FALSE)","v":{"$error":"#N/A"}}]
["855ST00257","Card Authentication Kit(B) TWN4 MultiTech LEGIC 42 DT-U20-b","Card Authentication Kit (B) with TWN4 MultiTech LEGIC 42 DT-U20-b, Supports (Legic only) 40 card types- can be configured.",304,0,304,{"$f":"VLOOKUP(A9,[3]Software!$A$11:$G$109,7,FALSE)","v":{"$error":"#N/A"}}]
["855ST00258","Card Authentication Kit(B) TWN4 MultiTech LEGIC 42-P DT-U20-b","Card Authentication Kit (B) with TWN4 MultiTech LEGIC 42-P DT-U20-b, Includes all that the TWN4 LEGIC 42 does, but has 10 additional technologies.",350,0,350,{"$f":"VLOOKUP(A10,[3]Software!$A$11:$G$109,7,FALSE)","v":{"$error":"#N/A"}}]
["855D300903","TCPCov 2 Kit US (Net2USB V2)","Allows for card based authentication, and print release on legacy MFP's and printers that do not support USB card readers. They may be single function printers, and  have no way of authenticating or no USB ports",207,0,207,{"$f":"VLOOKUP(A11,[3]Software!$A$11:$G$109,7,FALSE)","v":{"$error":"#N/A"}}]
["1HZ0000640","Google Connector","Kyocera’s Google Connector is a business application that enables end users to access their Gmail and Google Calendars. Users have the ability to view and print their e-mails as well as print and send attachments. Kyocera’s Google Connector also enables a user to print out monthly calendars including events.",100,0,100,{"$f":"VLOOKUP(A12,[3]Software!$A$11:$G$109,7,FALSE)","v":{"$error":"#N/A"}}]
["1HZ0000660","DMConnect","DMConnect\nDMConnect is a cost effective document capture and distribution application that streamlines processes throughout the document life cycle.",776,0,776,{"$f":"VLOOKUP(A13,[3]Software!$A$11:$G$109,7,FALSE)","v":{"$error":"#N/A"}}]
["1HZ0000670","DMConnect\npowered by OmniPage OCR","DMConnect includes Nuance OmniPage OCR software\nDMConnect is a cost effective document capture and distribution application that streamlines processes throughout the document life cycle.",1219,0,1219,{"$f":"VLOOKUP(A14,[3]Software!$A$11:$G$109,7,FALSE)","v":{"$error":"#N/A"}}]
["855D300226","CentraQ Single License","CentraQ allows users to send a file to a designated print queue then access and print that job from any supported Kyocera device in the network—right from it’s touchscreen (Single License)",277,0,277]
["855D300227","CentraQ\n4-Pack License","CentraQ allows users to send a file to a designated print queue then access and print that job from any supported Kyocera device in the network—right from it’s touchscreen.\n(4-Pack License).",1105,0,1105]
["855D300228","CentraQ\n10-Pack License","CentraQ allows users to send a file to a designated print queue then access and print that job from any supported Kyocera device in the network—right from it’s touchscreen.\n(10-Pack License).",2722,0,2722]
["855D300229","CentraQ Pro Single License","CentraQ Pro contains all features of CentraQ plus tracking and reporting the output of all KYOCERA MFPs and Printers that are integrated with the application. (Single License).",362,0,362]
["855D300230","CentraQ Pro 4-Pack License","CentraQ Pro contains all features of CentraQ plus tracking and reporting the output of all KYOCERA MFPs and Printers that are integrated with the application.\n(4-Pack License).",1451,0,1451]
["855D300231","CentraQ Pro 10-Pack License","CentraQ Pro contains all features of CentraQ plus tracking and reporting the output of all KYOCERA MFPs and Printers that are integrated with the application.\n(10-Pack License).",3626,0,3626]
["855D300232","CentraQ Pro 40-Pack License","CentraQ Pro contains all features of CentraQ plus tracking and reporting the output of all KYOCERA MFPs and Printers that are integrated with the application.\n(40-Pack License).",14506,0,14506]
["855D200614","Teaching Assistant","Business application fopr automated printing and grading of bubble sheet tests",899,0,899,{"$f":"VLOOKUP(A22,[3]Software!$A$11:$G$109,7,FALSE)","v":{"$error":"#N/A"}}]
["1503RM0KL0","Printing System 15****","EFI Fiery Controller for the  3253ci/",6220,0,6220]
["1503RY0KL0","Printing System Interface Kit 15","Interface Kit for Printing System 15 + 16+17 (Includes Mounting Kit and Circuit Board)",750,0,750]
["1503RX0KL0","Printing System 16****","EFI Fiery Controller for the 7052/8052ci",9890,0,9890]
["855D200735","1 Year EFI Color Profiller Kit Support","CPS SUPPORT AND MAINTENANCE CONTRACT",400,0,400]
["855D200739","EFI Hot Folder & Virtual Printer (For printing System (16) )","EFI Hot Folder & Virtual Printer",995,0,995]
["855D200741","Automate job processes\nto achieve maximum productivity & the right color","EFI Prpductivity package",5300,0,5300]
["855D200743","EFI Seequence Suite [Impose+Compose] (For printing System (16) )","EFI Seequence Suite [Impose+Compose]",3000,0,3000]
["1609AK0UN3","KNMP   1 device  Server license","Server license   for   1 device",112,0,112,{"$f":"VLOOKUP(A30,[3]Software!$A$11:$G$109,7,FALSE)","v":{"$error":"#N/A"}}]
["1609AK0UN8","KNMP   1 device   SW MNT","Server license Maintenance for   1 device",22,0,22,{"$f":"VLOOKUP(A31,[3]Software!$A$11:$G$109,7,FALSE)","v":{"$error":"#N/A"}}]
["1609AK0UNE","KNMP E-Terminal Lite   1 pc   license","Device license",216,0,216,{"$f":"VLOOKUP(A32,[3]Software!$A$11:$G$109,7,FALSE)","v":{"$error":"#N/A"}}]
["1609AK0UNH","KNMP E-Terminal 1 pc     license","Device license     for     1 HyPAS device",424,0,424,{"$f":"VLOOKUP(A33,[3]Software!$A$11:$G$109,7,FALSE)","v":{"$error":"#N/A"}}]
["1609AK0UNN","KNMP E-Terminal/Lite   1 pc SW MNT","Device license   Maintenance for      1 device",47,0,47,{"$f":"VLOOKUP(A34,[3]Software!$A$11:$G$109,7,FALSE)","v":{"$error":"#N/A"}}]
["855D300923","Enterprise Edition","MyQ Enterprise License (1-9 pcs)",380,0,{"$f":"D35","v":380},{"$f":"VLOOKUP(A35,[3]Software!$A$11:$G$109,7,FALSE)","v":{"$error":"#N/A"}}]
["855D300924","Enterprise Edition","MyQ Enterprise License (10-39 pcs)",345,0,{"$f":"D36","v":345},{"$f":"VLOOKUP(A36,[3]Software!$A$11:$G$109,7,FALSE)","v":{"$error":"#N/A"}}]
["855D300925","Enterprise Edition","MyQ Enterprise License (40-99 pcs)",288,0,288,{"$f":"VLOOKUP(A37,[3]Software!$A$11:$G$109,7,FALSE)","v":{"$error":"#N/A"}}]
["855D300926","Enterprise Edition","MyQ Enterprise License (100+ pcs)",230,0,230,{"$f":"VLOOKUP(A38,[3]Software!$A$11:$G$109,7,FALSE)","v":{"$error":"#N/A"}}]
["855D300939","Ultimate Edition","MyQ Ultimate License (1-9 pcs) ",760,0,760,{"$f":"VLOOKUP(A39,[3]Software!$A$11:$G$109,7,FALSE)","v":{"$error":"#N/A"}}]
["855D300940","Ultimate Edition","MyQ Ultimate License (10-39 pcs)",690,0,690,{"$f":"VLOOKUP(A40,[3]Software!$A$11:$G$109,7,FALSE)","v":{"$error":"#N/A"}}]
["855D300941","Ultimate Edition","MyQ Ultimate License (40-99 pcs) ",576,0,576,{"$f":"VLOOKUP(A41,[3]Software!$A$11:$G$109,7,FALSE)","v":{"$error":"#N/A"}}]
["855D300942","Ultimate Edition","MyQ Ultimate License (100+ pcs) ",460,0,460,{"$f":"VLOOKUP(A42,[3]Software!$A$11:$G$109,7,FALSE)","v":{"$error":"#N/A"}}]
["855D301406","Ultimate Extra","Hotfolder, FTP, & Email Capture License",1840,0,1840,{"$f":"VLOOKUP(A43,[3]Software!$A$11:$G$109,7,FALSE)","v":{"$error":"#N/A"}}]
["855D301413","Ultimate Extra","Additional Document Processor License ",368,0,368,{"$f":"VLOOKUP(A44,[3]Software!$A$11:$G$109,7,FALSE)","v":{"$error":"#N/A"}}]
["855D300927","Enterprise Edition SA","Enterprise Assurance 1Y (1-9 pcs)",76,0,76,{"$f":"VLOOKUP(A45,[3]Software!$A$11:$G$109,7,FALSE)","v":{"$error":"#N/A"}}]
["855D300928","Enterprise Edition SA","Enterprise Assurance 1Y (10-39 pcs)",69,0,69,{"$f":"VLOOKUP(A46,[3]Software!$A$11:$G$109,7,FALSE)","v":{"$error":"#N/A"}}]
["855D300929","Enterprise Edition SA","Enterprise Assurance 1Y (40-99 pcs)",58,0,58,{"$f":"VLOOKUP(A47,[3]Software!$A$11:$G$109,7,FALSE)","v":{"$error":"#N/A"}}]
["855D300930","Enterprise Edition SA","Enterprise Assurance 1Y (100+ pcs)",46,0,46,{"$f":"VLOOKUP(A48,[3]Software!$A$11:$G$109,7,FALSE)","v":{"$error":"#N/A"}}]
["855D301390","Enterprise Edition SA","Enterprise Assurance 2Y (1-9 pcs)",152,0,152,{"$f":"VLOOKUP(A49,[3]Software!$A$11:$G$109,7,FALSE)","v":{"$error":"#N/A"}}]
["855D301391","Enterprise Edition SA","Enterprise Assurance 2Y (10-39 pcs)",138,0,138,{"$f":"VLOOKUP(A50,[3]Software!$A$11:$G$109,7,FALSE)","v":{"$error":"#N/A"}}]
["855D301392","Enterprise Edition SA","Enterprise Assurance 2Y (40-99 pcs)",115.2,0,115.2,{"$f":"VLOOKUP(A51,[3]Software!$A$11:$G$109,7,FALSE)","v":{"$error":"#N/A"}}]
["855D301393","Enterprise Edition SA","Enterprise Assurance 2Y (100+ pcs)",92,0,92,{"$f":"VLOOKUP(A52,[3]Software!$A$11:$G$109,7,FALSE)","v":{"$error":"#N/A"}}]
["855D300931","Enterprise Edition SA","Enterprise Assurance 3Y (1-9 pcs)",172,0,172,{"$f":"VLOOKUP(A53,[3]Software!$A$11:$G$109,7,FALSE)","v":{"$error":"#N/A"}}]
["855D300932","Enterprise Edition SA","Enterprise Assurance 3Y (10-39 pcs)",156,0,156,{"$f":"VLOOKUP(A54,[3]Software!$A$11:$G$109,7,FALSE)","v":{"$error":"#N/A"}}]
["855D300933","Enterprise Edition SA","Enterprise Assurance 3Y (40-99 pcs)",130,0,130,{"$f":"VLOOKUP(A55,[3]Software!$A$11:$G$109,7,FALSE)","v":{"$error":"#N/A"}}]
["855D300934","Enterprise Edition SA","Enterprise Assurance 3Y (100+ pcs)",104,0,104,{"$f":"VLOOKUP(A56,[3]Software!$A$11:$G$109,7,FALSE)","v":{"$error":"#N/A"}}]
["855D301394","Enterprise Edition SA","Enterprise Assurance 4Y (1-9 pcs)",228,0,228,{"$f":"VLOOKUP(A57,[3]Software!$A$11:$G$109,7,FALSE)","v":{"$error":"#N/A"}}]
["855D301395","Enterprise Edition SA","Enterprise Assurance 4Y (10-39 pcs)",207,0,207,{"$f":"VLOOKUP(A58,[3]Software!$A$11:$G$109,7,FALSE)","v":{"$error":"#N/A"}}]
["855D301396","Enterprise Edition SA","Enterprise Assurance 4Y (40-99 pcs)",172.8,0,172.8,{"$f":"VLOOKUP(A59,[3]Software!$A$11:$G$109,7,FALSE)","v":{"$error":"#N/A"}}]
["855D301397","Enterprise Edition SA","Enterprise Assurance 4Y (100+ pcs)",138,0,138,{"$f":"VLOOKUP(A60,[3]Software!$A$11:$G$109,7,FALSE)","v":{"$error":"#N/A"}}]
["855D300935","Enterprise Edition SA","Enterprise Assurance 5Y (1-9 pcs)",286,0,286,{"$f":"VLOOKUP(A61,[3]Software!$A$11:$G$109,7,FALSE)","v":{"$error":"#N/A"}}]
["855D300936","Enterprise Edition SA","Enterprise Assurance 5Y (10-39 pcs)",259,0,259,{"$f":"VLOOKUP(A62,[3]Software!$A$11:$G$109,7,FALSE)","v":{"$error":"#N/A"}}]
["855D300937","Enterprise Edition SA","Enterprise Assurance 5Y (40-99 pcs)",217,0,217,{"$f":"VLOOKUP(A63,[3]Software!$A$11:$G$109,7,FALSE)","v":{"$error":"#N/A"}}]
["855D300938","Enterprise Edition SA","Enterprise Assurance 5Y (100+ pcs)",173,0,173,{"$f":"VLOOKUP(A64,[3]Software!$A$11:$G$109,7,FALSE)","v":{"$error":"#N/A"}}]
["855D300943","Ultimate Edition SA","Ultimate Assurance 1Y (1-9 pcs)",152,0,152,{"$f":"VLOOKUP(A65,[3]Software!$A$11:$G$109,7,FALSE)","v":{"$error":"#N/A"}}]
["855D300944","Ultimate Edition SA","Ultimate Assurance 1Y (10-39 pcs)",138,0,138,{"$f":"VLOOKUP(A66,[3]Software!$A$11:$G$109,7,FALSE)","v":{"$error":"#N/A"}}]
["855D300945","Ultimate Edition SA","Ultimate Assurance 1Y (40-99 pcs)",116,0,116,{"$f":"VLOOKUP(A67,[3]Software!$A$11:$G$109,7,FALSE)","v":{"$error":"#N/A"}}]
["855D300946","Ultimate Edition SA","Ultimate Assurance 1Y (100+ pcs)",92,0,92,{"$f":"VLOOKUP(A68,[3]Software!$A$11:$G$109,7,FALSE)","v":{"$error":"#N/A"}}]
["855D301398","Ultimate Edition SA","Ultimate Assurance 2Y (1-9 pcs)",304,0,304,{"$f":"VLOOKUP(A69,[3]Software!$A$11:$G$109,7,FALSE)","v":{"$error":"#N/A"}}]
["855D301399","Ultimate Edition SA","Ultimate Assurance 2Y (10-39 pcs)",276,0,276,{"$f":"VLOOKUP(A70,[3]Software!$A$11:$G$109,7,FALSE)","v":{"$error":"#N/A"}}]
["855D301400","Ultimate Edition SA","Ultimate Assurance 2Y (40-99 pcs)",232,0,232,{"$f":"VLOOKUP(A71,[3]Software!$A$11:$G$109,7,FALSE)","v":{"$error":"#N/A"}}]
["855D301401","Ultimate Edition SA","Ultimate Assurance 2Y (100+ pcs)",184,0,184,{"$f":"VLOOKUP(A72,[3]Software!$A$11:$G$109,7,FALSE)","v":{"$error":"#N/A"}}]
["855D300947","Ultimate Edition SA","Ultimate Assurance 3Y (1-9 pcs)",344,0,344,{"$f":"VLOOKUP(A73,[3]Software!$A$11:$G$109,7,FALSE)","v":{"$error":"#N/A"}}]
["855D300948","Ultimate Edition SA","Ultimate Assurance 3Y (10-39 pcs)",312,0,312,{"$f":"VLOOKUP(A74,[3]Software!$A$11:$G$109,7,FALSE)","v":{"$error":"#N/A"}}]
["855D300949","Ultimate Edition SA","Ultimate Assurance 3Y (40-99 pcs)",260,0,260,{"$f":"VLOOKUP(A75,[3]Software!$A$11:$G$109,7,FALSE)","v":{"$error":"#N/A"}}]
["855D300950","Ultimate Edition SA","Ultimate Assurance 3Y (100+ pcs)",208,0,208,{"$f":"VLOOKUP(A76,[3]Software!$A$11:$G$109,7,FALSE)","v":{"$error":"#N/A"}}]
["855D301402","Ultimate Edition SA","Ultimate Assurance 4Y (1-9 pcs)",457.6,0,457.6,{"$f":"VLOOKUP(A77,[3]Software!$A$11:$G$109,7,FALSE)","v":{"$error":"#N/A"}}]
["855D301403","Ultimate Edition SA","Ultimate Assurance 4Y (10-39 pcs)",414.4,0,414.4,{"$f":"VLOOKUP(A78,[3]Software!$A$11:$G$109,7,FALSE)","v":{"$error":"#N/A"}}]
["855D301404","Ultimate Edition SA","Ultimate Assurance 4Y (40-99 pcs)",347.2,0,347.2,{"$f":"VLOOKUP(A79,[3]Software!$A$11:$G$109,7,FALSE)","v":{"$error":"#N/A"}}]
["855D301405","Ultimate Edition SA","Ultimate Assurance 4Y (100+ pcs)",276.8,0,276.8,{"$f":"VLOOKUP(A80,[3]Software!$A$11:$G$109,7,FALSE)","v":{"$error":"#N/A"}}]
["855D300951","Ultimate Edition SA","Ultimate Assurance 5Y (1-9 pcs)",572,0,572,{"$f":"VLOOKUP(A81,[3]Software!$A$11:$G$109,7,FALSE)","v":{"$error":"#N/A"}}]
["855D300952","Ultimate Edition SA","Ultimate Assurance 5Y (10-39 pcs)",518,0,518,{"$f":"VLOOKUP(A82,[3]Software!$A$11:$G$109,7,FALSE)","v":{"$error":"#N/A"}}]
["855D300953","Ultimate Edition SA","Ultimate Assurance 5Y (40-99 pcs)",434,0,434,{"$f":"VLOOKUP(A83,[3]Software!$A$11:$G$109,7,FALSE)","v":{"$error":"#N/A"}}]
["855D300954","Ultimate Edition SA","Ultimate Assurance 5Y (100+ pcs)",346,0,346,{"$f":"VLOOKUP(A84,[3]Software!$A$11:$G$109,7,FALSE)","v":{"$error":"#N/A"}}]
["855D301407","Ultimate Extra SA","Hotfolder, FTP, & Email Capture Assurance 1M",30.67,0,30.67,{"$f":"VLOOKUP(A85,[3]Software!$A$11:$G$109,7,FALSE)","v":{"$error":"#N/A"}}]
["855D301408","Ultimate Extra SA","Hotfolder, FTP, & Email Capture Assurance 1Y",368,0,368,{"$f":"VLOOKUP(A86,[3]Software!$A$11:$G$109,7,FALSE)","v":{"$error":"#N/A"}}]
["855D301409","Ultimate Extra SA","Hotfolder, FTP, & Email Capture Assurance 2Y",736,0,736,{"$f":"VLOOKUP(A87,[3]Software!$A$11:$G$109,7,FALSE)","v":{"$error":"#N/A"}}]
["855D301410","Ultimate Extra SA","Hotfolder, FTP, & Email Capture Assurance 3Y",828,0,828,{"$f":"VLOOKUP(A88,[3]Software!$A$11:$G$109,7,FALSE)","v":{"$error":"#N/A"}}]
["855D301411","Ultimate Extra SA","Hotfolder, FTP, & Email Capture Assurance 4Y",1104,0,1104,{"$f":"VLOOKUP(A89,[3]Software!$A$11:$G$109,7,FALSE)","v":{"$error":"#N/A"}}]
["855D301412","Ultimate Extra SA","Hotfolder, FTP, & Email Capture Assurance 5Y",1380,0,1380,{"$f":"VLOOKUP(A90,[3]Software!$A$11:$G$109,7,FALSE)","v":{"$error":"#N/A"}}]
["855D301414","Ultimate Extra SA","Additional Document Processor Assurance 1M",6.13,0,6.13,{"$f":"VLOOKUP(A91,[3]Software!$A$11:$G$109,7,FALSE)","v":{"$error":"#N/A"}}]
["855D301415","Ultimate Extra SA","Additional Document Processor Assurance 1Y",73.599999999999994,0,73.599999999999994,{"$f":"VLOOKUP(A92,[3]Software!$A$11:$G$109,7,FALSE)","v":{"$error":"#N/A"}}]
["855D301416","Ultimate Extra SA","Additional Document Processor Assurance 2Y",147.19999999999999,0,147.19999999999999,{"$f":"VLOOKUP(A93,[3]Software!$A$11:$G$109,7,FALSE)","v":{"$error":"#N/A"}}]
["855D301417","Ultimate Extra SA","Additional Document Processor Assurance 3Y",165.6,0,165.6,{"$f":"VLOOKUP(A94,[3]Software!$A$11:$G$109,7,FALSE)","v":{"$error":"#N/A"}}]
["855D301418","Ultimate Extra SA","Additional Document Processor Assurance 4Y",220.8,0,220.8,{"$f":"VLOOKUP(A95,[3]Software!$A$11:$G$109,7,FALSE)","v":{"$error":"#N/A"}}]
["855D301419","Ultimate Extra SA","Additional Document Processor Assurance 5Y",276,0,276,{"$f":"VLOOKUP(A96,[3]Software!$A$11:$G$109,7,FALSE)","v":{"$error":"#N/A"}}]
["855D300957","Extended License","Job Archiving",920,0,920,{"$f":"VLOOKUP(A97,[3]Software!$A$11:$G$109,7,FALSE)","v":{"$error":"#N/A"}}]
["855D200644","Cloud Connect","Single License - per device",0,0,0,{"$f":"VLOOKUP(A98,[3]Software!$A$11:$G$109,7,FALSE)","v":{"$error":"#N/A"}}]
["1HZ0001280","Microsoft Connector","Single License - per device ",250,0,250,{"$f":"VLOOKUP(A99,[3]Software!$A$11:$G$109,7,FALSE)","v":{"$error":"#N/A"}}]
["1HZ0001140","ShareBase Connector","Single License - per device ",250,0,{"$f":"D100","v":250},{"$f":"VLOOKUP(A100,[3]Software!$A$11:$G$109,7,FALSE)","v":{"$error":"#N/A"}}]
["855D300196","OnBase Connector","Single License - per device",250,0,250,{"$f":"VLOOKUP(A101,[3]Software!$A$11:$G$109,7,FALSE)","v":{"$error":"#N/A"}}]
["1HZ0000980","Square 9 Connector","Single License - per device ",250,0,250,{"$f":"VLOOKUP(A102,[3]Software!$A$11:$G$109,7,FALSE)","v":{"$error":"#N/A"}}]
["1HZ0000820","DocuWare Connector","Single License - per device ",250,0,250,{"$f":"VLOOKUP(A103,[3]Software!$A$11:$G$109,7,FALSE)","v":{"$error":"#N/A"}}]
["1HZ0001290","Microsoft Connector Pro","Single License - adds OmniPage OCR ",500,0,500,{"$f":"VLOOKUP(A104,[3]Software!$A$11:$G$109,7,FALSE)","v":{"$error":"#N/A"}}]
["1HZ0001260","RightFax Embedded","Single License - per device ",250,0,250,{"$f":"VLOOKUP(A105,[3]Software!$A$11:$G$109,7,FALSE)","v":{"$error":"#N/A"}}]
["1HZ0001190","XMediusFax Connector","Single License - per device ",250,0,250,{"$f":"VLOOKUP(A106,[3]Software!$A$11:$G$109,7,FALSE)","v":{"$error":"#N/A"}}]
["1HZ0000870","AccuSender Biscom","Single License - per device",286,0,286,{"$f":"VLOOKUP(A107,[3]Software!$A$11:$G$109,7,FALSE)","v":{"$error":"#N/A"}}]
["1HZ0001240","AccuSender SendSecure","Single License - per device",442,0,442,{"$f":"VLOOKUP(A108,[3]Software!$A$11:$G$109,7,FALSE)","v":{"$error":"#N/A"}}]
["1609AY0UNU","KCM Lite Package","Connects 1 MFP, 1 Email account, & 1 Folder ",622,0,622,{"$f":"VLOOKUP(A109,[3]Software!$A$11:$G$109,7,FALSE)","v":{"$error":"#N/A"}}]
["1609AY0UNV","KCM Lite Add-on Device","Add 1 Kyocera MFP connection ",415,0,415,{"$f":"VLOOKUP(A110,[3]Software!$A$11:$G$109,7,FALSE)","v":{"$error":"#N/A"}}]
["1609AY0UNW","KCM Lite Add-on Email","Add 1 Email account connection ",208,0,208,{"$f":"VLOOKUP(A111,[3]Software!$A$11:$G$109,7,FALSE)","v":{"$error":"#N/A"}}]
["1609AY0UNX","KCM Lite Add-on Folder","Add 1 Hot Folder connection ",208,0,208,{"$f":"VLOOKUP(A112,[3]Software!$A$11:$G$109,7,FALSE)","v":{"$error":"#N/A"}}]
["1609AY0UN7","M&S Package - 1Y","1Y M&S for KCM Lite Package",130,0,130,{"$f":"VLOOKUP(A113,[3]Software!$A$11:$G$109,7,FALSE)","v":{"$error":"#N/A"}}]
["1609AY0UNM","M&S Add-on Device - 1Y","1Y M&S for KCM Lite Add-on Device ",88,0,88,{"$f":"VLOOKUP(A114,[3]Software!$A$11:$G$109,7,FALSE)","v":{"$error":"#N/A"}}]
["1609AY0UNN","M&S Add-on Email 1Y","1Y M&S for KCM Lite Add-on Email ",45,0,45,{"$f":"VLOOKUP(A115,[3]Software!$A$11:$G$109,7,FALSE)","v":{"$error":"#N/A"}}]
["1609AY0UNP","M&S Add-on Folder 1Y","1Y M&S for KCM Lite Add-on Folder ",45,0,45,{"$f":"VLOOKUP(A116,[3]Software!$A$11:$G$109,7,FALSE)","v":{"$error":"#N/A"}}]
["1609AY0UNY","M&S Package - 1M","1M M&S for KCM Lite Package ",12,0,12,{"$f":"VLOOKUP(A117,[3]Software!$A$11:$G$109,7,FALSE)","v":{"$error":"#N/A"}}]
["1609AY0UNZ","M&S Add-on Device - 1M","1M M&S for KCM Lite Add-on Device ",9,0,9,{"$f":"VLOOKUP(A118,[3]Software!$A$11:$G$109,7,FALSE)","v":{"$error":"#N/A"}}]
["1609AY1UN0","M&S Add-on Email 1M","1M M&S for KCM Lite Add-on Email ",5,0,5,{"$f":"VLOOKUP(A119,[3]Software!$A$11:$G$109,7,FALSE)","v":{"$error":"#N/A"}}]
["1609AY1UN1","M&S Add-on Folder 1M","1M M&S for KCM Lite Add-on Folder ",5,0,5,{"$f":"VLOOKUP(A120,[3]Software!$A$11:$G$109,7,FALSE)","v":{"$error":"#N/A"}}]
["1609AY1UN2","KCM Pro MFP","Connect 1 MFP ",978,0,978,{"$f":"VLOOKUP(A121,[3]Software!$A$11:$G$109,7,FALSE)","v":{"$error":"#N/A"}}]
["1609AY1UN3","KCM Pro Email","Connect 1 Email account ",489,0,489,{"$f":"VLOOKUP(A122,[3]Software!$A$11:$G$109,7,FALSE)","v":{"$error":"#N/A"}}]
["1609AY1UN4","KCM Pro Folder","Connect 1 Hot Folder ",489,0,489,{"$f":"VLOOKUP(A123,[3]Software!$A$11:$G$109,7,FALSE)","v":{"$error":"#N/A"}}]
["1609AY1UN5","KCM Pro Web/Mobile","Connect up to 20 users ",489,0,489,{"$f":"VLOOKUP(A124,[3]Software!$A$11:$G$109,7,FALSE)","v":{"$error":"#N/A"}}]
["1609AY0UND","M&S MFP - 1Y","1Y M&S for KCM Pro MFP ",205,0,205,{"$f":"VLOOKUP(A125,[3]Software!$A$11:$G$109,7,FALSE)","v":{"$error":"#N/A"}}]
["1609AY0UNE","M&S Email - 1Y","1Y M&S for KCM Pro Email",103,0,103,{"$f":"VLOOKUP(A126,[3]Software!$A$11:$G$109,7,FALSE)","v":{"$error":"#N/A"}}]
["1609AY0UNF","M&S Folder - 1Y","1Y M&S for KCM Pro Folder ",103,0,103,{"$f":"VLOOKUP(A127,[3]Software!$A$11:$G$109,7,FALSE)","v":{"$error":"#N/A"}}]
["1609AY0UNG","M&S Web/Mobile - 1Y","1Y M&S for KCM Pro Web/Mobile ",103,0,103,{"$f":"VLOOKUP(A128,[3]Software!$A$11:$G$109,7,FALSE)","v":{"$error":"#N/A"}}]
["1609AY1UN6","M&S MFP - 1M","1M M&S for KCM Pro MFP ",18,0,18,{"$f":"VLOOKUP(A129,[3]Software!$A$11:$G$109,7,FALSE)","v":{"$error":"#N/A"}}]
["1609AY1UN7","M&S Email - 1M","1M M&S for KCM Pro Email ",9,0,9,{"$f":"VLOOKUP(A130,[3]Software!$A$11:$G$109,7,FALSE)","v":{"$error":"#N/A"}}]
["1609AY1UN8","M&S Folder - 1M","1M M&S for KCM Pro Folder ",9,0,9,{"$f":"VLOOKUP(A131,[3]Software!$A$11:$G$109,7,FALSE)","v":{"$error":"#N/A"}}]
["1609AY1UN9","M&S Web/Mobile - 1M","1M M&S for KCM Pro Web/Mobile ",9,0,9,{"$f":"VLOOKUP(A132,[3]Software!$A$11:$G$109,7,FALSE)","v":{"$error":"#N/A"}}]
["1HZ0000990","DMC ","DMConnect Pro powered by Nuance",1810,0,1810,{"$f":"VLOOKUP(A133,[3]Software!$A$11:$G$109,7,FALSE)","v":{"$error":"#N/A"}}]
["855D300918","DMC Page Pack (50K)","Basic Page Pack (50K Pages per Year)",1000,0,1000,{"$f":"VLOOKUP(A134,[3]Software!$A$11:$G$109,7,FALSE)","v":{"$error":"#N/A"}}]
["855D300919","DMC Page Pack (50K)","PRO Page Pack (50K Pages per Year) ",2000,0,2000,{"$f":"VLOOKUP(A135,[3]Software!$A$11:$G$109,7,FALSE)","v":{"$error":"#N/A"}}]
["855D300920","DMC Page Pack (250K)","PRO Page Pack (250K Pages per Year)",8000,0,8000,{"$f":"VLOOKUP(A136,[3]Software!$A$11:$G$109,7,FALSE)","v":{"$error":"#N/A"}}]
["855D300921","DMC User Licenses","User License Pack (10 Users per Year) ",1200,0,1200,{"$f":"VLOOKUP(A137,[3]Software!$A$11:$G$109,7,FALSE)","v":{"$error":"#N/A"}}]
["855D301270","GlobalSearch Users","Pro Edition Per CNCR User ",700,0,700,{"$f":"VLOOKUP(A138,[3]Software!$A$11:$G$109,7,FALSE)","v":{"$error":"#N/A"}}]
["855D301271","GlobalSearch Users","Pro Edition PLUS Per CNCR User ",900,0,900,{"$f":"VLOOKUP(A139,[3]Software!$A$11:$G$109,7,FALSE)","v":{"$error":"#N/A"}}]
["855D301272","GlobalSearch Users","Corp Edition Per CNCR User - (5-10 Tier) ",1500,0,1500,{"$f":"VLOOKUP(A140,[3]Software!$A$11:$G$109,7,FALSE)","v":{"$error":"#N/A"}}]
["855D301273","GlobalSearch Users","Corp Edition Per CNCR User - (11-25 Tier) ",1100,0,1100,{"$f":"VLOOKUP(A141,[3]Software!$A$11:$G$109,7,FALSE)","v":{"$error":"#N/A"}}]
["855D301274","GlobalSearch Users","Corp Edition Per CNCR User - (26-50 Tier) ",900,0,900,{"$f":"VLOOKUP(A142,[3]Software!$A$11:$G$109,7,FALSE)","v":{"$error":"#N/A"}}]
["855D301275","GlobalSearch Users","Corp Edition Per CNCR User - (51-100 Tier) ",800,0,800,{"$f":"VLOOKUP(A143,[3]Software!$A$11:$G$109,7,FALSE)","v":{"$error":"#N/A"}}]
["855D301276","GlobalSearch Users","Corp Edition Per CNCR User - (100-249 Tier) ",700,0,700,{"$f":"VLOOKUP(A144,[3]Software!$A$11:$G$109,7,FALSE)","v":{"$error":"#N/A"}}]
["855D301277","GlobalSearch Users","Corp Edition Per CNCR User - (250-1000 Tier) ",500,0,500,{"$f":"VLOOKUP(A145,[3]Software!$A$11:$G$109,7,FALSE)","v":{"$error":"#N/A"}}]
["855D301278","Users M&S (1Y)","Pro Edition Per CNCR User - M&S",140,0,140,{"$f":"VLOOKUP(A146,[3]Software!$A$11:$G$109,7,FALSE)","v":{"$error":"#N/A"}}]
["855D301279","Users M&S (1Y)","Pro Edition PLUS Per CNCR User - M&S",180,0,180,{"$f":"VLOOKUP(A147,[3]Software!$A$11:$G$109,7,FALSE)","v":{"$error":"#N/A"}}]
["855D301280","Users M&S (1Y)","Corp Edition Per CNCR User - (5-10 Tier) - M&S",300,0,300,{"$f":"VLOOKUP(A148,[3]Software!$A$11:$G$109,7,FALSE)","v":{"$error":"#N/A"}}]
["855D301281","Users M&S (1Y)","Corp Edition Per CNCR User - (11-25 Tier) - M&S",220,0,220,{"$f":"VLOOKUP(A149,[3]Software!$A$11:$G$109,7,FALSE)","v":{"$error":"#N/A"}}]
["855D301282","Users M&S (1Y)","Corp Edition Per CNCR User - (26-50 Tier) - M&S",180,0,180,{"$f":"VLOOKUP(A150,[3]Software!$A$11:$G$109,7,FALSE)","v":{"$error":"#N/A"}}]
["855D301283","Users M&S (1Y)","Corp Edition Per CNCR User - (51-100 Tier) - M&S",160,0,160,{"$f":"VLOOKUP(A151,[3]Software!$A$11:$G$109,7,FALSE)","v":{"$error":"#N/A"}}]
["855D301284","Users M&S (1Y)","Corp Edition Per CNCR User - (100-249 Tier) - M&S",140,0,140,{"$f":"VLOOKUP(A152,[3]Software!$A$11:$G$109,7,FALSE)","v":{"$error":"#N/A"}}]
["855D301285","Users M&S (1Y)","Corp Edition Per CNCR User - (250-1000 Tier) - M&S",100,0,100,{"$f":"VLOOKUP(A153,[3]Software!$A$11:$G$109,7,FALSE)","v":{"$error":"#N/A"}}]
["855D301286","GlobalSearch Add-ons","Image XChange - Per CNCR User (3-9) ",260,0,260,{"$f":"VLOOKUP(A154,[3]Software!$A$11:$G$109,7,FALSE)","v":{"$error":"#N/A"}}]
["855D301287","GlobalSearch Add-ons","Image XChange Server - Unlimited users ",2625,0,2625,{"$f":"VLOOKUP(A155,[3]Software!$A$11:$G$109,7,FALSE)","v":{"$error":"#N/A"}}]
["855D301288","GlobalSearch Add-ons","QuickBooks Connections - Per CNCR User ",175,0,175,{"$f":"VLOOKUP(A156,[3]Software!$A$11:$G$109,7,FALSE)","v":{"$error":"#N/A"}}]
["855D301289","GlobalSearch Add-ons","MS Dynamics GP CONN - Per CNCR User ",375,0,375,{"$f":"VLOOKUP(A157,[3]Software!$A$11:$G$109,7,FALSE)","v":{"$error":"#N/A"}}]
["855D301290","GlobalSearch Add-ons","Additional GlobalSearch App Server License",2500,0,2500,{"$f":"VLOOKUP(A158,[3]Software!$A$11:$G$109,7,FALSE)","v":{"$error":"#N/A"}}]
["855D301291","GlobalSearch Add-ons","Additional GlobalAction Workflow Server",2500,0,2500,{"$f":"VLOOKUP(A159,[3]Software!$A$11:$G$109,7,FALSE)","v":{"$error":"#N/A"}}]
["855D301292","GlobalSearch Add-ons","Read Only License - Per CNCR User ",250,0,250,{"$f":"VLOOKUP(A160,[3]Software!$A$11:$G$109,7,FALSE)","v":{"$error":"#N/A"}}]
["855D301293","GlobalSearch Add-ons","Ext Read Only Access Server - Unltd Users ",15000,0,15000,{"$f":"VLOOKUP(A161,[3]Software!$A$11:$G$109,7,FALSE)","v":{"$error":"#N/A"}}]
["855D301294","Add-ons M&S (1Y)","Image XChange - Per CNCR User (3-9) - M&S",52,0,52,{"$f":"VLOOKUP(A162,[3]Software!$A$11:$G$109,7,FALSE)","v":{"$error":"#N/A"}}]
["855D301295","Add-ons M&S (1Y)","Image XChange Server - Unlimited users - M&S",525,0,525,{"$f":"VLOOKUP(A163,[3]Software!$A$11:$G$109,7,FALSE)","v":{"$error":"#N/A"}}]
["855D301296","Add-ons M&S (1Y)","QuickBooks Connections - Per CNCR User - M&S",35,0,{"$f":"D164","v":35},{"$f":"VLOOKUP(A164,[3]Software!$A$11:$G$109,7,FALSE)","v":{"$error":"#N/A"}}]
["855D301297","Add-ons M&S (1Y)","MS Dynamics GP CONN - Per CNCR User - M&S",75,0,75,{"$f":"VLOOKUP(A165,[3]Software!$A$11:$G$109,7,FALSE)","v":{"$error":"#N/A"}}]
["855D301298","Add-ons M&S (1Y)","Add GlobalSearch App Server License - M&S",500,0,500,{"$f":"VLOOKUP(A166,[3]Software!$A$11:$G$109,7,FALSE)","v":{"$error":"#N/A"}}]
["855D301299","Add-ons M&S (1Y)","Add GlobalAction Workflow Server - M&S",500,0,500,{"$f":"VLOOKUP(A167,[3]Software!$A$11:$G$109,7,FALSE)","v":{"$error":"#N/A"}}]
["855D301300","Add-ons M&S (1Y)","Read Only License - Per CNCR User - M&S",50,0,50,{"$f":"VLOOKUP(A168,[3]Software!$A$11:$G$109,7,FALSE)","v":{"$error":"#N/A"}}]
["855D301301","Add-ons M&S (1Y)","Ext Read Only Access Server - Unltd Users - M&S",3000,0,3000,{"$f":"VLOOKUP(A169,[3]Software!$A$11:$G$109,7,FALSE)","v":{"$error":"#N/A"}}]
["855D301302","GlobalCapture BDL","Convey - Dual Core ",1295,0,1295,{"$f":"VLOOKUP(A170,[3]Software!$A$11:$G$109,7,FALSE)","v":{"$error":"#N/A"}}]
["855D301305","GlobalCapture BDL","Convey Core Add - Per Core ",625,0,625,{"$f":"VLOOKUP(A171,[3]Software!$A$11:$G$109,7,FALSE)","v":{"$error":"#N/A"}}]
["855D301308","GlobalCapture BDL","Convey PLUS - Dual Core ",2495,0,2495,{"$f":"VLOOKUP(A172,[3]Software!$A$11:$G$109,7,FALSE)","v":{"$error":"#N/A"}}]
["855D301311","GlobalCapture BDL","Convey PLUS Core Add On - Per Core ",1250,0,1250,{"$f":"VLOOKUP(A173,[3]Software!$A$11:$G$109,7,FALSE)","v":{"$error":"#N/A"}}]
["855D301314","GlobalCapture BDL","Intelligent Transformation (IT) BDL",6995,0,6995,{"$f":"VLOOKUP(A174,[3]Software!$A$11:$G$109,7,FALSE)","v":{"$error":"#N/A"}}]
["855D301317","GlobalCapture BDL","IT BDL Core Add On - Per Core ",3495,0,3495,{"$f":"VLOOKUP(A175,[3]Software!$A$11:$G$109,7,FALSE)","v":{"$error":"#N/A"}}]
["855D301320","GlobalCapture BDL","IT PLUS BDL ",12995,0,12995,{"$f":"VLOOKUP(A176,[3]Software!$A$11:$G$109,7,FALSE)","v":{"$error":"#N/A"}}]
["855D301323","GlobalCapture BDL","IT PLUS BDL Core Add On - Per Core ",5995,0,5995,{"$f":"VLOOKUP(A177,[3]Software!$A$11:$G$109,7,FALSE)","v":{"$error":"#N/A"}}]
["855D301326","BDL M&S (1Y)","Convey - Dual Core - M&S",259,0,259,{"$f":"VLOOKUP(A178,[3]Software!$A$11:$G$109,7,FALSE)","v":{"$error":"#N/A"}}]
["855D301327","BDL M&S (1Y)","Convey Core Add - Per Core - M&S",100,0,100,{"$f":"VLOOKUP(A179,[3]Software!$A$11:$G$109,7,FALSE)","v":{"$error":"#N/A"}}]
["855D301328","BDL M&S (1Y)","Convey PLUS - Dual Core - M&S",499,0,499,{"$f":"VLOOKUP(A180,[3]Software!$A$11:$G$109,7,FALSE)","v":{"$error":"#N/A"}}]
["855D301329","BDL M&S (1Y)","Convey PLUS Core Add On - Per Core - M&S",250,0,250,{"$f":"VLOOKUP(A181,[3]Software!$A$11:$G$109,7,FALSE)","v":{"$error":"#N/A"}}]
["855D301330","BDL M&S (1Y)","Intelligent Transformation (IT) BDL - M&S",1399,0,1399,{"$f":"VLOOKUP(A182,[3]Software!$A$11:$G$109,7,FALSE)","v":{"$error":"#N/A"}}]
["855D301331","BDL M&S (1Y)","IT BDL Core Add On - Per Core - M&S",699,0,699,{"$f":"VLOOKUP(A183,[3]Software!$A$11:$G$109,7,FALSE)","v":{"$error":"#N/A"}}]
["855D301332","BDL M&S (1Y)","IT PLUS BDL - M&S",2599,0,2599,{"$f":"VLOOKUP(A184,[3]Software!$A$11:$G$109,7,FALSE)","v":{"$error":"#N/A"}}]
["855D301333","BDL M&S (1Y)","IT PLUS BDL Core Add On - Per Core - M&S",1199,0,1199,{"$f":"VLOOKUP(A185,[3]Software!$A$11:$G$109,7,FALSE)","v":{"$error":"#N/A"}}]
["855D301334","GlobalCapture Add-ons","Invoice Intelligence Template Pack ",1995,0,1995,{"$f":"VLOOKUP(A186,[3]Software!$A$11:$G$109,7,FALSE)","v":{"$error":"#N/A"}}]
["855D301335","GlobalCapture Add-ons","Disaster Recovery/Test Bench License ",2495,0,2495,{"$f":"VLOOKUP(A187,[3]Software!$A$11:$G$109,7,FALSE)","v":{"$error":"#N/A"}}]
["855D301338","GlobalCapture Add-ons","Assembly Bound Lists Pack ",1495,0,1495,{"$f":"VLOOKUP(A188,[3]Software!$A$11:$G$109,7,FALSE)","v":{"$error":"#N/A"}}]
["855D301341","GlobalCapture Add-ons","All In One User License - Per CNCR User",695,0,695,{"$f":"VLOOKUP(A189,[3]Software!$A$11:$G$109,7,FALSE)","v":{"$error":"#N/A"}}]
["855D301344","Add-ons M&S (1Y)","Invoice Intelligence Template Pack - M&S",399,0,399,{"$f":"VLOOKUP(A190,[3]Software!$A$11:$G$109,7,FALSE)","v":{"$error":"#N/A"}}]
["855D301345","Add-ons M&S (1Y)","Disaster Recovery/Test Bench License - M&S",499,0,499,{"$f":"VLOOKUP(A191,[3]Software!$A$11:$G$109,7,FALSE)","v":{"$error":"#N/A"}}]
["855D301346","Add-ons M&S (1Y)","Assembly Bound Lists Pack - M&S",299,0,299,{"$f":"VLOOKUP(A192,[3]Software!$A$11:$G$109,7,FALSE)","v":{"$error":"#N/A"}}]
["855D301347","Add-ons M&S (1Y)","All In One User License - Per CNCR User - M&S",139,0,139,{"$f":"VLOOKUP(A193,[3]Software!$A$11:$G$109,7,FALSE)","v":{"$error":"#N/A"}}]
["855D301348","GlobalForms 10","Server with Workflow & Forms Design ",2495,0,2495,{"$f":"VLOOKUP(A194,[3]Software!$A$11:$G$109,7,FALSE)","v":{"$error":"#N/A"}}]
["855D301349","GlobalForms 10","Single Form Add On",1495,0,1495,{"$f":"VLOOKUP(A195,[3]Software!$A$11:$G$109,7,FALSE)","v":{"$error":"#N/A"}}]
["855D301350","GlobalForms 10","5 Form Add On ",4995,0,4995,{"$f":"VLOOKUP(A196,[3]Software!$A$11:$G$109,7,FALSE)","v":{"$error":"#N/A"}}]
["855D301351","GlobalForms 10","10 Form Add On ",7995,0,7995,{"$f":"VLOOKUP(A197,[3]Software!$A$11:$G$109,7,FALSE)","v":{"$error":"#N/A"}}]
["855D301352","GlobalForms 10","20 Form Add On ",12995,0,12995,{"$f":"VLOOKUP(A198,[3]Software!$A$11:$G$109,7,FALSE)","v":{"$error":"#N/A"}}]
["855D301353","GlobalForms 10","50 Form Add On ",14995,0,14995,{"$f":"VLOOKUP(A199,[3]Software!$A$11:$G$109,7,FALSE)","v":{"$error":"#N/A"}}]
["855D301354","GlobalForms 10","Unlimited Form Option ",19995,0,19995,{"$f":"VLOOKUP(A200,[3]Software!$A$11:$G$109,7,FALSE)","v":{"$error":"#N/A"}}]
["855D301362","GlobalForms M&S (1Y)","Server with Workflow & Forms Design - M&S",500,0,500,{"$f":"VLOOKUP(A201,[3]Software!$A$11:$G$109,7,FALSE)","v":{"$error":"#N/A"}}]
["855D301363","GlobalForms M&S (1Y)","Single Form Add On - M&S",300,0,300,{"$f":"VLOOKUP(A202,[3]Software!$A$11:$G$109,7,FALSE)","v":{"$error":"#N/A"}}]
["855D301364","GlobalForms M&S (1Y)","5 Form Add On - M&S",1000,0,1000,{"$f":"VLOOKUP(A203,[3]Software!$A$11:$G$109,7,FALSE)","v":{"$error":"#N/A"}}]
["855D301365","GlobalForms M&S (1Y)","10 Form Add On - M&S",1600,0,1600,{"$f":"VLOOKUP(A204,[3]Software!$A$11:$G$109,7,FALSE)","v":{"$error":"#N/A"}}]
["855D301366","GlobalForms M&S (1Y)","20 Form Add On - M&S",2600,0,2600,{"$f":"VLOOKUP(A205,[3]Software!$A$11:$G$109,7,FALSE)","v":{"$error":"#N/A"}}]
["855D301367","GlobalForms M&S (1Y)","50 Form Add On - M&S",3000,0,3000,{"$f":"VLOOKUP(A206,[3]Software!$A$11:$G$109,7,FALSE)","v":{"$error":"#N/A"}}]
["855D301368","GlobalForms M&S (1Y)","Unlimited Form Option - M&S",4000,0,4000,{"$f":"VLOOKUP(A207,[3]Software!$A$11:$G$109,7,FALSE)","v":{"$error":"#N/A"}}]
["855D301303","GlobalCapture LTS *","Convey - Dual Core - LTS ",55,0,55,{"$f":"VLOOKUP(A208,[3]Software!$A$11:$G$109,7,FALSE)","v":{"$error":"#N/A"}}]
["855D301306","GlobalCapture LTS *","Convey Core Add - Per Core - LTS ",35,0,35,{"$f":"VLOOKUP(A209,[3]Software!$A$11:$G$109,7,FALSE)","v":{"$error":"#N/A"}}]
["855D301309","GlobalCapture LTS *","Convey PLUS - Dual Core - LTS ",98,0,98,{"$f":"VLOOKUP(A210,[3]Software!$A$11:$G$109,7,FALSE)","v":{"$error":"#N/A"}}]
["855D301312","GlobalCapture LTS *","Convey PLUS Core Add On - Per Core - LTS ",70,0,70,{"$f":"VLOOKUP(A211,[3]Software!$A$11:$G$109,7,FALSE)","v":{"$error":"#N/A"}}]
["855D301315","GlobalCapture LTS *","Intelligent Transformation (IT) BDL - LTS  ",295,0,295,{"$f":"VLOOKUP(A212,[3]Software!$A$11:$G$109,7,FALSE)","v":{"$error":"#N/A"}}]
["855D301318","GlobalCapture LTS *","IT BDL Core Add On - Per Core - LTS",149,0,149,{"$f":"VLOOKUP(A213,[3]Software!$A$11:$G$109,7,FALSE)","v":{"$error":"#N/A"}}]
["855D301321","GlobalCapture LTS *","IT PLUS BDL - LTS ",560,0,560,{"$f":"VLOOKUP(A214,[3]Software!$A$11:$G$109,7,FALSE)","v":{"$error":"#N/A"}}]
["855D301324","GlobalCapture LTS *","IT PLUS BDL Core Add On - Per Core - LTS ",258,0,258,{"$f":"VLOOKUP(A215,[3]Software!$A$11:$G$109,7,FALSE)","v":{"$error":"#N/A"}}]
["855D301304","GlobalCapture STS **","Convey - Dual Core - STS ",110,0,110,{"$f":"VLOOKUP(A216,[3]Software!$A$11:$G$109,7,FALSE)","v":{"$error":"#N/A"}}]
["855D301307","GlobalCapture STS **","Convey Core Add - Per Core - STS ",70,0,70,{"$f":"VLOOKUP(A217,[3]Software!$A$11:$G$109,7,FALSE)","v":{"$error":"#N/A"}}]
["855D301310","GlobalCapture STS **","Convey PLUS - Dual Core - STS ",196,0,196,{"$f":"VLOOKUP(A218,[3]Software!$A$11:$G$109,7,FALSE)","v":{"$error":"#N/A"}}]
["855D301313","GlobalCapture STS **","Convey PLUS Core Add On - Per Core - STS ",140,0,140,{"$f":"VLOOKUP(A219,[3]Software!$A$11:$G$109,7,FALSE)","v":{"$error":"#N/A"}}]
["855D301316","GlobalCapture STS **","Intelligent Transformation (IT) BDL - STS ",590,0,590,{"$f":"VLOOKUP(A220,[3]Software!$A$11:$G$109,7,FALSE)","v":{"$error":"#N/A"}}]
["855D301319","GlobalCapture STS **","IT BDL Core Add On - Per Core - STS ",298,0,298,{"$f":"VLOOKUP(A221,[3]Software!$A$11:$G$109,7,FALSE)","v":{"$error":"#N/A"}}]
["855D301322","GlobalCapture STS **","IT PLUS BDL - STS ",1120,0,1120,{"$f":"VLOOKUP(A222,[3]Software!$A$11:$G$109,7,FALSE)","v":{"$error":"#N/A"}}]
["855D301325","GlobalCapture STS **","IT PLUS BDL Core Add On - Per Core - STS ",516,0,516,{"$f":"VLOOKUP(A223,[3]Software!$A$11:$G$109,7,FALSE)","v":{"$error":"#N/A"}}]
["855D301336","GloCap Add-ons LTS *","Disaster Recovery/Test Bench License - LTS ",98,0,98,{"$f":"VLOOKUP(A224,[3]Software!$A$11:$G$109,7,FALSE)","v":{"$error":"#N/A"}}]
["855D301339","GloCap Add-ons LTS *","Assembly Bound Lists Pack - LTS",58,0,58,{"$f":"VLOOKUP(A225,[3]Software!$A$11:$G$109,7,FALSE)","v":{"$error":"#N/A"}}]
["855D301342","GloCap Add-ons LTS *","All In One User License - Per CNCR User - LTS",30,0,30,{"$f":"VLOOKUP(A226,[3]Software!$A$11:$G$109,7,FALSE)","v":{"$error":"#N/A"}}]
["855D301337","GloCap Add-ons STS **","Disaster Recovery/Test Bench License - STS ",196,0,196,{"$f":"VLOOKUP(A227,[3]Software!$A$11:$G$109,7,FALSE)","v":{"$error":"#N/A"}}]
["855D301340","GloCap Add-ons STS **","Assembly Bound Lists Pack - STS ",116,0,{"$f":"D228","v":116},{"$f":"VLOOKUP(A228,[3]Software!$A$11:$G$109,7,FALSE)","v":{"$error":"#N/A"}}]
["855D301343","GloCap Add-ons STS **","All In One User License - Per CNCR User - STS",60,0,60,{"$f":"VLOOKUP(A229,[3]Software!$A$11:$G$109,7,FALSE)","v":{"$error":"#N/A"}}]
["855D301355","GlobalForms 10 LTS *","Server with Workflow & Forms Design - LTS ",98,0,98,{"$f":"VLOOKUP(A230,[3]Software!$A$11:$G$109,7,FALSE)","v":{"$error":"#N/A"}}]
["855D301356","GlobalForms 10 LTS *","Single Form Add On - LTS ",58,0,58,{"$f":"VLOOKUP(A231,[3]Software!$A$11:$G$109,7,FALSE)","v":{"$error":"#N/A"}}]
["855D301357","GlobalForms 10 LTS *","5 Form Add On - LTS ",215,0,215,{"$f":"VLOOKUP(A232,[3]Software!$A$11:$G$109,7,FALSE)","v":{"$error":"#N/A"}}]
["855D301358","GlobalForms 10 LTS *","10 Form Add On - LTS ",325,0,325,{"$f":"VLOOKUP(A233,[3]Software!$A$11:$G$109,7,FALSE)","v":{"$error":"#N/A"}}]
["855D301359","GlobalForms 10 LTS *","20 Form Add On - LTS",560,0,560,{"$f":"VLOOKUP(A234,[3]Software!$A$11:$G$109,7,FALSE)","v":{"$error":"#N/A"}}]
["855D301360","GlobalForms 10 LTS *","50 Form Add On- LTS  ",628,0,628,{"$f":"VLOOKUP(A235,[3]Software!$A$11:$G$109,7,FALSE)","v":{"$error":"#N/A"}}]
["855D301361","GlobalForms 10 LTS *","Unlimited Form Option - LTS ",875,0,875,{"$f":"VLOOKUP(A236,[3]Software!$A$11:$G$109,7,FALSE)","v":{"$error":"#N/A"}}]
["855D301369","GlobalSearch C2 Users *","OFC ESNTLs Edition - per CNCR user (3-25)",42,0,42,{"$f":"VLOOKUP(A237,[3]Software!$A$11:$G$109,7,FALSE)","v":{"$error":"#N/A"}}]
["855D301370","GlobalSearch C2 Users *","Workgroup Edition - per CNCR user (5-25) ",72,0,72,{"$f":"VLOOKUP(A238,[3]Software!$A$11:$G$109,7,FALSE)","v":{"$error":"#N/A"}}]
["855D301371","GlobalSearch C2 Users *","Workgroup Edition - per CNCR user (26-50) ",68,0,68,{"$f":"VLOOKUP(A239,[3]Software!$A$11:$G$109,7,FALSE)","v":{"$error":"#N/A"}}]
["855D301372","GlobalSearch C2 Users *","Enterprise Edition - per CNCR user (5-10) ",108,0,108,{"$f":"VLOOKUP(A240,[3]Software!$A$11:$G$109,7,FALSE)","v":{"$error":"#N/A"}}]
["855D301373","GlobalSearch C2 Users *","Enterprise Edition - per CNCR user (11-25) ",98,0,98,{"$f":"VLOOKUP(A241,[3]Software!$A$11:$G$109,7,FALSE)","v":{"$error":"#N/A"}}]
["855D301374","GlobalSearch C2 Users *","Enterprise Edition - per CNCR user (26-50) ",92,0,92,{"$f":"VLOOKUP(A242,[3]Software!$A$11:$G$109,7,FALSE)","v":{"$error":"#N/A"}}]
["855D301375","GlobalSearch C2 Users *","Enterprise Edition - per CNCR user (51-100) ",88,0,88,{"$f":"VLOOKUP(A243,[3]Software!$A$11:$G$109,7,FALSE)","v":{"$error":"#N/A"}}]
["855D301376","GlobalSearch C2 Users *","Enterprise Edition - per CNCR user (101+) ",82,0,82,{"$f":"VLOOKUP(A244,[3]Software!$A$11:$G$109,7,FALSE)","v":{"$error":"#N/A"}}]
["855D301377","GL Search C2 Add-on *","Image Xchange - per concurrent user ",10,0,10,{"$f":"VLOOKUP(A245,[3]Software!$A$11:$G$109,7,FALSE)","v":{"$error":"#N/A"}}]
["855D301378","GL Search C2 Add-on *","Image Xchange Enterprise ",100,0,100,{"$f":"VLOOKUP(A246,[3]Software!$A$11:$G$109,7,FALSE)","v":{"$error":"#N/A"}}]
["855D301379","GL Search C2 Add-on *","Cloud Storage - Up to 100GB ",40,0,40,{"$f":"VLOOKUP(A247,[3]Software!$A$11:$G$109,7,FALSE)","v":{"$error":"#N/A"}}]
["855D301380","GL Search C2 Add-on *","Cloud Storage - Up to 250GB ",90,0,90,{"$f":"VLOOKUP(A248,[3]Software!$A$11:$G$109,7,FALSE)","v":{"$error":"#N/A"}}]
["855D301381","GL Search C2 Add-on *","Cloud Storage - Up to 500GB",175,0,175,{"$f":"VLOOKUP(A249,[3]Software!$A$11:$G$109,7,FALSE)","v":{"$error":"#N/A"}}]
["855D301382","GL Search C2 Add-on *","Cloud Storage - Up to 1TB ",325,0,325,{"$f":"VLOOKUP(A250,[3]Software!$A$11:$G$109,7,FALSE)","v":{"$error":"#N/A"}}]
["855D301383","GL Search C2 Add-on *","Business Essentials Bundle ",1512,0,1512,{"$f":"VLOOKUP(A251,[3]Software!$A$11:$G$109,7,FALSE)","v":{"$error":"#N/A"}}]
["855D301384","GL Search C2 Add-on *","Automotive Essentials Bundle ",4795,0,4795,{"$f":"VLOOKUP(A252,[3]Software!$A$11:$G$109,7,FALSE)","v":{"$error":"#N/A"}}]
["855D301385","GL Search C2 Add-on *","Read Only License",1400,0,1400,{"$f":"VLOOKUP(A253,[3]Software!$A$11:$G$109,7,FALSE)","v":{"$error":"#N/A"}}]
["855D301420","GL Search C2 Add-on *","Return to Work Dual Form Bundle",375,0,375,{"$f":"VLOOKUP(A254,[3]Software!$A$11:$G$109,7,FALSE)","v":{"$error":"#N/A"}}]
["855D301421","GL Search C2 Add-on *","C2 Subscription or Storage Upgrade",1,0,1,{"$f":"VLOOKUP(A255,[3]Software!$A$11:$G$109,7,FALSE)","v":{"$error":"#N/A"}}]
["855D301422","GL Search C2 Add-on *","Annual Subscription Renewal for C2 accounts",10,0,10,{"$f":"VLOOKUP(A256,[3]Software!$A$11:$G$109,7,FALSE)","v":{"$error":"#N/A"}}]
["855D301423","GL Capture Cloud *","Low Volume - 1,000 PPD - 1 CNCR User",199,0,199,{"$f":"VLOOKUP(A257,[3]Software!$A$11:$G$109,7,FALSE)","v":{"$error":"#N/A"}}]
["855D301424","GL Capture Cloud *","Mid Volume - 2,500 PPD - 2 CNCR Users ",249,0,249,{"$f":"VLOOKUP(A258,[3]Software!$A$11:$G$109,7,FALSE)","v":{"$error":"#N/A"}}]
["855D301425","GL Capture Cloud *","Enterprise - 5,000 PPD - 3 CNCR Users ",299,0,299,{"$f":"VLOOKUP(A259,[3]Software!$A$11:$G$109,7,FALSE)","v":{"$error":"#N/A"}}]
["855D301426","GL Capture Cloud *","Large Enterprise - 5,000 PPD - 4 CNCR Users ",10,0,10,{"$f":"VLOOKUP(A260,[3]Software!$A$11:$G$109,7,FALSE)","v":{"$error":"#N/A"}}]
["855D301427","GL Capture Add Users *","Add-on CTS CNCR User License ",42,0,42,{"$f":"VLOOKUP(A261,[3]Software!$A$11:$G$109,7,FALSE)","v":{"$error":"#N/A"}}]
["855D301428","GL Capture Option *","Unstructured CTS Option ",99,0,99,{"$f":"VLOOKUP(A262,[3]Software!$A$11:$G$109,7,FALSE)","v":{"$error":"#N/A"}}]
["855D301429","CTS Option *","CTS Boost Option ",199,0,199,{"$f":"VLOOKUP(A263,[3]Software!$A$11:$G$109,7,FALSE)","v":{"$error":"#N/A"}}]
["855D301430","CTS Release Option *","CTS Release to SharePoint/OneDrive",50,0,50,{"$f":"VLOOKUP(A264,[3]Software!$A$11:$G$109,7,FALSE)","v":{"$error":"#N/A"}}]
["855D301431","CTS GL Forms Cloud *","GlobalForms - Single Form Add On",59,0,59,{"$f":"VLOOKUP(A265,[3]Software!$A$11:$G$109,7,FALSE)","v":{"$error":"#N/A"}}]
["855D301432","CTS GL Forms Cloud *","GlobalForms - 5 Form Add On",199,0,199,{"$f":"VLOOKUP(A266,[3]Software!$A$11:$G$109,7,FALSE)","v":{"$error":"#N/A"}}]
["855D301433","CTS GL Forms Cloud *","GlobalForms - 10 Form Add On",349,0,349,{"$f":"VLOOKUP(A267,[3]Software!$A$11:$G$109,7,FALSE)","v":{"$error":"#N/A"}}]
["855D301434","CTS GL Forms Cloud *","GlobalForms - 25 Form Add On",449,0,449,{"$f":"VLOOKUP(A268,[3]Software!$A$11:$G$109,7,FALSE)","v":{"$error":"#N/A"}}]
["855D301435","CTS GL Forms Cloud *","GlobalForms - 50 Form Add On",549,0,549,{"$f":"VLOOKUP(A269,[3]Software!$A$11:$G$109,7,FALSE)","v":{"$error":"#N/A"}}]
["855D301436","CTS GL Search Cloud *","Digital Transformation Essentials",375,0,375,{"$f":"VLOOKUP(A270,[3]Software!$A$11:$G$109,7,FALSE)","v":{"$error":"#N/A"}}]
["855D301437","CTS GL Search Cloud *","Return to Work Essentials ",375,0,375,{"$f":"VLOOKUP(A271,[3]Software!$A$11:$G$109,7,FALSE)","v":{"$error":"#N/A"}}]
["855D301438","CTS Add-on *","CTS One Time Page Count Addition ",250,0,250,{"$f":"VLOOKUP(A272,[3]Software!$A$11:$G$109,7,FALSE)","v":{"$error":"#N/A"}}]
["855D301439","CTS Pages Upgrade *","CTS Pages Per Day Level Upgrade Per Month ",50,0,50,{"$f":"VLOOKUP(A273,[3]Software!$A$11:$G$109,7,FALSE)","v":{"$error":"#N/A"}}]
["855D301440","CTS GL Search Cloud *","GlobalSearch Cloud Education Essentials ",375,0,375,{"$f":"VLOOKUP(A274,[3]Software!$A$11:$G$109,7,FALSE)","v":{"$error":"#N/A"}}]
["855D301386","On-prem","SMB Upgrade ",1,0,1,{"$f":"VLOOKUP(A275,[3]Software!$A$11:$G$109,7,FALSE)","v":{"$error":"#N/A"}}]
["855D301387","On-prem","Software Assurance ",1,0,1,{"$f":"VLOOKUP(A276,[3]Software!$A$11:$G$109,7,FALSE)","v":{"$error":"#N/A"}}]
["855D301388","SaaS","GlobalSearch C2 Annual Subscription Renewal <3>",10,0,10,{"$f":"VLOOKUP(A277,[3]Software!$A$11:$G$109,7,FALSE)","v":{"$error":"#N/A"}}]
["855D301389","SaaS","Cloud Subscription Upgrade ",1,0,1,{"$f":"VLOOKUP(A278,[3]Software!$A$11:$G$109,7,FALSE)","v":{"$error":"#N/A"}}]
["855D600057","Square 9 PS","Per Diem Remote ECM Service",1400,0,1400,{"$f":"VLOOKUP(A279,[3]Software!$A$11:$G$109,7,FALSE)","v":{"$error":"#N/A"}}]
["855D600058","Square 9 PS","Per Diem Remote Capture Service",1400,0,1400,{"$f":"VLOOKUP(A280,[3]Software!$A$11:$G$109,7,FALSE)","v":{"$error":"#N/A"}}]
["855D600059","Square 9 PS","Per Diem Remote Forms Service",1400,0,1400,{"$f":"VLOOKUP(A281,[3]Software!$A$11:$G$109,7,FALSE)","v":{"$error":"#N/A"}}]
["855D600060","Square 9 PS","Per Diem Onsite Service",1650,0,1650,{"$f":"VLOOKUP(A282,[3]Software!$A$11:$G$109,7,FALSE)","v":{"$error":"#N/A"}}]
["855D600061","Square 9 PS","Per Diem Onsite Expense Charge",350,0,350,{"$f":"VLOOKUP(A283,[3]Software!$A$11:$G$109,7,FALSE)","v":{"$error":"#N/A"}}]
["855D600062","Square 9 PS","Per Diem Remote Access - 4 Hour Block",700,0,700,{"$f":"VLOOKUP(A284,[3]Software!$A$11:$G$109,7,FALSE)","v":{"$error":"#N/A"}}]
["855D600063","Square 9 PS","Custom SQL Scripting (Four Hour Block)",750,0,750,{"$f":"VLOOKUP(A285,[3]Software!$A$11:$G$109,7,FALSE)","v":{"$error":"#N/A"}}]
["855D600064","Square 9 PS","Custom SQL Scripting - Maintenance & Support",150,0,150,{"$f":"VLOOKUP(A286,[3]Software!$A$11:$G$109,7,FALSE)","v":{"$error":"#N/A"}}]
["855D301009","Solution License","Kyocera OmniWorx, powered by Hyland",10000,0,10000,{"$f":"VLOOKUP(A287,[3]Software!$A$11:$G$109,7,FALSE)","v":{"$error":"#N/A"}}]
["855D301010","Named User","Single Named User License",1000,0,1000,{"$f":"VLOOKUP(A288,[3]Software!$A$11:$G$109,7,FALSE)","v":{"$error":"#N/A"}}]
["855D301011","Workflow User","Single Workflow User License",1200,0,1200,{"$f":"VLOOKUP(A289,[3]Software!$A$11:$G$109,7,FALSE)","v":{"$error":"#N/A"}}]
["855D301012","Workflow User Pack","5-Pack Workflow User License",5000,0,5000,{"$f":"VLOOKUP(A290,[3]Software!$A$11:$G$109,7,FALSE)","v":{"$error":"#N/A"}}]
["855D300852","ShareBase","Annual Base package - 10-User Licenses",1800,0,1800,{"$f":"VLOOKUP(A291,[3]Software!$A$11:$G$109,7,FALSE)","v":{"$error":"#N/A"}}]
["855D300853","ShareBase Add. User","1 Additional Annual User License ",180,0,{"$f":"D292","v":180},{"$f":"VLOOKUP(A292,[3]Software!$A$11:$G$109,7,FALSE)","v":{"$error":"#N/A"}}]
["1503TH0KL0","EFI Printing System 17","EFI Fiery Controller- Printing System 17  is available for the TASKalfa 4054ci/5054ci/6054ci/7054ci",{"$f":"VLOOKUP(A293,'[4]COPIERS-PRINTERS'!$C$659:$I$678,7,FALSE)","v":4882},0,{"$f":"D293","v":4882}]
["855D301253","EFI ES-3000","EFI Spectrophotometer",{"$f":"VLOOKUP(A294,'[4]COPIERS-PRINTERS'!$C$659:$I$678,7,FALSE)","v":2098},0,{"$f":"D294","v":2098}]
["855D301254","CPS V5.X - ES-3000","Color Profiler Suite V5.X for Printing System 50 <1> <2>",{"$f":"VLOOKUP(A295,'[4]COPIERS-PRINTERS'!$C$659:$I$678,7,FALSE)","v":3502},0,3502]
["855D301255","CPS V5.X - ES-3000","CPS V5.X - ES-3000 with 3 Years Support <2>",{"$f":"VLOOKUP(A296,'[4]COPIERS-PRINTERS'!$C$659:$I$678,7,FALSE)","v":5679},0,5679]
["855D301256","CPS V5.X - ES-3000","CPS V5 - ES-3000 with 5 Years Support <2>",{"$f":"VLOOKUP(A297,'[4]COPIERS-PRINTERS'!$C$659:$I$678,7,FALSE)","v":6760},0,6760]
["855D301180","CPS V5.X - Software","CPS V5.X (Software Only)",{"$f":"VLOOKUP(A298,'[4]COPIERS-PRINTERS'!$C$659:$I$678,7,FALSE)","v":2911},0,2911]
["855D301181","CPS V5.X - Software","CPS V5.X (Software Only) with 3 Years Support",{"$f":"VLOOKUP(A299,'[4]COPIERS-PRINTERS'!$C$659:$I$678,7,FALSE)","v":4193},0,4193]
["855D301182","CPS V5.X - Software","CPS V5.X (Software Only) with 5 Years Support",{"$f":"VLOOKUP(A300,'[4]COPIERS-PRINTERS'!$C$659:$I$678,7,FALSE)","v":5274},0,5274]
["855D301259","Fiery Impose (Digital Delivery)","Job Impositioning Software (Digital Delivery)",{"$f":"VLOOKUP(A301,'[4]COPIERS-PRINTERS'!$C$659:$I$678,7,FALSE)","v":2575},0,2575]
["855D301260","Fiery Compose (Digital Delivery)","Make-Ready Software (Digital Delivery)",{"$f":"VLOOKUP(A302,'[4]COPIERS-PRINTERS'!$C$659:$I$678,7,FALSE)","v":1133},0,1133]
["855D301448","Fiery Impose-Compose","Fiery Impose-Compose, perpetual license; digital delivery",{"$f":"VLOOKUP(A303,'[4]COPIERS-PRINTERS'!$C$659:$I$678,7,FALSE)","v":3183},0,3183]
["855D301449","ColorRight - Software-1","Fiery ColorRight (Software Only) - 1 Year Use; digital delivery",{"$f":"VLOOKUP(A304,'[4]COPIERS-PRINTERS'!$C$659:$I$678,7,FALSE)","v":976},0,976]
["855D301450","ColorRight - Software-3","Fiery ColorRight (Software Only) - 3 Year Use; digital delivery",{"$f":"VLOOKUP(A305,'[4]COPIERS-PRINTERS'!$C$659:$I$678,7,FALSE)","v":2629},0,2629]
["855D301451","ColorRight - Software-5","Fiery ColorRight (Software Only) - 5 Year Use; digital delivery",{"$f":"VLOOKUP(A306,'[4]COPIERS-PRINTERS'!$C$659:$I$678,7,FALSE)","v":3646},0,3646]
["855D301452","Fiery Automation-Software","Fiery Automation (Software Only) - 1 Year Use; digital delivery",{"$f":"VLOOKUP(A307,'[4]COPIERS-PRINTERS'!$C$659:$I$678,7,FALSE)","v":822},0,822]
["855D301453","Fiery Automation-Software","Fiery Automation (Software Only) - 3 Year Use; digital delivery",{"$f":"VLOOKUP(A308,'[4]COPIERS-PRINTERS'!$C$659:$I$678,7,FALSE)","v":2208},0,2208]
["855D301454","Fiery Automation-Software","Fiery Automation (Software Only) - 5 Year Use; digital delivery",{"$f":"VLOOKUP(A309,'[4]COPIERS-PRINTERS'!$C$659:$I$678,7,FALSE)","v":3070},0,3070]

{"sheet":"SUPPLIES PRICE LIST","index":3,"n_rows":275,"n_cols":6,"rows_kept":275,"cut":false,"hidden":false,"merged":[]}
[null,"KYOCERA Business Solutions America, Inc."]
["Item Code Number","Description","CARTRIDGE Yields","MSRP Cartridge","NASPO ValuePoint  DISCOUNT% OFF MSRP","NASPO ValuePoint Price"]
[null,"ECOSYS P2040dw "]
["1T02RY0US0","toner TK-1162",7200,91,0.12,80.08]
["1702RV0US0","maintenance kit MK-1152",100000,175,0.12,154]
[null,"ECOSYS P3145dn/3045dn"]
["1T02T90US0","toner TK-3162",12500,82.5,0.12000000000000011,72.599999999999994]
["1702T97US0","maintenance kit MK-3162",300000,255,0.12,224.4]
[null,"ECOSYS P3150dn/P3050"]
["1T02T80US0","toner TK-3172",15500,83.69,0.11996654319512479,73.650000000000006]
["1702T67US0","maintenance kit MK-3172",500000,277,0.12,243.76]
[null,"ECOSYS P3155dn/P3055"]
["1T02T70US0","toner TK-3182",21000,88.2,0.11995464852607707,77.62]
["1702T67US0","maintenance kit MK-3172",500000,277,0.12,243.76]
[null,"ECOSYS P3260dn/P3060"]
["1T02T60US0","toner TK-3192",25000,95.14,0.120033634643683,83.72]
["1702T67US0","maintenance kit MK-3172",500000,277,0.12,243.76]
[null,"FS-9530DN"]
["1T02G10US0","toner TK-712  ",40000,129,0.12,113.52]
["1702G12US0","maintenance kit MK-710",500000,599,0.12,527.12]
["5AX82010","staples for DF-730",3000,79.92,0.119994994994995,70.33]
[null,"ECOSYS P5021cdw "]
["1T02R90US1","TK-5222K\n[Yield Approx. 1.2K at ISO19798] STANDARD",1200,56.25,0.12,49.5]
["1T02R9CUS1","TK-5222C\n[Yield Approx. 1.2K at ISO19798] STANDARD",1200,71.02,0.11996620670233737,62.5]
["1T02R9BUS1","TK-5222M\n[Yield Approx. 1.2K at ISO19798] STANDARD",1200,71.02,0.11996620670233737,62.5]
["1T02R9AUS1","TK-5222Y\n[Yield Approx. 1.2K at ISO19798] STANDARD",1200,71.02,0.11996620670233737,62.5]
["1T02R90US0","TK-5232K\n[Yield Approx. 2.6K at ISO19798]HIGH YIELD",2600,87.38,0.120050354772259,76.89]
["1T02R9CUS0","TK-5232C\n[Yield Approx. 2.2K at ISO19798] HIGH YIELD",2200,100.52,0.11997612415439718,88.46]
["1T02R9BUS0","TK-5232M\n[Yield Approx. 2.2K at ISO19798] HIGH YIELD",2200,100.52,0.11997612415439718,88.46]
["1T02R9AUS0","TK-5232Y\n[Yield Approx. 2.2K at ISO19798] HIGH YIELD",2200,100.52,0.11997612415439718,88.46]
[null,"ECOSYS P5026cdw "]
["1T02R70US0","TK-5242K \n[Yield Approx. 4K at ISO19798]",4000,78.13,0.12005631639575065,68.75]
["1T02R7CUS0","TK-5242C \n[Yield Approx. 3K at ISO19798]",3000,96.64,0.12003311258278138,85.04]
["1T02R7BUS0","TK-5242M \n[Yield Approx. 3K at ISO19798]",3000,96.64,0.12003311258278138,85.04]
["1T02R7AUS0","TK-5242Y \n[Yield Approx. 3K at ISO19798]",3000,96.64,0.12003311258278138,85.04]
[null,"ECOSYS P6230cdn / P6235cdn / P7240cdn"]
["1T02TX0US0","TK-5292K  Toner Black For P7240cdn",17000,136,0.12,119.68]
["1T02TXCUS0","TK-5292C  Toner Cyan For P7240cdn",13000,182,0.12,160.16]
["1T02TXBUS0","TK-5292M  Toner Magenta For P7240cdn",13000,182,0.12,160.16]
["1T02TXAUS0","TK-5292Y  Toner Yellow For P7240cdn",13000,182,0.12,160.16]
["1T02TW0US0","TK-5282K  Toner Black For P6235cdn",13000,115.9,0.12001725625539261,101.99]
["1T02TWCUS0","TK-5282C  Toner Cyan For P6235cdn",11000,168.65,0.12001185887933596,148.41]
["1T02TWBUS0","TK-5282M  Toner Magenta For P6235cdn",11000,168.65,0.12001185887933596,148.41]
["1T02TWAUS0","TK-5282Y  Toner Yellow For P6235cdn",11000,168.65,0.12001185887933596,148.41]
["1T02TV0US0","TK-5272K  Toner Black For P6230cdn",8000,100.01,0.11998800119987996,88.01]
["1T02TVCUS0","TK-5272C  Toner Cyan For P6230cdn",6000,106.83,0.12000374426659177,94.01]
["1T02TVBUS0","TK-5272M  Toner Magenta For P6230cdn",6000,106.83,0.12000374426659177,94.01]
["1T02TVAUS0","TK-5272Y  Toner Yellow For P6230cdn",6000,106.83,0.12000374426659177,94.01]
["1702TX7US0","MK-5292  Maintanance Kit For P7240cdn",300000,1189.3,0.12000336332296313,1046.58]
["1702NS7US0","MK-5152  Maintanance Kit For P6235cdn",200000,909,0.12,799.92]
["1702NR7US0","MK-5142  Maintanance Kit For P6230cdn",200000,618,0.12,543.84]
[null,"ECOSYS M2040dn"]
["1T02S50US0","TK-1172",7200,86,0.11999999999999988,75.680000000000007]
["1702ML0KL0","maintenance kit MK-1142",100000,175,0.12,154]
[null,"ECOSYS M2540dw"]
["1T02S50US0","TK-1172",7200,86,0.11999999999999988,75.680000000000007]
["1702ML0KL0","maintenance kit MK-1142",100000,175,0.12,154]
[null,"ECOSYS M2640idw"]
["1T02S50US0","TK-1172",7200,86,0.11999999999999988,75.680000000000007]
["1702ML0KL0","maintenance kit MK-1142",100000,175,0.12,154]
[null,"ECOSYS M2635dw"]
["1T02RV0US0","toner TK-1152 (ISO19752)",3000,68.33,0.1200058539440948,60.13]
["1702RV0US0","maintenance kit MK-1152 100K  (Drum / Developer Unit)",100000,175,0.12,154]
[null,"ECOSYS M3145idn / ECOSYS M3645idn"]
["1T02T90US1","TK-3162",12500,82.5,0.12000000000000011,72.599999999999994]
["1702V37US0","maintenance kit MK-3262",300000,255,0.12,224.4]
["1702P60UN0","maintenance kit MK-3140 (doc processor)",200000,70.099999999999994,0.11997146932952918,61.69]
[null,"ECOSYS M3655idn"]
["1T02T70US1","TK-3182",21000,88.2,0.11995464852607707,77.62]
["1702TA7US0","maintenance kit MK-3302",500000,277,0.12,243.76]
["1703R40UN0","maintenance kit MK-5200 (doc processor)",200000,71,0.12,62.48]
[null,"ECOSYS M3860idnf/M3860idn/M3660"]
["1T02T60US1","TK-3192",25000,95.14,0.120033634643683,83.72]
["1702TA7US0","maintenance kit MK-3302",500000,277,0.12,243.76]
["1703R40UN0","maintenance kit MK-5200 (doc processor)",200000,71,0.12,62.48]
[null,"ECOSYS M5521cdw "]
["1T02R90US1","TK-5222K \n[Yield Approx. 1.2K at ISO19798]STANDARD",1200,56.25,0.12,49.5]
["1T02R9CUS1","TK-5222C\n[Yield Approx. 1.2K at ISO19798]",1200,71.02,0.11996620670233737,62.5]
["1T02R9BUS1","TK-5222M\n[Yield Approx. 1.2K at ISO19798]",1200,71.02,0.11996620670233737,62.5]
["1T02R9AUS1","TK-5222Y\n[Yield Approx. 1.2K at ISO19798]",1200,71.02,0.11996620670233737,62.5]
["1T02R90US0","TK-5232K\n[Yield Approx. 2.6K at ISO19798]HIGH YIELD",2600,87.38,0.120050354772259,76.89]
["1T02R9CUS0","TK-5232C\n[Yield Approx. 2.2K at ISO19798]",2200,100.52,0.11997612415439718,88.46]
["1T02R9BUS0","TK-5232M\n[Yield Approx. 2.2K at ISO19798]",2200,100.52,0.11997612415439718,88.46]
["1T02R9AUS0","TK-5232Y\n[Yield Approx. 2.2K at ISO19798]",2200,100.52,0.11997612415439718,88.46]
[null,"ECOSYS M5526cdw "]
["1T02R70US0","TK-5242K \n[Yield Approx. 4K at ISO19798]",4000,78.13,0.12005631639575065,68.75]
["1T02R7CUS0","TK-5242C\n[Yield Approx. 3K at ISO19798]",3000,96.64,0.12003311258278138,85.04]
["1T02R7BUS0","TK-5242M\n[Yield Approx. 3K at ISO19798]",3000,96.64,0.12003311258278138,85.04]
["1T02R7AUS0","TK-5242Y\n[Yield Approx. 3K at ISO19798]",3000,96.64,0.12003311258278138,85.04]
[null,"ECOSYS M6235cidn / M6630cidn / M6635cidn"]
["1T02TW0US0","TK-5282K Toner Black For M6635cidn/M6235cidn",13000,115.9,0.12001725625539261,101.99]
["1T02TWCUS0","TK-5282C Toner Cyan For M6635cidn/M6235cidn",11000,168.65,0.12001185887933596,148.41]
["1T02TWBUS0","TK-5282M Toner Magenta For M6635cidn/M6235cidn",11000,168.65,0.12001185887933596,148.41]
["1T02TWAUS0","TK-5282Y Toner Yellow For M6635cidn/M6235cidn",11000,168.65,0.12001185887933596,148.41]
["1T02TV0US0","TK-5272K Toner Black For M6630cidn ",8000,100.01,0.11998800119987996,88.01]
["1T02TVCUS0","TK-5272C Toner Cyan For M6630cidn",6000,106.83,0.12000374426659177,94.01]
["1T02TVBUS0","TK-5272M Toner Magenta For M6630cidn",6000,106.83,0.12000374426659177,94.01]
["1T02TVAUS0","TK-5272Y Toner Yellow For M6630cidn",6000,106.83,0.12000374426659177,94.01]
["1702NS7US1","MK-5157 Maintanance Kit For M6635cidn/M6235cidn",200000,909,0.12,799.92]
["1702NR7US0","MK-5142 Maintanance Kit For M6630cidn",200000,618,0.12,543.84]
["1703R40UN0","MK-5200 DP Maintenance kit for M6635cidn/M6235cidn",200000,71,0.12,62.48]
["1702P60UN0","MK-3140 DP Maintenance kit for M6630cidn",200000,71.399999999999991,0.1200280112044817,62.83]
["1903R90UN1","SH-13 Staple Cartridge",3000,36,0.12,31.68]
[null,"ECOSYS M4125idn / ECOSYS M4132idn"]
["1T02P10US0","TK-6117  ",15000,81.647999999999996,0.12000293944738394,71.849999999999994]
["1702P17US0","MK-6117- 300K Maintenance Kit\n(Drum/Developer/Fuser/Transfer Unit and Paper Feed Roller)",300000,352.79999999999995,0.12001133786848062,310.45999999999998]
["1702P10UN0","MK-6110- 300K Maintenance Kit (Feed Roller for Document Processor)",300000,35.279999999999994,0.1198979591836733,31.05]
["1903JY0000","SH-10- Staples for DF-470",15000,43.4,0.12004608294930874,38.19]
[null,"TASKalfa 3212i"]
["1T02V70US0","TK-7127\n",20000,86.24,0.12001391465677169,75.89]
["1702V67US0","MK-7127 Maintenance kit\n(Drum/Developer(BK)/Transfer Unit/Fuser Unit/Paper Feed Roller)",600000,582.62400000000002,0.11999848959191517,512.71]
["1903JY0000","SH-10 staples for DF-770/BF730",15000,43.4,0.12004608294930874,38.19]
["1903NB0UN0","SH-12 staples for DF-791",15000,90,0.12,79.2]
[null,"TASKalfa 4012i"]
["1T02V60US0","TK-7227",35000,150.91999999999999,0.11999734958918629,132.81]
["1702V67US0","MK-7127   Maintenance kit\n(Drum/Developer(BK)/Transfer Unit/Fuser Unit/Paper Feed Roller)",600000,582.62400000000002,0.11999848959191517,512.71]
["1903JY0000","SH-10 staples for DF-770/BF730",15000,43.4,0.12004608294930874,38.19]
["1903NB0UN0","SH-12 staples for DF-7110",15000,90,0.12,79.2]
[null,"TASKalfa4003i/5003i/6003i"]
["1T02NK0US0","TK-6327",35000,120.00800000000001,0.11997533497766821,105.61]
["1702VK0KL0","MK-6335",600000,569.82799999999997,0.119997613314895,501.45]
["1902ND0UN0","WT-8500 Waste Toner box (9 Containers / Case : Yield  40K For Color Machine  @ 5% Coverage",70000,18.032,0.11989795918367352,15.87]
["1903JY0000","SH-10 staples for DF-7120/BF730",15000,43.4,0.12004608294930874,38.19]
["1903NB0UN0","SH-12 staples for DF-7110",15000,90,0.12,79.2]
["1903S80UN0","SH-14",25000,227,0.12,199.76]
[null,"TASKalfa /7003/8003/9003/7002/8002/9002"]
["1T02NJ0US0","TK-6727\n",70000,146.39799999999997,0.12000163936665775,128.83000000000001]
["1702NJ7US0","MK-6725     600k Maintenance Kit for 8002i / 7002i (Drum/Developer/Fuser/Transfer Unit and Paper Feed Roller)",600000,1008,0.12,887.04]
["1902K90UN0","WT-861",500000,30.799999999999997,0.12012987012986998,27.1]
["1903JY0000","SH-10 staples for BF730",15000,43.4,0.12004608294930874,38.19]
["1903NB0UN0","SH-12 staples for DF-7110",15000,90,0.12,79.2]
[null,"TASKalfa 308ci/307ci"]
["1T02R40US0","TK-5197K toner (black)",15000,64.680000000000007,0.11997526283240578,56.92]
["1T02R4AUS0","TK-5197Y toner (yellow)",7000,107.53399999999999,0.11999925604924955,94.63]
["1T02R4BUS0","TK-5197M toner (magenta)",7000,107.53399999999999,0.11999925604924955,94.63]
["1T02R4CUS0","TK-5197C toner (cyan)",7000,107.53399999999999,0.11999925604924955,94.63]
["1702WL7US0","MK-5357A",200000,574,0.12,505.12]
["1702R40UN0","MK-5195B",200000,918.00799999999992,0.11999677562722755,807.85]
["1702P60UN0","MK-3140 KIT FOR DP 5100 AND STANDARD 308 DP",200000,71.399999999999991,0.1200280112044817,62.83]
["1902R60UN0","WT-5190    (waste toner box mono/color7:3)",44000,196,0.12000000000000011,172.48]
[null,"TASKalfa 358ci/356ci"]
["1T02R50US0","TK-5207K toner (black)",18000,77.615999999999985,0.12002679859822707,68.3]
["1T02R5AUS0","TK-5207Y toner (yellow)",12000,89.039999999999992,0.11994609164420478,78.36]
["1T02R5BUS0","TK-5207M toner (magenta)",12000,89.039999999999992,0.11994609164420478,78.36]
["1T02R5CUS0","TK-5207C toner (cyan)",12000,89.039999999999992,0.11994609164420478,78.36]
["1702V47US1","MK-5367A  (200k KIT drum,developer,transfer+paper feed roller)",200000,574,0.12,505.12]
["1702R50UN0","MK-5205B  (200K 3x drum/color developer)",200000,918.00799999999992,0.11999677562722755,807.85]
["1902R60UN0","WT-5190    (waste toner box mono/color7:3)",44000,196,0.12000000000000011,172.48]
["1903JY0000","SH-10 staples for DF-770/BF730",15000,43.4,0.12004608294930874,38.19]
[null,"TASKalfa 408ci"]
["1T02WH0US0","TK-5317K toner (black)",24000,82.305999999999997,0.11993701338465579,72.429279999999991]
["1T02WHAUS0","TK-5317Y toner (yellow)",18000,128.94,0.11996277338296868,113.46720000000001]
["1T02WHBUS0","TK-5317M toner (magenta)",18000,128.94,0.11996277338296868,113.46720000000001]
["1T02WHCUS0","TK-5317C toner (cyan)",18000,128.94,0.11996277338296868,113.46720000000001]
["1702WH7US0"," MK-5347A (300k KIT drum,developer,transfer+paper feed roller)",300000,868,0.12,763.84]
["1702WH0KL0"," MK-5225B (300K 3x drum/color developer)",300000,1349.81,0.12000207436602195,1187.83]
["1902R60UN2","WT-5191    (waste toner box mono/color7:3)",44000,19.599999999999998,0.11989795918367341,17.25]
["1903JY0000","SH-10       (Staples 3x cartridges)",15000,43.4,0.12004608294930874,38.19]
[null,"ECOSYS M8124cidn/ECOSYS M8130cidn"]
["1T02P30US0","TK-8117K toner (black)",12000,65.337999999999994,0.11996081912516443,57.5]
["1T02P3AUS0","TK-8117Y toner (yellow)",6000,89.823999999999984,0.119945671535447,79.05]
["1T02P3BUS0","TK-8117M toner (magenta)",6000,89.823999999999984,0.119945671535447,79.05]
["1T02P3CUS0","TK-8117C toner (cyan)",6000,89.823999999999984,0.119945671535447,79.05]
["1702P30UN0","MK-8115A- 200K Maintenance Kit\n(Drum/Developer(BK)/Fuser/Transfer Unit and Paper Feed Roller)",200000,796.31999999999994,0.12000200924251547,700.76]
["1702P30UN1","MK-8115B- 200K Maintenance Kit (3xDrum/ Color Developers)",200000,705.59999999999991,0.11999716553287976,620.92999999999995]
["1702P10UN0","MK-6110- 300K Maintenance Kit\n(Feed Roller for Document Processor)",300000,35.279999999999994,0.1198979591836733,31.05]
["1903JY0000","SH-10- Staples for DF-470",15000,43.4,0.12004608294930874,38.19]
[null,"TASKalfa2553ci/2552"]
["1T02L70US0","TK-8347K toner (black)",20000,88.759999999999991,0.119986480396575,78.11]
["1T02L7CUS1","TK-8347C\n(Approx. 12K Yield @ 5% Coverage)",12000,91.56,0.1200305810397555,80.569999999999993]
["1T02L7BUS1","TK-8347M\n(Approx. 12K Yield @ 5% Coverage)",12000,91.56,0.1200305810397555,80.569999999999993]
["1T02L7AUS1","TK-8347Y\n(Approx. 12K Yield @ 5% Coverage)",12000,91.56,0.1200305810397555,80.569999999999993]
["1702RL0UN3","MK-8335A",200000,162.39999999999998,0.12001231527093581,142.91]
["1702RL0UN0","MK-8335B",200000,577.58399999999995,0.1200067868916036,508.27]
["1702RL0UN1","MK-8335D",600000,1469.9859999999999,0.11999842175367659,1293.5899999999999]
["1702RL0UN2","MK-8335E",600000,354.64799999999997,0.12000067672734649,312.08999999999997]
["1903JY0000","SH-10 staples for DF-7120 AND BF-730",15000,43.4,0.12004608294930874,38.19]
["1903NB0UN0","SH-12 staples for DF-7110",15000,90,0.12,79.2]
["1903S80UN0","SH-14",25000,227,0.12,199.76]
["1902ND0UN0","WT-8500",40000,18.032,0.11989795918367352,15.87]
["1702RL0UN3","MK-8335A",200000,162.39999999999998,0.12001231527093581,142.91]
["1702RL0UN0","MK-8335B",200000,577.58399999999995,0.1200067868916036,508.27]
["1702RL0UN1","MK-8335D",600000,1469.9859999999999,0.11999842175367659,1293.5899999999999]
["1702RL0UN2","MK-8335E",600000,354.64799999999997,0.12000067672734649,312.08999999999997]
["1903JY0000","SH-10 staples for DF-7120 AND BF-730",15000,43.4,0.12004608294930874,38.19]
["1903NB0UN0","SH-12 staples for DF-7110",15000,90,0.12,79.2]
["1903S80UN0","SH-14",25000,227,0.12,199.76]
["1902ND0UN0","WT-8500",40000,18.032,0.11989795918367352,15.87]
["1702RL0UN3","MK-8335A",200000,162.39999999999998,0.12001231527093581,142.91]
["1702RL0UN0","MK-8335B",200000,577.58399999999995,0.1200067868916036,508.27]
["1702RL0UN1","MK-8335D",600000,1469.9859999999999,0.11999842175367659,1293.5899999999999]
["1702RL0UN2","MK-8335E",600000,354.64799999999997,0.12000067672734649,312.08999999999997]
["1903JY0000","SH-10 staples for DF-7120 AND BF-730",15000,43.4,0.12004608294930874,38.19]
["1903NB0UN0","SH-12 staples for DF-7110",15000,90,0.12,79.2]
["1903S80UN0","SH-14",25000,227,0.12,199.76]
["1902ND0UN0","WT-8500",40000,18.032,0.11989795918367352,15.87]
[null,"TASKalfa3253ci/3252"]
["1T02RL0US0","TK-8337K toner (black)",25000,97.971999999999994,0.11995263952966151,86.22]
["1T02RLCUS1","TK-8337C\n(Approx. 15K Yield @ 5% Coverage)",15000,101.01,0.11998811998811998,88.89]
["1T02RLBUS1","TK-8337M\n(Approx. 15K Yield @ 5% Coverage)",15000,101.01,0.11998811998811998,88.89]
["1T02RLAUS1","TK-8337Y\n(Approx. 15K Yield @ 5% Coverage)",15000,101.01,0.11998811998811998,88.89]
["1702RL0UN3","MK-8335A",200000,162.39999999999998,0.12001231527093581,142.91]
["1702RL0UN0","MK-8335B",200000,577.58399999999995,0.1200067868916036,508.27]
["1702RL0UN1","MK-8335D",600000,1469.9859999999999,0.11999842175367659,1293.5899999999999]
["1702RL0UN2","MK-8335E",600000,354.64799999999997,0.12000067672734649,312.08999999999997]
["1903JY0000","SH-10 staples for DF-7120 AND BF-730",15000,43.4,0.12004608294930874,38.19]
["1903NB0UN0","SH-12 staples for DF-7110",15000,90,0.12,79.2]
["1903S80UN0","SH-14",25000,227,0.12,199.76]
["1902ND0UN0","WT-8500",40000,18.032,0.11989795918367352,15.87]
[null,"TASKalfa3553ci/3552 TASKalfa4053ci/4052"]
["1T02RM0US0","TK-8527K toner (black)",25000,77.153999999999996,0.11994193431319167,67.900000000000006]
["1T02RMCUS1","TK-8527C\n(Approx. 15K Yield @ 5% Coverage)",15000,95.899999999999991,0.12002085505735127,84.39]
["1T02RMBUS1","TK-8527M\n(Approx. 15K Yield @ 5% Coverage)",15000,95.899999999999991,0.12002085505735127,84.39]
["1T02RMAUS1","TK-8527Y\n(Approx. 15K Yield @ 5% Coverage)",15000,95.899999999999991,0.12002085505735127,84.39]
["1702V80KL0","MK-8525A 600k Maintenance Kit  for 6052ci / 5052ci / 4052ci / 3552ci (Drum/Developer/Fuser/Transfer Unit and Paper Feed Roller)",600000,1959.9999999999998,0.11999999999999988,1724.8]
["1702V80KL1","MK-8525B 600k Maintenance Kit   for 6052ci / 5052ci / 4052ci / 3552ci (3xDrum/ Color Developers)",600000,2083.1999999999998,0.11999807987711208,1833.22]
["1902ND0UN0","WT-8500 Waste Toner box\n(9 Containers / Case : Yield  40K For Color Machine  @ 5% Coverage",40000,18.032,0.11989795918367352,15.87]
["1903JY0000","SH-10 staples for DF-770/BF730",15000,43.4,0.12004608294930874,38.19]
["1903NB0UN0","SH-12 staples for DF-790",15000,90,0.12,79.2]
[null,"TASKalfa5053ci/5052/TASKalfa6053ci/6052"]
["1T02ND0US0","TK-8517K toner (black)",30000,82.292000000000002,0.119963058377485,72.42]
["1T02NDCUS1","TK-8517C\n(Approx. 20K Yield @ 5% Coverage)",20000,104.64999999999999,0.12001911132345899,92.09]
["1T02NDBUS1","TK-8517M\n(Approx. 20K Yield @ 5% Coverage)",20000,104.64999999999999,0.12001911132345899,92.09]
["1T02NDAUS1","TK-8517Y\n(Approx. 20K Yield @ 5% Coverage)",20000,104.64999999999999,0.12001911132345899,92.09]
["1702V80KL0","MK-8525A 600k Maintenance Kit  for 6052ci / 5052ci / 4052ci / 3552ci (Drum/Developer/Fuser/Transfer Unit and Paper Feed Roller)",600000,1959.9999999999998,0.11999999999999988,1724.8]
["1702V80KL1","MK-8525B 600k Maintenance Kit   for 6052ci / 5052ci / 4052ci / 3552ci (3xDrum/ Color Developers)",600000,2083.1999999999998,0.11999807987711208,1833.22]
["1902ND0UN0","WT-8500 Waste Toner box\n(9 Containers / Case : Yield  40K For Color Machine  @ 5% Coverage",40000,18.032,0.11989795918367352,15.87]
["1903JY0000","SH-10 staples for DF-770/BF730",15000,43.4,0.12004608294930874,38.19]
["1903NB0UN0","SH-12 staples for DF-790",15000,90,0.12,79.2]
["1903S80UN0","SH-14",25000,227,0.12,199.76]
[null," TASKalfa 7353ci/8353ci"]
["1T02XN0US0","TK-8737K",85000,141.58199999999999,0.12000823384108694,124.59099423631122]
["1T02XNCUS0","TK-8737C - ",40000,209.27199999999996,0.12001172213444777,184.1569068854798]
["1T02XNBUS0","TK-8737M ",40000,209.27199999999996,0.12001172213444777,184.1569068854798]
["1T02XNAUS0","TK-8737Y",40000,209.27199999999996,0.12001172213444777,184.1569068854798]
["1702NH7US0","MK-8725A   (Drum/Developer/Fuser/Transfer Unit and Paper Feed Roller)",600000,1638,0.12,1441.44]
["1702NH0UN0","MK-8725B    (3x Drum / Color Developer Unit)",600000,1470,0.12000000000000011,1293.5999999999999]
["1902K90UN0","WT-861",25000,30.799999999999997,0.12012987012986998,27.1]
["1903JY0000","SH-10 staples for DF-770/BF730",15000,43.4,0.12004608294930874,38.19]
["1903NB0UN0","SH-12 staples for DF-7110",15000,90,0.12,79.2]
["1903S80UN0","SH-14",25000,227,0.12,199.76]
[null,"TASKalfa2554ci"]
["1T02YP0US0","TK-8367K - Toner (Black)",25000,110.94999999999999,0.1200305810397555,{"$f":"D243*0.88","v":97.635999999999996}]
["1T02YPCUS0","TK-8367C - Toner (Cyan) ",12000,91.56,0.119986480396575,{"$f":"D244*0.88","v":80.572800000000001}]
["1T02YPBUS0","TK-8367M -Toner (Magenta)",12000,91.56,0.1200305810397555,80.572800000000001]
["1T02YPAUS0","TK-8367Y - Toner (Yellow)",12000,91.56,0.1200305810397555,80.572800000000001]
[null,"TASKalfa 3554ci"]
["1T02XD0US0","TK-8377K Toner (Black)",30000,92.581999999999994,0.1200305810397555,{"$f":"D248*0.88","v":81.472159999999988}]
["1T02XDCUS0","TK-8377C - Toner Cyan",20000,127.86199999999999,0.119986480396575,{"$f":"D249*0.88","v":112.51855999999999}]
["1T02XDBUS0","TK-8377M - Toner Magenta",20000,127.86199999999999,0.1200305810397555,112.51855999999999]
["1T02XDAUS0","TK-8377Y - Toner Yellow",20000,127.86199999999999,0.1200305810397555,112.51855999999999]
[null,"4004/5004/6004/7004"]
["1T02XF0US0","TK-6347K Black Toner for 4004/5004/6004/7004",40000,137.15799999999999,0.12,{"$f":"D253*(1-E253)","v":120.69903999999998}]
[null," 4054ci/5054ci"]
["1T02YM0US0","TK-8547K Black Toner  for 4054ci/5054ci",30000,92.581999999999994,0.12,{"$f":"D255*(1-E255)","v":81.472159999999988}]
["1T02YMCUS0","TK-8547C Cyan Toner for 4054ci/5054ci ",20000,127.86199999999999,0.12,112.51855999999999]
["1T02YMBUS0","TK-8547M Magenta Toner  for 4054ci/5054ci",20000,127.86199999999999,0.12,112.51855999999999]
["1T02YMAUS0","TK-8547Y Yellow Toner  for 4054ci/5054ci ",20000,127.86199999999999,0.12,112.51855999999999]
[null,"6054ci/7054ci"]
["1T02XC0US0","TK-8557K -  Black Toner  for 6054ci/7054ci",40000,109.718,0.12,{"$f":"D260*(1-E260)","v":96.551839999999999}]
["1T02XCCUS0","TK-8557C - Cyan Toner for 6054ci/7054ci",24000,125.58,0.12,{"$f":"D261*(1-E261)","v":110.5104}]
["1T02XCBUS0","TK-8557M - Magenta Toner  for 6054ci/7054ci",24000,125.58,0.12,110.5104]
["1T02XCAUS0","TK-8557Y -  Yellow Tonerfor 6054ci/7054ci",24000,125.58,0.12,110.5104]
[]
[null,"TASKalfa 4012i",null,null,null,0]
["1T02V60US0","TK-7227",35000,150.91999999999999,0.12,133.81]
["1702V67US0","MK-7127   Maintenance kit\n(Drum/Developer(BK)/Transfer Unit/Fuser Unit/Paper Feed Roller)",600000,582.62400000000002,0.12,516.54999999999995]
["1903JY0000","SH-10 staples for DF-770/BF730",15000,43.4,0.12,38.479999999999997]
["1903NB0UN0","SH-12 staples for DF-7110",15000,90,0.12,79.790000000000006]
[]
[null,"TASKalfa MZ3200i",null,null,null,0]
["1T02V70US0","TK-7127\n",20000,86.24,0.12,76.459999999999994]
["1702V67US0","MK-7127 Maintenance kit\n(Drum/Developer(BK)/Transfer Unit/Fuser Unit/Paper Feed Roller)",600000,582.62400000000002,0.12,516.54999999999995]
["1903JY0000","SH-10 staples for DF-770/BF730",15000,43.4,0.12,38.479999999999997]
["1903NB0UN0","SH-12 staples for DF-791",15000,90,0.12,79.790000000000006]

{"sheet":"MPS Pricing","index":4,"n_rows":35,"n_cols":15,"rows_kept":35,"cut":false,"hidden":false,"merged":[[27,7,27,8],[27,10,27,11],[28,0,28,2],[28,5,31,11],[29,0,30,1],[31,0,31,1],[27,5,27,6],[32,0,32,1],[33,0,33,1],[34,0,34,1],[21,0,21,2],[22,0,23,1],[24,0,24,1],[27,0,27,2],[24,5,24,11],[25,0,25,1],[25,5,26,6],[25,7,26,11],[26,0,26,1],[19,4,20,14],[20,0,20,1],[11,0,11,2],[12,0,13,1],[12,4,12,14],[13,4,14,4],[13,5,13,14],[14,0,14,1],[15,0,15,1],[16,0,16,1],[17,0,17,1],[18,0,18,1],[19,0,19,1],[9,4,10,14],[10,0,10,1],[0,1,0,7],[2,0,2,2],[2,4,2,14],[3,0,4,1],[3,4,4,4],[3,5,3,14],[5,0,5,1],[6,0,6,1],[7,0,7,1],[8,0,8,1],[9,0,9,1]]}
[null,"Kyocera Document Solutions America, Inc."]
[]
["Required MPS Components",null,null,null,"Cost Per Click w/OEM Supplies (Billed Monthly)"]
["Implementation (One-time Charge)",null,"Price Per Unit",null,"Device Type","Pages Per Minute"]
[null,null,10,null,null,"Up to 20","21 - 30","31 - 40","41 - 50","51 - 60","61 - 70","71 - 90","91 - 110","111 - 130","131+"]
["Plan Development",null,"(Included)",null,"Single-function Mono",0.04,0.03,0.02,0.01,0.01,0.01,0.01,0.01,0.01,0.01]
["Hardware and Software Installation and Set-up ",null,"(Included)",null,"Single-function Color",0.2,0.15,0.1,0.1,0.1,0.1,0.1,0.1,0.1,0.1]
["Device Mapping",null,"(Included)",null,"Multi-function Mono",0,0,0,0,0,0,0,0,0,0]
["IT Asset Registration",null,"(Included)",null,"Multi-function Color",0,0,0,0,0,0,0,0,0,0]
[null,null,null,null,"Note:  Cost Per Click rates do not include Equipment costs. They must only consist of parts, labor, and OEM Supplies."]
[]
[]
["Remote Device Monitoring (Billed Monthly)",null,"Price Per Unit",null,"Cost Per Click w/Compatible Supplies (Billed Monthly)"]
[null,null,0.1,null,"Device Type","Pages Per Minute"]
["Job Accounting",null,"(Included)",null,null,"Up to 20","21 - 30","31 - 40","41 - 50","51 - 60","61 - 70","71 - 90","91 - 110","111 - 130","131+"]
["Automated Meter Reads",null,"(Included)",null,"Single-function Mono",0.04,0.03,0.02,0.01,0.01,0.01,0.01,0.01,0.01,0.01]
["Automated Toner Replenishment",null,"(Included)",null,"Single-function Color",0.2,0.15,0.1,0.1,0.1,0.1,0.1,0.1,0.1,0.1]
["Device Utilization Reporting",null,"(Included)",null,"Multi-function Mono",0,0,0,0,0,0,0,0,0,0]
["Automated Failure Alerts",null,"(Included)",null,"Multi-function Color",0,0,0,0,0,0,0,0,0,0]
["Online Reporting",null,"(Included)",null,"Note:  Cost Per Click rates do not include Equipment costs. They must only consist of parts, labor, and Compatible Supplies."]
[]
[]
["End-user Support (Billed Monthly)",null,"Price Per Hour"]
[null,null,150]
["Training",null,"(Included)"]
["Help Desk",null,"(Included)"]
["Application Trianing Support",null,"(Included)"]
["Note: Billable only AFTER the initial one (1) free hour"]
[]
["Account Management (Billed Monthly)",null,"Price Per Unit"]
[null,null,0]
["Reporting",null,"(Included)"]
["Invoicing",null,"(Included)"]
["Customer Business Review",null,"(Included)"]
["Annual Business Case Review",null,"(Included)"]

{"sheet":"GROUP A S&S Pricing","index":5,"n_rows":104,"n_cols":37,"rows_kept":104,"cut":false,"hidden":false,"merged":[[15,29,15,30],[16,29,16,30],[50,29,50,30],[52,29,52,30],[20,31,20,32],[19,31,19,32],[16,31,16,32],[15,31,15,32],[12,31,12,32],[12,29,12,30],[45,29,45,30],[23,31,23,32],[24,31,24,32],[27,31,27,32],[28,31,28,32],[9,31,9,32],[8,31,8,32],[6,31,6,32],[5,31,5,32],[93,31,93,32],[95,31,95,32],[45,31,45,32],[44,31,44,32],[43,31,43,32],[40,31,40,32],[39,31,39,32],[36,31,36,32],[35,31,35,32],[80,31,80,32],[81,31,81,32],[83,31,83,32],[84,31,84,32],[86,31,86,32],[87,31,87,32],[89,31,89,32],[90,31,90,32],[92,31,92,32],[56,31,56,32],[58,31,58,32],[40,19,40,20],[43,19,43,20],[44,19,44,20],[59,31,59,32],[60,31,60,32],[62,31,62,32],[64,31,64,32],[66,31,66,32],[46,31,46,32],[47,31,47,32],[48,31,48,32],[49,31,49,32],[50,31,50,32],[52,31,52,32],[53,31,53,32],[54,31,54,32],[55,31,55,32],[49,22,49,23],[49,29,49,30],[53,29,53,30],[54,29,54,30],[46,22,46,23],[46,25,46,26],[52,25,52,26],[74,7,74,8],[75,7,75,8],[78,9,78,10],[79,9,79,10],[74,9,74,10],[62,7,62,8],[64,7,64,8],[66,7,66,8],[15,7,15,8],[16,7,16,8],[19,7,19,8],[20,7,20,8],[23,7,23,8],[24,7,24,8],[45,7,45,8],[46,7,46,8],[47,7,47,8],[48,7,48,8],[49,7,49,8],[50,7,50,8],[52,7,52,8],[53,7,53,8],[54,7,54,8],[28,7,28,8],[15,22,15,23],[16,22,16,23],[12,25,12,26],[15,25,15,26],[6,29,6,30],[6,3,6,4],[6,5,6,6],[5,17,5,18],[5,19,5,20],[5,22,5,23],[5,25,5,26],[6,25,6,26],[5,3,5,4],[5,5,5,6],[5,9,5,10],[6,22,6,23],[5,7,5,8],[6,7,6,8],[12,15,12,16],[12,19,12,20],[5,29,5,30],[8,7,8,8],[9,7,9,8],[12,7,12,8],[0,1,0,20],[1,0,1,24],[1,25,1,36],[2,0,2,24],[2,25,2,36],[3,0,3,24],[3,25,3,36],[4,0,4,24],[4,25,4,36],[5,0,7,1],[22,0,28,0],[30,0,36,0],[38,0,44,0],[45,0,45,1],[45,3,45,4],[45,5,45,6],[45,9,45,10],[5,15,5,16],[6,15,6,16],[9,3,9,4],[8,3,8,4],[9,5,9,6],[8,5,8,6],[23,3,23,4],[24,3,24,4],[27,3,27,4],[28,3,28,4],[27,5,27,6],[28,5,28,6],[27,9,27,10],[28,9,28,10],[27,15,27,16],[18,0,20,0],[45,35,45,36],[6,17,6,18],[45,17,45,18],[6,19,6,20],[6,9,6,10],[45,25,45,26],[48,17,48,18],[49,17,49,18],[45,19,45,20],[46,19,46,20],[47,19,47,20],[48,19,48,20],[49,19,49,20],[45,22,45,23],[9,9,9,10],[8,9,8,10],[8,17,8,18],[9,17,9,18],[8,19,8,20],[9,19,9,20],[8,22,8,23],[9,22,9,23],[8,25,8,26],[8,35,8,36],[9,35,9,36],[5,35,6,36],[8,29,8,30],[9,29,9,30],[16,9,16,10],[12,17,12,18],[8,0,8,1],[9,0,9,1],[10,0,10,1],[11,0,16,0],[12,3,12,4],[15,3,15,4],[16,3,16,4],[12,5,12,6],[15,5,15,6],[16,5,16,6],[12,9,12,10],[15,9,15,10],[16,25,16,26],[9,25,9,26],[12,35,12,36],[15,35,15,36],[16,35,16,36],[12,22,12,23],[46,0,50,0],[49,9,49,10],[50,9,50,10],[50,17,50,18],[52,0,56,0],[52,3,52,4],[56,9,56,10],[45,15,45,16],[53,9,53,10],[54,9,54,10],[55,9,55,10],[52,17,52,18],[53,17,53,18],[54,17,54,18],[56,3,56,4],[56,5,56,6],[55,7,55,8],[49,5,49,6],[55,17,55,18],[56,17,56,18],[56,7,56,8],[54,22,54,23],[52,22,52,23],[53,22,53,23],[46,29,46,30],[46,35,46,36],[47,3,47,4],[47,5,47,6],[47,35,47,36],[46,17,46,18],[47,17,47,18],[46,3,46,4],[46,5,46,6],[46,9,46,10],[47,9,47,10],[48,22,48,23],[47,25,47,26],[48,25,48,26],[49,25,49,26],[50,25,50,26],[46,15,46,16],[47,15,47,16],[48,15,48,16],[49,15,49,16],[50,15,50,16],[52,15,52,16],[53,15,53,16],[54,15,54,16],[50,19,50,20],[52,19,52,20],[53,19,53,20],[54,19,54,20],[48,29,48,30],[50,35,50,36],[51,35,51,36],[55,29,55,30],[54,35,54,36],[48,5,48,6],[50,3,50,4],[50,5,50,6],[52,5,52,6],[52,9,52,10],[48,3,48,4],[53,35,53,36],[54,3,54,4],[48,35,48,36],[49,3,49,4],[53,25,53,26],[54,25,54,26],[48,9,48,10],[50,22,50,23],[49,35,49,36],[52,35,52,36],[53,3,53,4],[53,5,53,6],[54,5,54,6],[61,19,61,20],[56,35,56,36],[56,22,56,23],[56,29,56,30],[56,19,56,20],[55,25,55,26],[56,25,56,26],[55,3,55,4],[55,5,55,6],[55,15,55,16],[56,15,56,16],[55,35,55,36],[55,19,55,20],[59,29,59,30],[60,29,60,30],[60,35,60,36],[61,3,61,4],[61,5,61,6],[58,15,58,16],[58,9,58,10],[59,9,59,10],[60,9,60,10],[61,9,61,10],[58,17,58,18],[59,17,59,18],[60,17,60,18],[61,35,61,36],[61,17,61,18],[59,7,59,8],[60,7,60,8],[61,7,61,8],[59,15,59,16],[60,15,60,16],[57,35,57,36],[61,22,61,23],[58,19,58,20],[66,0,67,0],[66,3,66,4],[58,0,62,0],[58,3,58,4],[58,5,58,6],[58,22,58,23],[58,29,58,30],[58,35,58,36],[59,3,59,4],[59,5,59,6],[59,35,59,36],[60,3,60,4],[58,7,58,8],[60,5,60,6],[61,15,61,16],[58,25,58,26],[59,25,59,26],[60,25,60,26],[61,25,61,26],[62,25,62,26],[59,22,59,23],[60,22,60,23],[59,19,59,20],[60,19,60,20],[62,9,62,10],[64,9,64,10],[64,22,64,23],[62,3,62,4],[62,5,62,6],[62,35,62,36],[62,19,62,20],[63,0,63,4],[63,35,63,36],[64,3,64,4],[64,5,64,6],[62,22,62,23],[62,29,62,30],[64,29,64,30],[64,35,64,36],[62,15,62,16],[64,15,64,16],[62,17,62,18],[64,17,64,18],[64,19,64,20],[66,5,66,6],[67,3,67,4],[67,5,67,6],[67,15,67,16],[67,35,67,36],[67,9,67,10],[67,17,67,18],[67,19,67,20],[67,22,67,23],[66,9,66,10],[66,15,66,16],[66,17,66,18],[66,22,66,23],[66,19,66,20],[67,7,67,8],[66,29,66,30],[66,35,66,36],[73,35,73,36],[72,35,72,36],[73,17,73,18],[72,22,72,23],[73,22,73,23],[72,5,72,6],[69,5,69,6],[69,35,69,36],[70,35,70,36],[69,22,69,23],[69,25,69,26],[69,19,69,20],[70,19,70,20],[69,15,69,16],[70,15,70,16],[69,17,69,18],[70,17,70,18],[69,7,69,8],[70,7,70,8],[72,7,72,8],[73,7,73,8],[75,35,75,36],[74,35,74,36],[74,17,74,18],[75,17,75,18],[74,22,74,23],[75,22,75,23],[74,19,74,20],[75,19,75,20],[74,25,74,26],[75,25,75,26],[77,35,77,36],[76,35,76,36],[76,17,76,18],[77,17,77,18],[76,22,76,23],[77,22,77,23],[77,0,77,1],[77,3,77,4],[77,5,77,6],[76,0,76,1],[76,3,76,4],[76,5,76,6],[76,19,76,20],[76,25,76,26],[76,9,76,10],[77,9,77,10],[77,19,77,20],[76,7,76,8],[77,7,77,8],[76,15,76,16],[77,15,77,16],[79,35,79,36],[78,31,78,32],[78,35,78,36],[78,17,78,18],[79,17,79,18],[78,19,78,20],[79,19,79,20],[78,22,78,23],[79,22,79,23],[78,25,78,26],[79,25,79,26],[78,29,78,30],[83,35,83,36],[83,22,83,23],[82,0,82,13],[80,15,80,16],[81,15,81,16],[81,17,81,18],[80,7,80,8],[81,7,81,8],[83,7,83,8],[81,29,81,30],[81,35,81,36],[80,29,80,30],[80,35,80,36],[81,0,81,1],[81,3,81,4],[81,5,81,6],[80,0,80,1],[80,3,80,4],[80,5,80,6],[80,9,80,10],[80,17,80,18],[80,19,80,20],[83,0,83,1],[83,3,83,4],[83,5,83,6],[84,17,84,18],[83,15,83,16],[84,15,84,16],[84,19,84,20],[84,22,84,23],[84,25,84,26],[89,3,89,4],[89,5,89,6],[89,17,89,18],[86,35,86,36],[87,0,87,1],[87,3,87,4],[87,5,87,6],[87,22,87,23],[86,22,86,23],[86,29,86,30],[86,0,86,1],[86,19,86,20],[87,19,87,20],[86,3,86,4],[86,5,86,6],[87,29,87,30],[87,35,87,36],[86,25,86,26],[87,25,87,26],[86,17,86,18],[87,17,87,18],[86,15,86,16],[87,15,87,16],[93,17,93,18],[92,19,92,20],[93,19,93,20],[93,22,93,23],[92,3,92,4],[93,15,93,16],[92,17,92,18],[90,17,90,18],[92,7,92,8],[93,7,93,8],[92,5,92,6],[90,3,90,4],[90,5,90,6],[90,9,90,10],[90,19,90,20],[90,7,90,8],[84,29,84,30],[84,35,84,36],[83,9,83,10],[84,9,84,10],[95,3,95,4],[95,5,95,6],[95,29,95,30],[95,35,95,36],[95,22,95,23],[95,25,95,26],[95,17,95,18],[95,19,95,20],[95,9,95,10],[95,15,95,16],[95,7,95,8],[93,3,93,4],[93,5,93,6],[93,25,93,26],[92,35,92,36],[90,29,90,30],[90,35,90,36],[90,22,90,23],[90,25,90,26],[92,25,92,26],[96,35,96,36],[94,35,94,36],[92,22,92,23],[92,29,92,30],[93,29,93,30],[93,35,93,36],[88,35,88,36],[89,35,89,36],[89,22,89,23],[89,29,89,30],[89,25,89,26],[71,0,71,1],[72,9,72,10],[73,9,73,10],[69,0,70,0],[69,3,69,4],[72,15,72,16],[73,15,73,16],[74,15,74,16],[75,15,75,16],[73,0,73,1],[73,3,73,4],[73,5,73,6],[72,0,72,1],[72,3,72,4],[75,0,75,1],[75,3,75,4],[75,5,75,6],[74,0,74,1],[74,3,74,4],[70,3,70,4],[70,5,70,6],[70,9,70,10],[69,9,69,10],[74,5,74,6],[92,0,93,0],[86,9,86,10],[84,0,84,1],[84,3,84,4],[84,5,84,6],[81,9,81,10],[78,0,78,1],[78,3,78,4],[78,5,78,6],[89,9,89,10],[93,9,93,10],[88,0,88,1],[89,0,90,0],[85,0,85,4],[87,9,87,10],[79,0,79,1],[79,3,79,4],[79,5,79,6],[89,7,89,8],[78,7,78,8],[79,7,79,8],[84,7,84,8],[86,7,86,8],[87,7,87,8],[72,17,72,18],[81,19,81,20],[83,19,83,20],[73,19,73,20],[72,25,72,26],[73,25,73,26],[80,22,80,23],[81,22,81,23],[70,22,70,23],[70,25,70,26],[72,19,72,20],[80,25,80,26],[92,9,92,10],[89,15,89,16],[90,15,90,16],[92,15,92,16],[78,15,78,16],[79,15,79,16],[75,9,75,10],[89,19,89,20],[83,17,83,18],[81,25,81,26],[83,25,83,26],[77,25,77,26],[19,22,19,23],[20,22,20,23],[19,25,19,26],[20,25,20,26],[19,29,19,30],[20,29,20,30],[23,25,23,26],[24,25,24,26],[27,25,27,26],[28,25,28,26],[31,22,31,23],[32,22,32,23],[35,22,35,23],[36,22,36,23],[64,25,64,26],[66,25,66,26],[67,25,67,26],[83,29,83,30],[55,22,55,23],[47,22,47,23],[47,29,47,30],[19,35,19,36],[20,35,20,36],[19,3,19,4],[20,3,20,4],[19,5,19,6],[20,5,20,6],[19,9,19,10],[20,9,20,10],[19,15,19,16],[20,15,20,16],[19,17,19,18],[20,17,20,18],[15,15,15,16],[16,15,16,16],[15,17,15,18],[16,17,16,18],[15,19,15,20],[16,19,16,20],[23,5,23,6],[24,5,24,6],[23,9,23,10],[24,9,24,10],[23,15,23,16],[24,15,24,16],[23,17,23,18],[24,17,24,18],[19,19,19,20],[20,19,20,20],[27,17,27,18],[27,7,27,8],[28,17,28,18],[23,19,23,20],[24,19,24,20],[27,19,27,20],[28,19,28,20],[23,22,23,23],[24,22,24,23],[27,22,27,23],[28,22,28,23],[28,15,28,16],[23,35,23,36],[24,35,24,36],[27,35,27,36],[28,35,28,36],[28,29,28,30],[27,29,27,30],[24,29,24,30],[23,29,23,30],[31,35,31,36],[32,35,32,36],[35,35,35,36],[36,35,36,36],[31,31,31,32],[32,31,32,32],[35,29,35,30],[36,29,36,30],[31,25,31,26],[32,25,32,26],[35,25,35,26],[36,25,36,26],[32,29,32,30],[31,29,31,30],[31,3,31,4],[32,3,32,4],[35,3,35,4],[36,3,36,4],[39,3,39,4],[39,19,39,20],[39,22,39,23],[31,19,31,20],[32,19,32,20],[35,19,35,20],[36,19,36,20],[31,17,31,18],[32,17,32,18],[35,17,35,18],[36,17,36,18],[31,15,31,16],[32,15,32,16],[35,15,35,16],[36,15,36,16],[31,9,31,10],[32,9,32,10],[35,9,35,10],[36,9,36,10],[31,5,31,6],[32,5,32,6],[35,5,35,6],[36,5,36,6],[36,7,36,8],[43,5,43,6],[31,7,31,8],[32,7,32,8],[35,7,35,8],[44,5,44,6],[43,3,43,4],[44,3,44,4],[39,15,39,16],[40,15,40,16],[43,15,43,16],[44,15,44,16],[39,17,39,18],[40,17,40,18],[43,17,43,18],[44,17,44,18],[43,7,43,8],[44,7,44,8],[40,3,40,4],[39,5,39,6],[40,5,40,6],[39,9,39,10],[40,9,40,10],[40,7,40,8],[39,7,39,8],[43,9,43,10],[44,9,44,10],[39,35,39,36],[40,35,40,36],[43,35,43,36],[44,35,44,36],[40,22,40,23],[43,22,43,23],[44,22,44,23],[39,25,39,26],[40,25,40,26],[43,25,43,26],[44,25,44,26],[39,29,39,30],[40,29,40,30],[43,29,43,30],[44,29,44,30]]}
[null,"KYOCERA Business Solutions America, Inc."]
["Group A "]
["Multi-function Devices (MFD), A3"]
["Service and Supplies Pricing"]
["Includes B&W and Color/B&W Segments"]
["Service and Supply Pricing",null,"Segment 2\nB&W\n(20 - 30)","Segment 2",null,"Segment 2",null,"Segment 2",null,"Segment 2",null,"Segment 3","Segment 3","Segment 3","Segment 3","Segment 3",null,"Segment 3",null,"Segment 3",null,"Segment 4","Segment 4",null,"Segment 5","Segment 5",null,"Segment 6","Segment 6","Segment 6",null,"Segment 6",null,"Segment 7","Segment 7","Segment 7\n(71 - 90)"]
[null,null,"(20 - 30)","(20 - 30)",null,"(20 - 30)",null,"(20 - 30)",null,"(20 - 30)",null,"(31 - 40)","(31 - 40)","(31 - 40)","(31 - 40)","(31-40)",null,"(31-40)",null,"(31-40)",null,"(41 - 50)","(41 - 50)",null,"(51 - 60)","(51 - 60)",null,"(61 - 70)","(61 - 70)","(61 - 70)",null,"(61 - 70)",null,"(71 - 90)","(71 - 90)"]
[null,null,"B&W","Color","B&W","Color","B&W","Color","B&W","Color","B&W","B&W","B&W","B&W","B&W","Color","B&W","Color","B&W","Color","B&W","B&W","Color","B&W","B&W","Color","B&W","B&W","B&W","Color","B&W","Color","B&W","B&W","B&W","Color","B&W"]
["Make",null,"KYOCERA","KYOCERA",null,"KYOCERA",null,"KYOCERA",null,"KYOCERA",null,"KYOCERA","KYOCERA","KYOCERA","KYOCERA","KYOCERA","KYOCERA","KYOCERA",null,"KYOCERA",null,"KYOCERA","KYOCERA",null,"KYOCERA","KYOCERA",null,"KYOCERA","KYOCERA","KYOCERA",null,"KYOCERA",null,"KYOCERA","KYOCERA","KYOCERA"]
["Model",null,"ECOSYS M4125idn","ECOSYS M8124cidn",null,"ECOSYS M8130cidn",null,"TASKalfa/Copy Star 2553ci",null,"TASKalfa/Copy Star 2554ci",null,"ECOSYS M4132idn","TASKalfa/Copy Star 3212i","TASKalfa/Copy Star 4012i","TASKalfa/Copy Star 4004i","TASKalfa/Copy Star 3253ci","TASKalfa/Copy Star 3253ci","TASKalfa/Copy Star 3554ci",null,"TASKalfa/Copy Star 4054ci",null,"TASKalfa/Copy Star 5004i","TASKalfa/Copy Star 5054ci ",null,"TASKalfa/Copy Star 6004i","TASKalfa/Copy Star 6054ci",null,"TASKalfa/Copy Star 7004i","TASKalfa/Copy Star 7003i","TASKalfa/Copy Star 7054ci",null,"TASKalfa/Copy Star 7353ci",null,"TASKalfa/Copy Star 8003i","TASKalfa/Copy Star 9003i","TASKalfa/Copy Star 8353ci "]
["Maintenance Agreements\n"]
["Zero Base Charge","Includes OEM toner, parts, labor (no staples)",9.4999999999999998E-3,7.0000000000000007E-2,9.7999999999999997E-3,7.0000000000000007E-2,9.4999999999999998E-3,5.568E-2,7.8259999999999996E-3,5.57E-2,7.7999999999999996E-3,9.4999999999999998E-3,8.5000000000000006E-3,8.5000000000000006E-3,6.8250000000000003E-3,5.2469999999999996E-2,7.8259999999999996E-3,4.7E-2,5.7999999999999996E-3,4.6800000000000001E-2,5.4000000000000003E-3,6.4999999999999997E-3,3.8699999999999998E-2,4.8999999999999998E-3,5.7999999999999996E-3,3.8699999999999998E-2,4.5999999999999999E-3,5.7999999999999996E-3,5.1000000000000004E-3,4.2500000000000003E-2,6.7999999999999996E-3,4.2500000000000003E-2,6.7999999999999996E-3,4.7999999999999996E-3,4.7000000000000002E-3,4.2500000000000003E-2,6.6E-3]
[null,"Parts and labor only (no supplies)",6.2355555555555549E-3,6.5675925925925919E-3,null,6.2342592592592588E-3,null,6.5888888888888889E-3,null,6.6E-3,null,6.2355555555555549E-3,6.0222222222222222E-3,6.0222222222222222E-3,5.612063492063492E-3,7.000888888888889E-3,null,4.4999999999999997E-3,null,4.0000000000000001E-3,null,5.1000000000000004E-3,3.7000000000000002E-3,null,3.8E-3,3.3E-3,null,3.8E-3,4.0068253968253975E-3,6.1000000000000004E-3,null,6.1102857142857139E-3,null,3.6734920634920632E-3,3.5623809523809527E-3,5.9102857142857151E-3]
[null,"11 x 17\" impressions (counts as 2 clicks)",9.4999999999999998E-3,7.0000000000000007E-2,9.7999999999999997E-3,7.0000000000000007E-2,9.4999999999999998E-3,5.568E-2,7.8259999999999996E-3,5.57E-2,7.7999999999999996E-3,9.4999999999999998E-3,8.5000000000000006E-3,8.5000000000000006E-3,6.8250000000000003E-3,5.2469999999999996E-2,7.8259999999999996E-3,4.7E-2,5.7999999999999996E-3,4.6800000000000001E-2,5.4000000000000003E-3,6.4999999999999997E-3,3.8699999999999998E-2,4.8999999999999998E-3,5.7999999999999996E-3,3.8699999999999998E-2,4.5999999999999999E-3,5.7999999999999996E-3,5.1000000000000004E-3,4.2500000000000003E-2,6.7999999999999996E-3,4.2500000000000003E-2,6.7999999999999996E-3,4.7999999999999996E-3,4.7000000000000002E-3,4.2500000000000003E-2,6.6E-3]
[null,"% Increase in rate for inclusion of staples",3.1578947368421054E-2,4.2857142857142851E-3,3.0612244897959183E-2,4.2857142857142851E-3,3.1578947368421054E-2,5.3879310344827581E-3,3.8333759263991823E-2,5.3879310344827581E-3,3.8333759263991823E-2,3.1578947368421054E-2,3.5294117647058816E-2,3.5294117647058816E-2,4.3956043956043953E-2,5.717552887364208E-3,3.8333759263991823E-2,6.3775510204081625E-3,5.1903114186851201E-2,6.4102564102564092E-3,5.5555555555555546E-2,4.6082949308755755E-2,7.756948933419521E-3,6.097560975609756E-2,5.1885160843998614E-2,7.756948933419521E-3,6.4935064935064929E-2,5.1885160843998614E-2,5.8823529411764698E-2,7.0588235294117632E-3,4.4117647058823525E-2,7.0588235294117632E-3,4.4117647058823525E-2,6.25E-2,6.3829787234042548E-2,7.0588235294117632E-3,4.5454545454545449E-2]
[null,"% Increase in rate for Rural Service Zone ","0%¹","0%¹",null,"0%¹",null,"0%¹",null,"0%¹",null,"0%¹","0%¹","0%¹","0%¹","0%¹",null,"0%¹",null,"0%¹",null,"0%¹","0%¹",null,"0%¹","0%¹",null,"0%¹","0%¹","0%¹",null,"0%¹",null,"0%¹","0%¹","0%¹"]
[null,"% Increase in rate for Remote Service Zone","0%²","0%²",null,"0%²",null,"0%²",null,"0%²",null,"0%²","0%²","0%²","0%²","0%²",null,"0%²",null,"0%²",null,"0%²","0%²",null,"0%²","0%²",null,"0%²","0%²","0%²",null,"0%²",null,"0%²","0%²","0%²"]
[]
["Flat Rate Fee","Parts and labor only (no supplies) MONTHLY",24.318666666666662,0,24.313611111111108,0,24.313611111111108,0,51.393333333333331,0,51.393333333333331,40.125799999999998,46.973333333333336,46.973333333333336,43.774095238095242,0,68.25866666666667,0,43.577625000000005,0,38.946374999999996,49.300952380952381,0,50.516374999999996,59.814857142857136,0,51.882999999999996,59.814857142857136,125.0129523809524,0,131.06562857142856,0,131.06562857142856,164.75611904761902,208.39928571428575,0,207.45102857142859]
[null,"% Increase in rate for Rural Service Zone","0%¹","0%¹",null,"0%¹",null,"0%¹",null,"0%¹",null,"0%¹","0%¹","0%¹","0%¹","0%¹",null,"0%¹",null,"0%¹",null,"0%¹","0%¹",null,"0%¹","0%¹",null,"0%¹","0%¹","0%¹",null,"0%¹",null,"0%¹","0%¹","0%¹"]
[null,"% Increase in rate for Remote Service Zone","0%²","0%²",null,"0%²",null,"0%²",null,"0%²",null,"0%²","0%²","0%²","0%²","0%²",null,"0%²",null,"0%²",null,"0%²","0%²",null,"0%²","0%²",null,"0%²","0%²","0%²",null,"0%²",null,"0%²","0%²","0%²"]
[]
["Monthly Base Charge\nOption 1","Included Number of Clicks per Month",1000,0,675,0,1000,0,2000,0,2000,1650,2000,2000,2000,0,2500,0,2500,0,2500,2500,0,3500,4000,0,4000,4000,8000,0,5500,0,5500,11500,15000,0,9000]
[null,"Base Charge - includes OEM toner, parts, labor (no staples)",9.3099999999999987,6.4826999999999995,null,9.3099999999999987,null,15.338959999999998,null,15.4,null,15.361499999999998,16.66,16.66,13.377000000000001,19.173699999999997,null,14.25,null,13.23,null,15.949499999999999,16.875599999999999,null,22.66544,18.110399999999998,null,22.66544,39.984000000000002,36.652000000000001,null,36.652000000000001,null,54.095999999999997,69.09,58.211999999999996]
[null,"Base Charge - parts and labor only (no supplies)",8.1062222222222218,5.7630624999999993,null,8.1045370370370371,null,14.495555555555557,null,14.495555555555557,null,12.346399999999999,14.453333333333333,14.453333333333333,12.346539682539683,17.502222222222223,null,11.25,null,10.984875000000001,null,13.905396825396826,14.248208333333332,null,18.404571428571426,15.963999999999999,null,18.404571428571426,35.260063492063502,33.606571428571428,null,33.606571428571428,null,50.694190476190471,64.122857142857143,53.192571428571434]
[null,"Overage Rate",9.3099999999999988E-3,7.0000000000000007E-2,9.6039999999999997E-3,7.0000000000000007E-2,9.3099999999999988E-3,5.568E-2,7.6694799999999994E-3,5.57E-2,7.7000000000000002E-3,9.3099999999999988E-3,8.3300000000000006E-3,8.3300000000000006E-3,6.6885E-3,5.2469999999999996E-2,7.6694799999999994E-3,4.7E-2,5.7000000000000002E-3,4.6800000000000001E-2,5.2919999999999998E-3,6.3797999999999997E-3,3.8675000000000001E-2,4.8215999999999997E-3,5.6663599999999996E-3,3.8675000000000001E-2,4.5275999999999997E-3,5.6663599999999996E-3,4.9979999999999998E-3,4.2500000000000003E-2,6.6639999999999998E-3,4.2500000000000003E-2,6.6639999999999998E-3,4.7039999999999998E-3,4.6059999999999999E-3,4.2500000000000003E-2,6.4679999999999998E-3]
[null,"% Increase in rate for inclusion of staples",3.2223415682062301E-2,4.2857142857142851E-3,3.1236984589754269E-2,4.2857142857142851E-3,3.2223415682062301E-2,5.3879310344827581E-3,3.9116080881624306E-2,5.3879310344827581E-3,3.9116080881624306E-2,3.2223415682062301E-2,3.6014405762304913E-2,3.6014405762304913E-2,4.4853106077595871E-2,5.717552887364208E-3,3.9116080881624306E-2,6.3775510204081625E-3,5.2962361415154292E-2,6.4102564102564092E-3,5.6689342403628114E-2,4.7023417661995671E-2,7.756948933419521E-3,6.2220009955201591E-2,5.2944041677549611E-2,7.756948933419521E-3,6.6260270341902988E-2,5.2944041677549611E-2,6.0024009603841535E-2,7.0588235294117632E-3,4.5018007202881148E-2,7.0588235294117632E-3,4.5018007202881148E-2,6.3775510204081634E-2,6.5132435953104639E-2,7.0588235294117632E-3,4.6382189239332093E-2]
[null,"% Increase in rate for Rural Service Zone","0%¹","0%¹",null,"0%¹",null,"0%¹",null,"0%¹",null,"0%¹","0%¹","0%¹","0%¹","0%¹",null,"0%¹",null,"0%¹",null,"0%¹","0%¹",null,"0%¹","0%¹",null,"0%¹","0%¹","0%¹",null,"0%¹",null,"0%¹","0%¹","0%¹"]
[null,"% Increase in rate for Remote Service Zone","0%²","0%²",null,"0%²",null,"0%²",null,"0%²",null,"0%²","0%²","0%²","0%²","0%²",null,"0%²",null,"0%²",null,"0%²","0%²",null,"0%²","0%²",null,"0%²","0%²","0%²",null,"0%²",null,"0%²","0%²","0%²"]
[]
["Monthly Base Charge\nOption 2","Included Number of Clicks per Month",2000,0,1350,0,2000,0,4000,0,4000,3300,4000,4000,4000,0,5000,0,5000,0,5000,5000,0,7000,8000,0,8000,8000,16000,0,11000,0,11000,23000,30000,0,18000]
[null,"Base Charge - includes OEM toner, parts, labor (no staples)",18.239999999999998,12.700799999999999,null,18.239999999999998,null,30.051839999999995,null,30,null,30.096,32.64,32.64,26.207999999999998,37.564799999999998,null,27.5,null,25.92,null,31.248000000000001,33.062399999999997,null,44.405759999999994,35.481599999999993,null,44.405759999999994,78.335999999999999,71.807999999999993,null,71.807999999999993,null,105.98399999999998,135.36000000000001,114.04799999999999]
[null,"Base Charge - parts and labor only (no supplies)",14.965333333333332,10.639499999999998,null,14.962222222222222,null,28.991111111111113,null,28.991111111111113,null,24.692799999999998,28.906666666666666,28.906666666666666,24.693079365079367,35.004444444444445,null,22.5,null,21.969750000000001,null,27.810793650793652,28.496416666666665,null,36.809142857142852,31.927999999999997,null,36.809142857142852,70.520126984127003,67.213142857142856,null,67.213142857142856,null,101.38838095238094,128.24571428571429,106.38514285714287]
[null,"Overage Rate",9.1199999999999996E-3,7.0000000000000007E-2,9.4079999999999997E-3,7.0000000000000007E-2,9.1199999999999996E-3,5.568E-2,7.5129599999999991E-3,5.57E-2,7.4999999999999997E-3,9.1199999999999996E-3,8.1600000000000006E-3,8.1600000000000006E-3,6.5519999999999997E-3,5.2469999999999996E-2,7.5129599999999991E-3,4.7E-2,5.4999999999999997E-3,4.6800000000000001E-2,5.1840000000000002E-3,6.2496000000000001E-3,3.8675000000000001E-2,4.7231999999999994E-3,5.5507199999999994E-3,3.8675000000000001E-2,4.4351999999999994E-3,5.5507199999999994E-3,4.8960000000000002E-3,4.2500000000000003E-2,6.5279999999999991E-3,4.2500000000000003E-2,6.5279999999999991E-3,4.6079999999999992E-3,4.5120000000000004E-3,4.2500000000000003E-2,6.3359999999999996E-3]
[null,"% Increase in rate for inclusion of staples",3.2894736842105261E-2,4.2857142857142851E-3,3.1887755102040817E-2,4.2857142857142851E-3,3.2894736842105261E-2,5.3879310344827581E-3,3.993099923332482E-2,5.3879310344827581E-3,3.993099923332482E-2,3.2894736842105261E-2,3.6764705882352935E-2,3.6764705882352935E-2,4.5787545787545784E-2,5.717552887364208E-3,3.993099923332482E-2,6.3775510204081625E-3,5.4065743944636667E-2,6.4102564102564092E-3,5.7870370370370364E-2,4.8003072196620582E-2,7.756948933419521E-3,6.3516260162601632E-2,5.404704254583189E-2,7.756948933419521E-3,6.764069264069264E-2,5.404704254583189E-2,6.1274509803921559E-2,7.0588235294117632E-3,4.595588235294118E-2,7.0588235294117632E-3,4.595588235294118E-2,6.5104166666666671E-2,6.6489361702127645E-2,7.0588235294117632E-3,4.7348484848484848E-2]
[null,"% Increase in rate for Rural Service Zone","0%¹","0%¹",null,"0%¹",null,"0%¹",null,"0%¹",null,"0%¹","0%¹","0%¹","0%¹","0%¹",null,"0%¹",null,"0%¹",null,"0%¹","0%¹",null,"0%¹","0%¹",null,"0%¹","0%¹","0%¹",null,"0%¹",null,"0%¹","0%¹","0%¹"]
[null,"% Increase in rate for Remote Service Zone","0%²","0%²",null,"0%²",null,"0%²",null,"0%²",null,"0%²","0%²","0%²","0%²","0%²",null,"0%²",null,"0%²",null,"0%²","0%²",null,"0%²","0%²",null,"0%²","0%²","0%²",null,"0%²",null,"0%²","0%²","0%²"]
[]
["Monthly Base Charge\nOption 3","Included Number of Clicks per Month",3000,0,2025,0,3000,0,6000,0,6000,4950,6000,6000,6000,0,7500,0,7500,0,7500,7500,0,10500,12000,0,12000,12000,24000,0,16500,0,16500,34500,45000,0,27000]
[null,"Base Charge - includes OEM toner, parts, labor (no staples)",24.224999999999998,16.868249999999996,null,24.224999999999998,null,42.260399999999997,null,42,null,39.971249999999998,45.900000000000006,45.900000000000006,36.855000000000004,52.825499999999998,null,39,null,36.450000000000003,null,43.942500000000003,46.494,null,62.445599999999999,49.896000000000001,null,62.445599999999999,110.16000000000001,100.97999999999999,null,100.97999999999999,null,149.04,190.35000000000002,160.38]
[null,"Base Charge - parts and labor only (no supplies)",20.577333333333332,15.959249999999997,null,20.573055555555555,null,39.533333333333331,null,39.533333333333331,null,33.952599999999997,39.74666666666667,39.74666666666667,33.672380952380955,52.506666666666668,null,33.75,null,32.954625,null,41.716190476190476,42.744624999999999,null,55.213714285714282,47.891999999999996,null,55.213714285714282,105.7801904761905,100.81971428571428,null,100.81971428571428,null,139.4090238095238,176.33785714285719,159.57771428571431]
[null,"Overage Rate",8.0749999999999988E-3,7.0000000000000007E-2,8.3299999999999989E-3,7.0000000000000007E-2,8.0749999999999988E-3,5.568E-2,7.0434E-3,5.57E-2,7.0000000000000001E-3,8.0749999999999988E-3,7.6500000000000005E-3,7.6500000000000005E-3,6.1425000000000004E-3,5.2469999999999996E-2,7.0434E-3,4.7E-2,5.1999999999999998E-3,4.6800000000000001E-2,4.8600000000000006E-3,5.8590000000000005E-3,3.8675000000000001E-2,4.4279999999999996E-3,5.2037999999999997E-3,3.8675000000000001E-2,4.1580000000000002E-3,5.2037999999999997E-3,4.5900000000000003E-3,4.2500000000000003E-2,6.1199999999999996E-3,4.2500000000000003E-2,6.1199999999999996E-3,4.3200000000000001E-3,4.2300000000000003E-3,4.2500000000000003E-2,5.94E-3]
[null,"% Increase in rate for inclusion of staples",3.7151702786377708E-2,4.2857142857142851E-3,3.6014405762304927E-2,4.2857142857142851E-3,3.7151702786377708E-2,5.3879310344827581E-3,4.2593065848879799E-2,5.3879310344827581E-3,4.2593065848879799E-2,3.7151702786377708E-2,3.9215686274509796E-2,3.9215686274509796E-2,4.8840048840048833E-2,5.717552887364208E-3,4.2593065848879799E-2,6.3775510204081625E-3,5.767012687427911E-2,6.4102564102564092E-3,6.1728395061728385E-2,5.1203277009728612E-2,7.756948933419521E-3,6.7750677506775062E-2,5.7650178715554015E-2,7.756948933419521E-3,7.2150072150072145E-2,5.7650178715554015E-2,6.5359477124182996E-2,7.0588235294117632E-3,4.9019607843137254E-2,7.0588235294117632E-3,4.9019607843137254E-2,6.9444444444444434E-2,7.0921985815602828E-2,7.0588235294117632E-3,5.0505050505050504E-2]
[null,"% Increase in rate for Rural Service Zone","0%¹","0%¹",null,"0%¹",null,"0%¹",null,"0%¹",null,"0%¹","0%¹","0%¹","0%¹","0%¹",null,"0%¹",null,"0%¹",null,"0%¹","0%¹",null,"0%¹","0%¹",null,"0%¹","0%¹","0%¹",null,"0%¹",null,"0%¹","0%¹","0%¹"]
[null,"% Increase in rate for Remote Service Zone","0%²","0%²",null,"0%²",null,"0%²",null,"0%²",null,"0%²","0%²","0%²","0%²","0%²",null,"0%²",null,"0%²",null,"0%²","0%²",null,"0%²","0%²",null,"0%²","0%²","0%²",null,"0%²",null,"0%²","0%²","0%²"]
["Additional Service Coverage (per hour)"]
["Urban Service Zone","2 x 5 coverage (2 eight hour shifts, 5 days a week)","$295.00³","$295.00³",null,"$295.00³",null,"$295.00³",null,"$295.00³",null,"$295.00³","$295.00³","$295.00³","$295.00³","$295.00³",null,"$295.00³",null,"$295.00³",null,"$295.00³","$295.00³",null,"$295.00³","$295.00³",null,"$295.00³","$295.00³","$295.00³",null,"$295.00³",null,"$295.00³","$295.00³","$295.00³"]
[null,"3 x 5 coverage (3 eight hour shifts, 5 days a week)","$590.00³","$590.00³",null,"$590.00³",null,"$590.00³",null,"$590.00³",null,"$590.00³","$590.00³","$590.00³","$590.00³","$590.00³",null,"$590.00³",null,"$590.00³",null,"$590.00³","$590.00³",null,"$590.00³","$590.00³",null,"$590.00³","$590.00³","$590.00³",null,"$590.00³",null,"$590.00³","$590.00³","$590.00³"]
[null,"1 x 7 coverage (1 eight hour shift, 7 days a week)","$295.00³","$295.00³",null,"$295.00³",null,"$295.00³",null,"$295.00³",null,"$295.00³","$295.00³","$295.00³","$295.00³","$295.00³",null,"$295.00³",null,"$295.00³",null,"$295.00³","$295.00³",null,"$295.00³","$295.00³",null,"$295.00³","$295.00³","$295.00³",null,"$295.00³",null,"$295.00³","$295.00³","$295.00³"]
[null,"2 x 7 coverage (2 eight hour shifts, 7 days a week)","$590.00³","$590.00³",null,"$590.00³",null,"$590.00³",null,"$590.00³",null,"$590.00³","$590.00³","$590.00³","$590.00³","$590.00³",null,"$590.00³",null,"$590.00³",null,"$590.00³","$590.00³",null,"$590.00³","$590.00³",null,"$590.00³","$590.00³","$590.00³",null,"$590.00³",null,"$590.00³","$590.00³","$590.00³"]
[null,"3 x 7 coverage (3 eight hour shifts, 7 days a week)","$885.00³","$885.00³",null,"$885.00³",null,"$885.00³",null,"$885.00³",null,"$885.00³","$885.00³","$885.00³","$885.00³","$885.00³",null,"$885.00³",null,"$885.00³",null,"$885.00³","$885.00³",null,"$885.00³","$885.00³",null,"$885.00³","$885.00³","$885.00³",null,"$885.00³",null,"$885.00³","$885.00³","$885.00³"]
[]
["Rural Service Zone","2 x 5 coverage (2 eight hour shifts, 5 days a week)","$520 1+3","$520 1+3",null,"$520 1+3",null,"$520 1+3",null,"$520 1+3",null,"$5201+3","$5201+3","$5201+3","$5201+3","$5201+3",null,"$5201+3",null,"$5201+3",null,"$5201+3","$5201+3",null,"$5201+3","$5201+3",null,"$5201+3","$5201+3","$5201+3",null,"$5201+3",null,"$5201+3","$5201+3","$5201+3"]
[null,"3 x 5 coverage (3 eight hour shifts, 5 days a week)","$8151+3","$815 1+3",null,"$815 1+3",null,"$815 1+3",null,"$815 1+3",null,"$8151+3","$8151+3","$8151+3","$8151+3","$815 1+3",null,"$815 1+3",null,"$815 1+3",null,"$8151+3","$815 1+3",null,"$8151+3","$815 1+3",null,"$8151+3","$8151+3","$815 1+3",null,"$815 1+3",null,"$8151+3","$8151+3","$815 1+3"]
[null,"1 x 7 coverage (1 eight hour shift, 7 days a week)","$5201+3","$5201+3",null,"$5201+3",null,"$5201+3",null,"$5201+3",null,"$5201+3","$5201+3","$5201+3","$5201+3","$5201+3",null,"$5201+3",null,"$5201+3",null,"$5201+3","$5201+3",null,"$5201+3","$5201+3",null,"$5201+3","$5201+3","$5201+3",null,"$5201+3",null,"$5201+3","$5201+3","$5201+3"]
[null,"2 x 7 coverage (2 eight hour shifts, 7 days a week)","$8151+3","$8151+3",null,"$8151+3",null,"$8151+3",null,"$8151+3",null,"$8151+3","$8151+3","$8151+3","$8151+3","$8151+3",null,"$8151+3",null,"$8151+3",null,"$8151+3","$8151+3",null,"$8151+3","$8151+3",null,"$8151+3","$8151+3","$8151+3",null,"$8151+3",null,"$8151+3","$8151+3","$8151+3"]
[null,"3 x 7 coverage (3 eight hour shifts, 7 days a week)","$1110 1+3","$1110 1+3",null,"$1110 1+3",null,"$1110 1+3",null,"$1110 1+3",null,"$1110 1+3","$1110 1+3","$1110 1+3","$1110 1+3","$1110 1+3",null,"$1110 1+3",null,"$1110 1+3",null,"$1110 1+3","$1110 1+3",null,"$1110 1+3","$1110 1+3",null,"$1110 1+3","$1110 1+3","$1110 1+3",null,"$1110 1+3",null,"$1110 1+3","$1110 1+3","$1110 1+3"]
[]
["Remote Service Zone","2 x 5 coverage (2 eight hour shifts, 5 days a week)","$745 2+3","$745 2+3",null,"$745 2+3",null,"$745 2+3",null,"$745 2+3",null,"$745 2+3","$745 2+3","$745 2+3","$745 2+3","$745 2+3",null,"$745 2+3",null,"$745 2+3",null,"$745 2+3","$745 2+3",null,"$745 2+3","$745 2+3",null,"$745 2+3","$745 2+3","$745 2+3",null,"$745 2+3",null,"$745 2+3","$745 2+3","$745 2+3"]
[null,"3 x 5 coverage (3 eight hour shifts, 5 days a week)","$1040 2+3","$1040 2+3",null,"$1040 2+3","$1040 2+3","$1040 2+3","$1040 2+3","$1040 2+3","$1040 2+3","$1040 2+3","$1040 2+3","$1040 2+3","$1040 2+3","$1040 2+3","$1040 2+3","$1040 2+3","$1040 2+3","$1040 2+3","$1040 2+3","$1040 2+3","$1040 2+3","$1040 2+3","$1040 2+3","$1040 2+3","$1040 2+3","$1040 2+3","$1040 2+3","$1040 2+3","$1040 2+3","$1040 2+3","$1040 2+3","$1040 2+3","$1040 2+3","$1040 2+3","$1040 2+3"]
[null,"1 x 7 coverage (1 eight hour shift, 7 days a week)","$745 2+3","$745 2+3",null,"$745 2+3",null,"$745 2+3",null,"$745 2+3",null,"$745 2+3","$745 2+3","$745 2+3","$745 2+3","$745 2+3",null,"$745 2+3",null,"$745 2+3",null,"$745 2+3","$745 2+3",null,"$745 2+3","$745 2+3",null,"$745 2+3","$745 2+3","$745 2+3",null,"$745 2+3",null,"$745 2+3","$745 2+3","$745 2+3"]
[null,"2 x 7 coverage (2 eight hour shifts, 7 days a week)","$1040 2+3","$1040 2+3",null,"$1040 2+3","$1040 2+3","$1040 2+3","$1040 2+3","$1040 2+3","$1040 2+3","$1040 2+3","$1040 2+3","$1040 2+3","$1040 2+3","$1040 2+3","$1040 2+3","$1040 2+3","$1040 2+3","$1040 2+3","$1040 2+3","$1040 2+3","$1040 2+3","$1040 2+3","$1040 2+3","$1040 2+3","$1040 2+3","$1040 2+3","$1040 2+3","$1040 2+3","$1040 2+3","$1040 2+3","$1040 2+3","$1040 2+3","$1040 2+3","$1040 2+3","$1040 2+3"]
[null,"3 x 7 coverage (3 eight hour shifts, 7 days a week)","$1335 2+3","$1335 2+3",null,"$1335 2+3",null,"$1335 2+3",null,"$1335 2+3",null,"$1335 2+3","$1335 2+3","$1335 2+3","$1335 2+3","$1335 2+3",null,"$1335 2+3",null,"$1335 2+3",null,"$1335 2+3","$1335 2+3",null,"$1335 2+3","$1335 2+3",null,"$1335 2+3","$1335 2+3","$1335 2+3",null,"$1335 2+3",null,"$1335 2+3","$1335 2+3","$1335 2+3"]
["Service Calls not covered under the Maintenance Agreement"]
["Urban Service Zone","Price Per Hour",150,150,null,150,150,150,150,150,150,150,150,150,150,150,150,150,150,150,150,150,150,150,150,150,150,150,150,150,null,150,null,150,150,150]
[]
["Rural Service Zone","Flat Rate Charge","$225 1","$225 1","$225 1","$225 1","$225 1","$225 1","$225 1","$225 1","$225 1","$225 1","$225 1","$225 1","$225 1","$225 1","$225 1","$225 1","$225 1","$225 1","$225 1","$225 1","$225 1","$225 1","$225 1","$225 1","$225 1","$225 1","$225 1","$225 1","$225 1","$225 1","$225 1","$225 1","$225 1","$225 1","$225 1"]
[null,"Price Per Hour","$225 1","$225 1","$225 1","$225 1","$225 1","$225 1","$225 1","$225 1","$225 1","$225 1","$225 1","$225 1","$225 1","$225 1","$225 1","$225 1","$225 1","$225 1","$225 1","$225 1","$225 1","$225 1","$225 1","$225 1","$225 1","$225 1","$225 1","$225 1","$225 1","$225 1","$225 1","$225 1","$225 1","$225 1","$225 1"]
[]
["Remote Service Zone","Flat Rate Charge","$450 2","$450 2","$450 2","$450 2","$450 2","$450 2","$450 2","$450 2","$450 2","$450 2","$450 2","$450 2","$450 2","$450 2","$450 2","$450 2","$450 2","$450 2","$450 2","$450 2","$450 2","$450 2","$450 2","$450 2","$450 2","$450 2","$450 2","$450 2","$450 2","$450 2","$450 2","$450 2","$450 2","$450 2","$450 2"]
[null,"Price Per Hour","$450 2","$450 2","$450 2","$450 2","$450 2","$450 2","$450 2","$450 2","$450 2","$450 2","$450 2","$450 2","$450 2","$450 2","$450 2","$450 2","$450 2","$450 2","$450 2","$450 2","$450 2","$450 2","$450 2","$450 2","$450 2","$450 2","$450 2","$450 2","$450 2","$450 2","$450 2","$450 2","$450 2","$450 2","$450 2"]
["Accessory Installation/Maintenance (per hour)"]
["Additional Option (1,000 Sheets Finisher)",null,150,150,150,150,150,150,150,150,150,150,150,150,150,150,150,150,150,150,150,150,150,150,150,150,150,150,150,150,150,150,150,150,150,150,150]
["Additional Option (3,000 Sheets Finisher)",null,150,150,150,150,150,150,150,150,150,150,150,150,150,150,150,150,150,150,150,150,150,150,150,150,150,150,150,150,150,150,150,150,150,150,150]
["Additional Option (4,000 Sheets Finisher)",null,150,150,150,150,150,150,150,150,150,150,150,150,150,150,150,150,150,150,150,150,150,150,150,150,150,150,150,150,150,150,150,150,150,150,150]
["ADF (Reversible)",null,150,150,150,150,150,150,150,150,150,150,150,150,150,150,150,150,150,150,150,150,150,150,150,150,150,150,150,150,150,150,150,150,150,150,150]
["RADF (Dual Scan)",null,150,150,150,150,150,150,150,150,150,150,150,150,150,150,150,150,150,150,150,150,150,150,150,150,150,150,150,150,150,150,150,150,150,150,150]
["Bypass Paper Supply (PF-7130 Multi-Media)",null,150,150,150,150,150,150,150,150,150,150,150,150,150,150,150,150,150,150,150,150,150,150,150,150,150,150,150,150,150,150,150,150,150,150,150]
["Large Capacity Tray",null,150,150,150,150,150,150,150,150,150,150,150,150,150,150,150,150,150,150,150,150,150,150,150,150,150,150,150,150,150,150,150,150,150,150,150]
["Facsimile Kit",null,150,150,150,150,150,150,150,150,150,150,150,150,150,150,150,150,150,150,150,150,150,150,150,150,150,150,150,150,150,150,150,150,150,150,150]
["Additional Paper Drawer (500 x 2 sheets)",null,150,150,150,150,150,150,150,150,150,150,150,150,150,150,150,150,150,150,150,150,150,150,150,150,150,150,150,150,150,150,150,150,150,150,150]
["Paper-Feed Unit  (1500 x 2 sheets)",null,150,150,150,150,150,150,150,150,150,150,150,150,150,150,150,150,150,150,150,150,150,150,150,150,150,150,150,150,150,150,150,150,150,150,150]
["Software Maintenance (per month) - excludes updates and patches, which are free to End-User"]
["*Server Software Maintenance-KYOCERA Net Manager   1 device, 1609AK0UN8, Server license Maintenance for   1 device ( Paid upfront in full)",null,1.83,1.83,null,1.83,null,1.83,null,1.83,null,1.83,1.83,1.83,1.83,1.83,null,1.83,null,1.83,null,1.83,1.83,null,1.83,1.83,null,1.83,1.83,1.83,null,1.83,null,1.83,1.83,1.83]
["*Device Software Maintenance, KYOCERA Net Manager   1 device,1609AK0UNN,Device license   Maintenance for 1 device( ( Paid upfront in full))",null,3.92,3.92,null,3.92,null,3.92,null,3.92,null,3.92,3.92,3.92,3.92,3.92,null,3.92,null,3.92,null,3.92,3.92,null,3.92,3.92,null,3.92,3.92,3.92,null,3.92,null,3.92,3.92,3.92]
["End-User Training and Support (per hour) - beyond the required one free hour"]
["Additional End-User taining on Device and/or software ",null,150,150,null,150,null,150,null,150,null,150,150,150,150,150,null,150,null,150,null,150,150,null,150,150,null,150,150,150,null,150,null,150,150,150]
["After hours technical phone support",null,295,295,null,295,null,295,null,295,null,295,295,295,295,295,null,295,null,295,null,295,295,null,295,295,null,295,295,295,null,295,null,295,295,295]
["Additional Services"]
["Equipment Move\nService Zone 2","Flat Rate Charge",400,400,null,400,null,400,null,400,null,400,400,400,400,400,null,400,null,400,null,400,400,null,400,400,null,400,400,400,null,400,null,400,400,400]
[null,"Price Per Hour",150,150,null,150,150,150,150,150,150,150,150,150,150,150,150,150,150,150,150,150,150,150,150,150,150,150,150,150,150,150,150,150,150,150,150]
[]
["Equipment Move\nService Zone 3","Flat Rate Charge",700,700,null,700,null,700,null,700,null,700,700,700,700,700,null,700,null,700,null,700,700,null,700,700,null,700,700,700,null,700,null,700,700,700]
[null,"Price Per Hour",150,150,null,150,null,150,null,150,null,150,150,150,150,150,null,150,null,150,null,150,150,null,150,150,null,150,150,150,null,150,null,150,150,150]
[]
["Hard Drive Removal and Surrender","Flat Rate Charge",375,375,375,375,null,375,375,375,375,375,375,375,375,375,375,375,375,375,375,375,375,375,375,375,375,375,375,375,375,375,375,375,375,375,375]
[]
[]
["Notes:"]
[" ¹  Plus $225 per incident,  for  Rural Service Zone travel."]
[" ²  Plus $450 per incident, for Remote Service Zone travel."]
["3 Additional Service Coverage NOTE : There is an additional flat fee charge of $150 per incident, for all additional shift coverage plans. ( Additional shift coverage is subject to availabilty )"]
["Color S&S CPC's are billed from copy 1 on all models and all options (NO MINIMUM VOLUME/ NO BASE)"]
["* KYOCERA Net Manager  Requires an SOW to install plus Server Licence $112 and maintenance"]

{"sheet":"GROUP B S&S PRICING","index":6,"n_rows":104,"n_cols":27,"rows_kept":104,"cut":false,"hidden":false,"merged":[[8,22,8,23],[5,15,5,16],[0,1,0,26],[1,0,1,23],[1,24,1,26],[2,0,2,23],[2,24,2,26],[3,0,3,23],[3,24,3,26],[4,0,4,23],[4,24,4,26],[8,0,8,1],[8,2,8,3],[8,4,8,5],[8,7,8,8],[8,9,8,10],[9,15,9,16],[11,0,15,0],[17,0,19,0],[5,22,5,23],[6,2,6,3],[6,4,6,5],[6,7,6,8],[6,9,6,10],[6,11,6,12],[6,13,6,14],[6,15,6,16],[6,22,6,23],[5,0,7,1],[5,2,5,3],[5,4,5,5],[5,7,5,8],[5,9,5,10],[5,11,5,12],[5,13,5,14],[9,22,9,23],[8,11,8,12],[8,13,8,14],[8,15,8,16],[8,18,8,19],[10,0,10,1],[29,0,35,0],[37,0,43,0],[44,0,44,1],[21,0,27,0],[9,0,9,1],[9,2,9,3],[9,4,9,5],[9,7,9,8],[15,7,15,8],[26,2,26,3],[27,2,27,3],[26,4,26,5],[27,4,27,5],[26,7,26,8],[27,7,27,8],[34,2,34,3],[35,2,35,3],[34,4,34,5],[35,4,35,5],[34,7,34,8],[35,7,35,8],[42,2,42,3],[43,2,43,3],[9,9,9,10],[46,2,46,3],[46,4,46,5],[46,7,46,8],[46,9,46,10],[46,11,46,12],[46,13,46,14],[45,4,45,5],[45,7,45,8],[45,9,45,10],[45,11,45,12],[45,13,45,14],[9,11,9,12],[9,13,9,14],[12,2,12,3],[13,2,13,3],[14,2,14,3],[15,2,15,3],[12,4,12,5],[13,4,13,5],[14,4,14,5],[15,4,15,5],[12,7,12,8],[14,7,14,8],[48,7,48,8],[48,9,48,10],[47,2,47,3],[47,4,47,5],[47,7,47,8],[47,9,47,10],[47,11,47,12],[48,11,48,12],[48,13,48,14],[45,15,45,16],[46,15,46,16],[46,22,46,23],[48,15,48,16],[48,22,48,23],[47,13,47,14],[47,15,47,16],[47,22,47,23],[45,22,45,23],[51,0,55,0],[51,2,51,3],[51,4,51,5],[51,7,51,8],[51,9,51,10],[51,11,51,12],[49,4,49,5],[49,7,49,8],[49,9,49,10],[49,11,49,12],[52,11,52,12],[52,2,52,3],[52,4,52,5],[55,9,55,10],[55,11,55,12],[55,2,55,3],[53,11,53,12],[52,7,52,8],[52,9,52,10],[45,0,49,0],[45,2,45,3],[49,2,49,3],[48,2,48,3],[48,4,48,5],[53,2,53,3],[53,4,53,5],[53,7,53,8],[53,9,53,10],[54,11,54,12],[54,13,54,14],[49,22,49,23],[49,13,49,14],[49,15,49,16],[52,13,52,14],[52,15,52,16],[51,13,51,14],[51,15,51,16],[51,22,51,23],[52,22,52,23],[53,15,53,16],[53,22,53,23],[53,13,53,14],[54,4,54,5],[54,7,54,8],[54,9,54,10],[54,2,54,3],[57,2,57,3],[57,4,57,5],[57,7,57,8],[55,13,55,14],[55,15,55,16],[55,22,55,23],[55,4,55,5],[55,7,55,8],[57,9,57,10],[57,11,57,12],[57,13,57,14],[57,15,57,16],[57,22,57,23],[58,4,58,5],[58,7,58,8],[58,9,58,10],[58,11,58,12],[58,13,58,14],[54,15,54,16],[54,22,54,23],[59,9,59,10],[59,11,59,12],[59,13,59,14],[58,15,58,16],[58,22,58,23],[61,13,61,14],[61,15,61,16],[61,22,61,23],[62,0,62,1],[60,15,60,16],[60,22,60,23],[61,2,61,3],[61,4,61,5],[61,7,61,8],[61,9,61,10],[61,11,61,12],[57,0,61,0],[59,15,59,16],[59,22,59,23],[60,2,60,3],[60,4,60,5],[59,2,59,3],[59,4,59,5],[59,7,59,8],[60,7,60,8],[60,9,60,10],[60,11,60,12],[60,13,60,14],[58,2,58,3],[63,2,63,3],[63,4,63,5],[63,7,63,8],[66,2,66,3],[66,4,66,5],[66,7,66,8],[65,0,66,0],[65,2,65,3],[65,4,65,5],[65,7,65,8],[66,22,66,23],[63,9,63,10],[63,11,63,12],[65,9,65,10],[65,11,65,12],[65,13,65,14],[65,15,65,16],[65,22,65,23],[63,13,63,14],[63,15,63,16],[63,22,63,23],[66,9,66,10],[66,11,66,12],[66,13,66,14],[66,15,66,16],[68,13,68,14],[68,15,68,16],[68,22,68,23],[69,15,69,16],[69,22,69,23],[70,0,70,1],[69,2,69,3],[69,4,69,5],[69,7,69,8],[69,9,69,10],[69,11,69,12],[68,0,69,0],[68,2,68,3],[68,4,68,5],[68,7,68,8],[68,9,68,10],[68,11,68,12],[69,13,69,14],[71,11,71,12],[71,13,71,14],[71,15,71,16],[71,22,71,23],[71,0,71,1],[71,2,71,3],[71,4,71,5],[71,7,71,8],[71,9,71,10],[72,11,72,12],[72,13,72,14],[72,15,72,16],[72,22,72,23],[72,0,72,1],[72,2,72,3],[72,4,72,5],[72,7,72,8],[72,9,72,10],[73,11,73,12],[73,13,73,14],[73,15,73,16],[73,22,73,23],[73,0,73,1],[73,2,73,3],[73,4,73,5],[73,7,73,8],[73,9,73,10],[74,11,74,12],[74,13,74,14],[74,15,74,16],[74,22,74,23],[74,0,74,1],[74,2,74,3],[74,4,74,5],[74,7,74,8],[74,9,74,10],[75,11,75,12],[75,13,75,14],[75,15,75,16],[75,22,75,23],[75,0,75,1],[75,2,75,3],[75,4,75,5],[75,7,75,8],[75,9,75,10],[76,11,76,12],[76,13,76,14],[76,15,76,16],[76,22,76,23],[76,0,76,1],[76,2,76,3],[76,4,76,5],[76,7,76,8],[76,9,76,10],[77,11,77,12],[77,13,77,14],[77,15,77,16],[77,22,77,23],[77,0,77,1],[77,2,77,3],[77,4,77,5],[77,7,77,8],[77,9,77,10],[78,11,78,12],[78,13,78,14],[78,15,78,16],[78,22,78,23],[78,0,78,1],[78,2,78,3],[78,4,78,5],[78,7,78,8],[78,9,78,10],[79,11,79,12],[79,13,79,14],[79,15,79,16],[79,22,79,23],[79,0,79,1],[79,2,79,3],[79,4,79,5],[79,7,79,8],[79,9,79,10],[82,11,82,12],[82,13,82,14],[82,15,82,16],[80,22,80,23],[80,11,80,12],[80,13,80,14],[80,15,80,16],[82,22,82,23],[83,0,83,1],[83,2,83,3],[83,4,83,5],[83,7,83,8],[83,9,83,10],[80,0,80,1],[80,2,80,3],[80,4,80,5],[80,7,80,8],[80,9,80,10],[82,0,82,1],[82,2,82,3],[82,4,82,5],[82,7,82,8],[82,9,82,10],[86,0,86,1],[86,2,86,3],[86,4,86,5],[86,7,86,8],[86,9,86,10],[85,0,85,1],[85,2,85,3],[85,4,85,5],[85,7,85,8],[85,9,85,10],[88,9,88,10],[88,11,88,12],[88,13,88,14],[88,15,88,16],[88,22,88,23],[89,22,89,23],[87,0,87,1],[88,0,89,0],[88,2,88,3],[88,4,88,5],[88,7,88,8],[89,2,89,3],[89,4,89,5],[89,7,89,8],[89,9,89,10],[91,0,92,0],[91,2,91,3],[91,4,91,5],[91,7,91,8],[91,9,91,10],[91,11,91,12],[91,13,91,14],[91,15,91,16],[91,22,91,23],[94,2,94,3],[94,4,94,5],[94,7,94,8],[94,9,94,10],[92,2,92,3],[92,4,92,5],[92,7,92,8],[92,9,92,10],[94,11,94,12],[42,22,42,23],[43,22,43,23],[94,13,94,14],[94,15,94,16],[94,22,94,23],[92,13,92,14],[92,15,92,16],[92,22,92,23],[92,11,92,12],[89,11,89,12],[89,13,89,14],[89,15,89,16],[85,11,85,12],[85,13,85,14],[86,11,86,12],[86,13,86,14],[86,15,86,16],[86,22,86,23],[85,15,85,16],[85,22,85,23],[83,11,83,12],[83,13,83,14],[83,15,83,16],[83,22,83,23],[12,9,12,10],[14,9,14,10],[15,9,15,10],[12,11,12,12],[14,11,14,12],[15,11,15,12],[12,13,12,14],[14,13,14,14],[15,13,15,14],[12,15,12,16],[14,15,14,16],[15,15,15,16],[12,22,12,23],[14,22,14,23],[15,22,15,23],[17,2,17,3],[18,2,18,3],[19,2,19,3],[17,4,17,5],[18,4,18,5],[19,4,19,5],[17,7,17,8],[18,7,18,8],[19,7,19,8],[17,9,17,10],[18,9,18,10],[19,9,19,10],[17,11,17,12],[18,11,18,12],[19,11,19,12],[17,13,17,14],[18,13,18,14],[19,13,19,14],[18,15,18,16],[19,15,19,16],[18,22,18,23],[19,22,19,23],[17,15,17,16],[17,22,17,23],[22,2,22,3],[23,2,23,3],[25,2,25,3],[25,4,25,5],[25,7,25,8],[25,9,25,10],[22,7,22,8],[23,7,23,8],[22,4,22,5],[23,4,23,5],[22,15,22,16],[23,15,23,16],[27,11,27,12],[26,13,26,14],[27,13,27,14],[22,11,22,12],[23,11,23,12],[22,9,22,10],[23,9,23,10],[22,13,22,14],[23,13,23,14],[34,13,34,14],[35,13,35,14],[26,15,26,16],[27,15,27,16],[22,22,22,23],[23,22,23,23],[26,22,26,23],[27,22,27,23],[30,2,30,3],[31,2,31,3],[33,2,33,3],[30,4,30,5],[31,4,31,5],[33,4,33,5],[30,7,30,8],[31,7,31,8],[30,9,30,10],[31,9,31,10],[30,15,30,16],[31,15,31,16],[26,9,26,10],[27,9,27,10],[25,11,25,12],[26,11,26,12],[34,15,34,16],[35,15,35,16],[30,22,30,23],[31,22,31,23],[34,22,34,23],[35,22,35,23],[38,2,38,3],[39,2,39,3],[41,2,41,3],[38,4,38,5],[39,4,39,5],[41,4,41,5],[38,11,38,12],[39,11,39,12],[38,22,38,23],[39,22,39,23],[34,9,34,10],[35,9,35,10],[30,11,30,12],[31,11,31,12],[34,11,34,12],[35,11,35,12],[30,13,30,14],[31,13,31,14],[42,4,42,5],[43,4,43,5],[38,7,38,8],[39,7,39,8],[42,7,42,8],[43,7,43,8],[38,9,38,10],[39,9,39,10],[42,9,42,10],[43,9,43,10],[42,11,42,12],[43,11,43,12],[38,13,38,14],[39,13,39,14],[42,13,42,14],[43,13,43,14],[38,15,38,16],[39,15,39,16],[42,15,42,16],[43,15,43,16]]}
[null,"KYOCERA Document Solutions America, Inc."]
["Group B"]
["Multi-function Devices (MFD), A4"]
["Service and Supplies Pricing "]
["Includes B&W and Color/B&W Segments"]
["Service and Supply Pricing",null,"Segment 2",null,"Segment 2",null,"Segment 3","Segment 3",null,"Segment 3",null,"Segment 3",null,"Segment 3",null,"Segment 3",null,"Segment 4","Segment 4","Segment 4","Segment 4","Segment 4","Segment 4",null,"Segment 5","Segment 6","Segment 6"]
[null,null,"(21 - 30)",null,"(21 - 30)",null,"(31 - 40)","(31 - 40)",null,"(31 - 40)",null,"(31 - 40)",null,"(31 - 40)",null,"(31 - 40)",null,"(41 - 50)","(41 - 50)","(41 - 50)","(41 - 50)","(41 - 50)","(41 - 50)",null,"(51 - 60)","(61+)","(61+)"]
[null,null,"Color","B&W","Color","B&W","B&W","Color","B&W","Color","B&W","Color","B&W","Color","B&W","Color","B&W","B&W","B&W","B&W","B&W","B&W","Color","B&W","B&W","B&W","B&W"]
["Make",null,"KYOCERA",null,"KYOCERA",null,"KYOCERA","KYOCERA",null,"KYOCERA",null,"KYOCERA",null,"KYOCERA",null,"KYOCERA",null,"KYOCERA","KYOCERA",null,"KYOCERA","KYOCERA","KYOCERA",null,"KYOCERA","KYOCERA","KYOCERA"]
["Model",null,"ECOSYS M5521cdw ",null,"ECOSYS M5526cdw ",null,"ECOSYS M2635dw","ECOSYS M6630cidn ",null,"ECOSYS M6235cidn ",null,"ECOSYS M6635cidn ",null,"TASKalfa/Copy Star 308ci",null,"TASKalfa/Copy Star 358ci ",null,"ECOSYS M2040dn","ECOSYS M2540dw","ECOSYS M2640idw","ECOSYS M3145idn","ECOSYS M3645idn","TASKalfa/Copy Star 408ci ",null,"ECOSYS M3655idn","ECOSYS M3860idn","ECOSYS M3860idnf"]
["Maintenance Agreements\n"]
["Zero Base Charge","Includes OEM toner, parts, labor (no staples)",0.19,3.9699999999999999E-2,0.13,2.4E-2,3.4299999999999997E-2,7.4200000000000002E-2,1.4999999999999999E-2,7.3800000000000004E-2,1.4999999999999999E-2,7.0000000000000007E-2,1.2999999999999999E-2,7.3800000000000004E-2,7.4699999999999992E-3,4.2930000000000003E-2,7.1999999999999998E-3,1.7999999999999999E-2,1.7999999999999999E-2,1.7999999999999999E-2,0.01,0.01,3.9899999999999998E-2,6.0000000000000001E-3,6.4999999999999997E-3,5.5000000000000005E-3,5.5000000000000005E-3]
[null,"Parts and labor only (no supplies)",1.1041666666666667E-2,null,1.1041666666666667E-2,null,1.9888888888888883E-2,6.99861111111111E-3,null,9.6418803418803403E-3,null,9.6452991452991455E-3,null,6.5777777777777761E-3,null,6.0222222222222231E-3,null,1.14320987654321E-2,1.14320987654321E-2,1.14320987654321E-2,6.3866666666666672E-3,6.3866666666666672E-3,5.056111111111111E-3,null,4.6402116402116415E-3,3.0666666666666672E-3,3.0666666666666672E-3]
[null,"% Increase in rate for inclusion of staples",0,null,0,null,0,4.0431266846361179E-3,0.02,4.0650406504065036E-3,0.02,4.2857142857142851E-3,2.3076923076923075E-2,4.0650406504065036E-3,4.0160642570281124E-2,6.9881201956673647E-3,4.1666666666666664E-2,null,null,null,2.9999999999999995E-2,2.9999999999999995E-2,7.5187969924812026E-3,4.9999999999999996E-2,4.6153846153846149E-2,5.4545454545454536E-2,5.4545454545454536E-2]
[null,"% Increase in rate for Rural Service Zone","0%¹",null,"0%¹",null,"0%¹","0%¹",null,"0%¹",null,"0%¹",null,"0%¹",null,"0%¹",null,"0%¹","0%¹","0%¹","0%¹","0%¹","0%¹",null,"0%¹","0%¹","0%¹"]
[null,"% Increase in rate for Remote Service Zone","0%²",null,"0%²",null,"0%²","0%²",null,"0%²",null,"0%²",null,"0%²",null,"0%²",null,"0%²","0%²","0%²","0%²","0%²","0%²",null,"0%²","0%²","0%²"]
[]
["Flat Rate Fee","Parts and labor only (no supplies)per month",34.78125,null,34.78125,null,38.783333333333324,26.244791666666661,null,57.851282051282041,null,57.871794871794876,null,29.599999999999994,null,29.810000000000006,null,22.292592592592595,22.292592592592595,22.292592592592595,38.32,23.950000000000003,28.061416666666666,null,27.841269841269849,23.000000000000004,23.000000000000004]
[null,"% Increase in rate for Rural Service Zone","0%¹",null,"0%¹",null,"0%¹","0%¹",null,"0%¹",null,"0%¹",null,"0%¹",null,"0%¹",null,"0%¹","0%¹","0%¹","0%¹","0%¹","0%¹",null,"0%¹","0%¹","0%¹"]
[null,"% Increase in rate for Remote Service Zone","0%²",null,"0%²",null,"0%²","0%²",null,"0%²",null,"0%²",null,"0%²",null,"0%²",null,"0%²","0%²","0%²","0%²","0%²","0%²",null,"0%²","0%²","0%²"]
[]
["Monthly Base Charge\nOption 1","Included Number of Clicks per Month",0,1050,0,1050,650,0,1250,0,2000,0,2000,0,1500,0,1650,650,650,650,2000,1250,0,1850,2000,2500,2500]
[null,"Base Charge - includes OEM toner, parts, labor (no staples)",40.851299999999995,null,24.695999999999998,null,21.8491,18.375,null,29.4,null,25.48,null,10.980899999999998,null,11.6424,null,11.465999999999999,11.465999999999999,11.465999999999999,19.599999999999998,12.25,10.878,null,12.74,13.475000000000001,13.475000000000001]
[null,"Base Charge - parts and labor only (no supplies)",15.071875,null,15.071875,null,16.806111111111107,11.372743055555555,null,25.068888888888885,null,25.077777777777776,null,12.826666666666663,null,12.917666666666667,null,9.6601234567901244,9.6601234567901244,9.6601234567901244,16.605333333333338,10.378333333333336,12.159947222222222,null,12.064550264550268,9.9666666666666686,9.9666666666666686]
[null,"Overage Rate",0.19,3.8905999999999996E-2,0.13,2.3519999999999999E-2,3.3613999999999998E-2,7.4200000000000002E-2,1.47E-2,7.3800000000000004E-2,1.47E-2,7.0000000000000007E-2,1.274E-2,7.3800000000000004E-2,7.3205999999999992E-3,4.2930000000000003E-2,7.0559999999999998E-3,1.7639999999999999E-2,1.7639999999999999E-2,1.7639999999999999E-2,9.7999999999999997E-3,9.7999999999999997E-3,3.9899999999999998E-2,5.8799999999999998E-3,6.3699999999999998E-3,5.3900000000000007E-3,5.3900000000000007E-3]
[null,"% Increase in rate for inclusion of staples","N/A",null,"N/A",null,"N/A","N/A",null,"N/A",null,"N/A",null,4.0650406504065036E-3,4.0980247520695026E-2,6.9881201956673647E-3,4.2517006802721087E-2,"N/A","N/A","N/A",3.0612244897959183E-2,3.0612244897959183E-2,7.5187969924812026E-3,5.10204081632653E-2,4.7095761381475663E-2,5.5658627087198501E-2,5.5658627087198501E-2]
[null,"% Increase in rate for Rural Service Zone","0%¹",null,"0%¹",null,"0%¹","0%¹",null,"0%¹",null,"0%¹",null,"0%¹",null,"0%¹",null,"0%¹","0%¹","0%¹","0%¹","0%¹","0%¹",null,"0%¹","0%¹","0%¹"]
[null,"% Increase in rate for Remote Service Zone","0%²",null,"0%²",null,"0%²","0%²",null,"0%²",null,"0%²",null,"0%²",null,"0%²",null,"0%²","0%²","0%²","0%²","0%²","0%²",null,"0%²","0%²","0%²"]
[]
["Monthly Base Charge\nOption 2","Included Number of Clicks per Month",0,2100,0,2100,1300,0,2500,0,4000,0,4000,0,3000,0,3300,1300,1300,1300,4000,2500,0,3700,4000,5000,5000]
[null,"Base Charge - includes OEM toner, parts, labor (no staples)",80.035200000000003,null,48.383999999999993,null,42.806399999999996,36,null,57.6,null,49.92,null,21.513599999999997,null,22.8096,null,22.463999999999995,22.463999999999995,22.463999999999995,38.4,23.999999999999996,21.311999999999998,null,24.96,26.4,26.4]
[null,"Base Charge - parts and labor only (no supplies)",30.143750000000001,null,30.143750000000001,null,33.612222222222215,22.745486111111109,null,50.137777777777771,null,46.297435897435896,null,19.733333333333327,null,19.873333333333335,null,19.320246913580249,19.320246913580249,19.320246913580249,33.210666666666675,20.756666666666671,18.70761111111111,null,20.416931216931225,19.933333333333337,19.933333333333337]
[null,"Overage Rate",0.19,3.8112E-2,0.13,2.3039999999999998E-2,3.2927999999999999E-2,7.4200000000000002E-2,1.44E-2,7.3800000000000004E-2,1.44E-2,7.0000000000000007E-2,1.248E-2,7.3800000000000004E-2,7.1711999999999991E-3,4.2930000000000003E-2,6.9119999999999997E-3,1.7279999999999997E-2,1.7279999999999997E-2,1.7279999999999997E-2,9.5999999999999992E-3,9.5999999999999992E-3,3.9899999999999998E-2,5.7599999999999995E-3,6.2399999999999999E-3,5.28E-3,5.28E-3]
[null,"% Increase in rate for inclusion of staples","N/A",null,"N/A",null,"N/A",4.0431266846361179E-3,2.0833333333333332E-2,4.0650406504065036E-3,2.0833333333333332E-2,4.2857142857142851E-3,2.4038461538461536E-2,4.0650406504065036E-3,4.1834002677376171E-2,6.9881201956673647E-3,4.3402777777777776E-2,null,null,null,3.125E-2,3.125E-2,7.5187969924812026E-3,5.2083333333333336E-2,4.8076923076923073E-2,5.6818181818181816E-2,5.6818181818181816E-2]
[null,"% Increase in rate for Rural Service Zone","0%¹",null,"0%¹",null,"0%¹","0%¹",null,"0%¹",null,"0%¹",null,"0%¹",null,"0%¹",null,"0%¹","0%¹","0%¹","0%¹","0%¹","0%¹",null,"0%¹","0%¹","0%¹"]
[null,"% Increase in rate for Remote Service Zone","0%²",null,"0%²",null,"0%²","0%²",null,"0%²",null,"0%²",null,"0%²",null,"0%²",null,"0%²","0%²","0%²","0%²","0%²","0%²",null,"0%²","0%²","0%²"]
[]
["Monthly Base Charge\nOption 3","Included Number of Clicks per Month",0,3150,0,3150,1950,0,3750,0,6000,0,6000,0,4500,0,4950,1950,1950,1950,6000,3750,0,5550,6000,7500,7500]
[null,"Base Charge - includes OEM toner, parts, labor (no staples)",112.54949999999999,null,68.040000000000006,null,60.196499999999993,50.625,null,81,null,70.2,null,30.253499999999999,null,32.076000000000001,null,31.59,31.59,31.59,54.000000000000007,33.750000000000007,29.970000000000002,null,35.1,37.125,37.125]
[null,"Base Charge - parts and labor only (no supplies)",45.215625000000003,null,45.215625000000003,null,50.418333333333322,34.118229166666659,null,75.206666666666649,null,63.658974358974369,null,29.599999999999994,null,29.810000000000006,null,26.751111111111111,26.751111111111111,26.751111111111111,45.984000000000002,28.740000000000002,28.061416666666666,null,30.625396825396837,29.900000000000006,29.900000000000006]
[null,"Overage Rate",0.19,3.5729999999999998E-2,0.13,2.1600000000000001E-2,3.0869999999999998E-2,7.4200000000000002E-2,1.35E-2,7.3800000000000004E-2,1.35E-2,7.0000000000000007E-2,1.17E-2,7.3800000000000004E-2,6.7229999999999998E-3,4.2930000000000003E-2,6.4799999999999996E-3,1.6199999999999999E-2,1.6199999999999999E-2,1.6199999999999999E-2,9.0000000000000011E-3,9.0000000000000011E-3,3.9899999999999998E-2,5.4000000000000003E-3,5.8500000000000002E-3,4.9500000000000004E-3,4.9500000000000004E-3]
[null,"% Increase in rate for inclusion of staples",0,null,0,null,0,4.0431266846361179E-3,2.222222222222222E-2,4.0650406504065036E-3,2.222222222222222E-2,4.2857142857142851E-3,2.5641025641025637E-2,4.0650406504065036E-3,4.4622936189201247E-2,6.9881201956673647E-3,4.6296296296296294E-2,0,0,0,3.3333333333333326E-2,3.3333333333333326E-2,7.5187969924812026E-3,5.5555555555555546E-2,5.1282051282051273E-2,6.0606060606060594E-2,6.0606060606060594E-2]
[null,"% Increase in rate for Rural Service Zone","0%¹",null,"0%¹",null,"0%¹","0%¹",null,"0%¹",null,"0%¹",null,"0%¹",null,"0%¹",null,"0%¹","0%¹","0%¹","0%¹","0%¹","0%¹",null,"0%¹","0%¹","0%¹"]
[null,"% Increase in rate for Remote Service Zone","0%²",null,"0%²",null,"0%²","0%²",null,"0%²",null,"0%²",null,"0%²",null,"0%²",null,"0%²","0%²","0%²","0%²","0%²","0%²",null,"0%²","0%²","0%²"]
["Additional Service Coverage (per hour)"]
["Urban Service Zone","2 x 5 coverage (2 eight hour shifts, 5 days a week)","$295.00³",null,"$295.00³",null,"$295.00³","$295.00³",null,"$295.00³",null,"$295.00³",null,"$295.00³",null,"$295.00³",null,"$295.00³","$295.00³","$295.00³","$295.00³","$295.00³","$295.00³",null,"$295.00³","$295.00³","$295.00³"]
[null,"3 x 5 coverage (3 eight hour shifts, 5 days a week)","$590.00³",null,"$590.00³",null,"$590.00³","$590.00³",null,"$590.00³",null,"$590.00³",null,"$590.00³",null,"$590.00³",null,"$590.00³","$590.00³","$590.00³","$590.00³","$590.00³","$590.00³",null,"$590.00³","$590.00³","$590.00³"]
[null,"1 x 7 coverage (1 eight hour shift, 7 days a week)","$295.00³",null,"$295.00³",null,"$295.00³","$295.00³",null,"$295.00³",null,"$295.00³",null,"$295.00³",null,"$295.00³",null,"$295.00³","$295.00³","$295.00³","$295.00³","$295.00³","$295.00³",null,"$295.00³","$295.00³","$295.00³"]
[null,"2 x 7 coverage (2 eight hour shifts, 7 days a week)","$590.00³",null,"$590.00³",null,"$590.00³","$590.00³",null,"$590.00³",null,"$590.00³",null,"$590.00³",null,"$590.00³",null,"$590.00³","$590.00³","$590.00³","$590.00³","$590.00³","$590.00³",null,"$590.00³","$590.00³","$590.00³"]
[null,"3 x 7 coverage (3 eight hour shifts, 7 days a week)","$885.00³",null,"$885.00³",null,"$885.00³","$885.00³",null,"$885.00³",null,"$885.00³",null,"$885.00³",null,"$885.00³",null,"$885.00³","$885.00³","$885.00³","$885.00³","$885.00³","$885.00³",null,"$885.00³","$885.00³","$885.00³"]
[]
["Rural Service Zone","2 x 5 coverage (2 eight hour shifts, 5 days a week)","$520 1+3",null,"$520 1+3",null,"$520 1+3","$520 1+3",null,"$520 1+3",null,"$520 1+3",null,"$520 1+3",null,"$520 1+3",null,"$520 1+3","$520 1+3","$520 1+3","$520 1+3","$520 1+3","$520 1+3",null,"$520 1+3","$520 1+3","$520 1+3"]
[null,"3 x 5 coverage (3 eight hour shifts, 5 days a week)","$815 1+3",null,"$815 1+3",null,"$815 1+3","$815 1+3",null,"$815 1+3",null,"$815 1+3",null,"$815 1+3",null,"$815 1+3",null,"$815 1+3","$815 1+3","$815 1+3","$815 1+3","$815 1+3","$815 1+3",null,"$815 1+3","$815 1+3","$815 1+3"]
[null,"1 x 7 coverage (1 eight hour shift, 7 days a week)","$5201+3",null,"$5201+3",null,"$520 1+3","$5201+3",null,"$5201+3",null,"$5201+3",null,"$5201+3",null,"$5201+3",null,"$520 1+3","$520 1+3","$520 1+3","$520 1+3","$520 1+3","$5201+3",null,"$520 1+3","$520 1+3","$520 1+3"]
[null,"2 x 7 coverage (2 eight hour shifts, 7 days a week)","$8151+3",null,"$8151+3",null,"$815 1+3","$8151+3",null,"$8151+3",null,"$8151+3",null,"$8151+3",null,"$8151+3",null,"$815 1+3","$815 1+3","$815 1+3","$815 1+3","$815 1+3","$8151+3",null,"$815 1+3","$815 1+3","$815 1+3"]
[null,"3 x 7 coverage (3 eight hour shifts, 7 days a week)","$1110 1+3",null,"$1110 1+3",null,"$1110 1+3","$1110 1+3",null,"$1110 1+3",null,"$1110 1+3",null,"$1110 1+3",null,"$1110 1+3",null,"$1110 1+3","$1110 1+3","$1110 1+3","$1110 1+3","$1110 1+3","$1110 1+3",null,"$1110 1+3","$1110 1+3","$1110 1+3"]
[]
["Remote Service Zone","2 x 5 coverage (2 eight hour shifts, 5 days a week)","$745 2+3",null,"$745 2+3",null,"$745 2+3","$745 2+3",null,"$745 2+3",null,"$745 2+3",null,"$745 2+3",null,"$745 2+3",null,"$745 2+3","$745 2+3","$745 2+3","$745 2+3","$745 2+3","$745 2+3",null,"$745 2+3","$745 2+3","$745 2+3"]
[null,"3 x 5 coverage (3 eight hour shifts, 5 days a week)","$1040 2+3",null,"$1040 2+3",null,"$1040 2+3","$1040 2+3",null,"$1040 2+3",null,"$1040 2+3",null,"$1040 2+3",null,"$1040 2+3",null,"$1040 2+3","$1040 2+3","$1040 2+3","$1040 2+3","$1040 2+3","$1040 2+3",null,"$1040 2+3","$1040 2+3","$1040 2+3"]
[null,"1 x 7 coverage (1 eight hour shift, 7 days a week)","$745 2+3",null,"$745 2+3",null,"$745 2+3","$745 2+3",null,"$745 2+3",null,"$745 2+3",null,"$745 2+3",null,"$745 2+3",null,"$745 2+3","$745 2+3","$745 2+3","$745 2+3","$745 2+3","$745 2+3",null,"$745 2+3","$745 2+3","$745 2+3"]
[null,"2 x 7 coverage (2 eight hour shifts, 7 days a week)","$1040 2+3",null,"$1040 2+3",null,"$1040 2+3","$1040 2+3",null,"$1040 2+3",null,"$1040 2+3",null,"$1040 2+3",null,"$1040 2+3",null,"$1040 2+3","$1040 2+3","$1040 2+3","$1040 2+3","$1040 2+3","$1040 2+3",null,"$1040 2+3","$1040 2+3","$1040 2+3"]
[null,"3 x 7 coverage (3 eight hour shifts, 7 days a week)","$1335 2+3",null,"$1335 2+3",null,"$1335 2+3","$1335 2+3",null,"$1335 2+3",null,"$1335 2+3",null,"$1335 2+3",null,"$1335 2+3",null,"$1335 2+3","$1335 2+3","$1335 2+3","$1335 2+3","$1335 2+3","$1335 2+3",null,"$1335 2+3","$1335 2+3","$1335 2+3"]
["Service Calls not covered under the Maintenance Agreement"]
["Urban Service Zone","Price Per Hour",150,null,150,null,150,150,null,150,null,150,null,150,null,150,null,150,150,150,150,150,150,null,150,150,150]
[]
["Rural Service Zone","Flat Rate Charge","$225 1",null,"$225 1",null,"$225 1","$225 1",null,"$225 1",null,"$225 1",null,"$225 1",null,"$225 1",null,"$225 1","$225 1","$225 1","$225 1","$225 1","$225 1",null,"$225 1","$225 1","$225 1"]
[null,"Price Per Hour","$225 1",null,"$225 1",null,"$225 1","$225 1",null,"$225 1",null,"$225 1",null,"$225 1",null,"$225 1",null,"$225 1","$225 1","$225 1","$225 1","$225 1","$225 1",null,"$225 1","$225 1","$225 1"]
[]
["Remote Service Zone","Flat Rate Charge","$450 2",null,"$450 2",null,"$450 2","$450 2",null,"$450 2",null,"$450 2",null,"$450 2",null,"$450 2",null,"$450 2","$450 2","$450 2","$450 2","$450 2","$450 2",null,"$450 2","$450 2","$450 2"]
[null,"Price Per Hour","$450 2","$450 2","$450 2","$450 2","$450 2","$450 2","$450 2","$450 2","$450 2","$450 2","$450 2","$450 2","$450 2","$450 2","$450 2","$450 2","$450 2","$450 2","$450 2","$450 2","$450 2","$450 2","$450 2","$450 2","$450 2"]
["Accessory Installation/Maintenance (per hour)"]
["Additional Option (Dual Scan Document Feeder)",null,0,null,0,null,0,0,null,0,null,0,null,0,null,150,null,null,0,0,0,0,150,null,0,0,0]
["RADF",null,0,null,0,null,0,0,null,0,null,0,null,0,null,150,null,null,0,0,0,0,150,null,0,0,0]
["Additional Option (Manual Stapler)",null,0,null,0,null,0,150,null,150,null,150,null,0,null,0,null,null,0,0,0,0,0,null,150,150,150]
["Base Cabinet",null,150,null,150,null,150,150,null,150,null,150,null,150,null,150,null,null,0,0,0,0,0,null,0,0,0]
["Additional Paper Drawer",null,150,null,150,null,150,150,null,150,null,150,null,150,null,150,null,null,0,0,0,0,0,null,0,0,0]
["Paper-Feed Unit",null,0,null,0,null,0,0,null,0,null,0,null,150,null,150,null,null,0,0,0,0,150,null,150,150,150]
["Additional Option (PH-5100 punch unit)",null,0,null,0,null,0,0,null,0,null,0,null,0,null,150,null,null,0,0,0,0,150,null,0,0,0]
["Additional Option (SSD Memory Device (32 GB))",null,0,null,0,null,0,150,null,150,null,150,null,150,null,0,null,null,0,0,150,150,0,null,150,150,150]
["Standard Finisher(300 SHEET INTERNAL FINISHER)",null,0,null,0,null,0,0,null,0,null,0,null,150,null,150,null,null,0,0,0,0,150,null,0,0,0]
["Additional Option (3,200 SHEET  FINISHER)",null,0,null,0,null,0,0,null,0,null,0,null,150,null,150,null,null,0,0,0,0,150,null,0,0,0]
["Software Maintenance (per month) - excludes updates and patches, which are free to End-User"]
["*Server Software Maintenance-KYOCERA Net Manager   1 device, 1609AK0UN8, Server license Maintenance for   1 device ( Paid upfront in full)",null,1.83,null,1.83,null,1.83,1.83,null,1.83,null,1.83,null,1.83,null,1.83,null,1.83,1.83,1.83,1.83,1.83,1.83,null,1.83,1.83,1.83]
["*Device Software Maintenance, KYOCERA Net Manager   1 device,1609AK0UNN,Device license   Maintenance for 1 device( ( Paid upfront in full))",null,3.92,null,3.92,null,3.92,3.92,null,3.92,null,3.92,null,3.92,null,3.92,null,3.92,3.92,3.92,3.92,3.92,3.92,null,3.92,3.92,3.92]
["End-User Training and Support (per hour) - beyond the required one free hour"]
["Additional End-User taining on Device and/or software ",null,150,null,150,null,150,150,null,150,null,150,null,150,null,150,null,150,150,150,150,150,150,null,150,150,150]
["After hours technical phone support",null,295,null,295,null,295,295,null,295,null,295,null,295,null,295,null,295,295,295,295,295,295,null,295,295,295]
["Additional Services"]
["Equipment Move\nService Zone 2","Flat Rate Charge",400,null,400,null,400,400,null,400,null,400,null,400,null,400,null,400,400,400,400,400,400,null,400,400,400]
[null,"Price Per Hour",150,null,150,null,150,150,null,150,null,150,null,150,null,150,null,150,150,150,150,150,150,null,150,150,150]
[]
["Equipment Move\nService Zone 3","Flat Rate Charge",700,null,700,null,700,700,null,700,null,700,null,700,null,700,null,700,700,700,700,700,700,null,700,700,700]
[null,"Price Per Hour",150,null,150,null,150,150,null,150,null,150,null,150,null,150,null,150,150,150,150,150,150,null,150,150,150]
[]
["Hard Drive Removal and Surrender","Flat Rate Charge",0,null,0,null,0,375,null,375,null,375,null,375,null,375,null,0,0,0,0,0,375,null,375,375,375]
[]
[]
["Notes:"]
[]
[" ¹ Plus $225 per incident,  for  Rural Service Zone travel."]
[" ² Plus $450 per incident, for Remote Service Zone travel."]
["3 Additional Service Coverage NOTE : There is an additional flat fee charge of $150 per incident, for all additional shift coverage plans. ( Additional shift coverage is subject to availabilty )"]
["Color S&S CPC's are billed from copy 1 on all models and all options (NO MINIMUM VOLUME/ NO BASE)"]
["* KYOCERA Net Manager  Requires an SOW to install plus Server Licence $112 and maintenance"]

{"sheet":"GROUP D S&S  Pricing ","index":7,"n_rows":105,"n_cols":17,"rows_kept":105,"cut":false,"hidden":false,"merged":[[0,1,0,16],[1,0,1,16],[2,0,2,16],[3,0,3,16],[4,0,4,16],[5,0,7,1],[5,2,5,3],[5,4,5,5],[5,6,5,7],[5,8,5,9],[5,14,5,15],[6,2,6,3],[6,4,6,5],[6,6,6,7],[6,8,6,9],[6,14,6,15],[8,0,8,1],[8,2,8,3],[8,4,8,5],[8,6,8,7],[8,8,8,9],[8,14,8,15],[9,14,9,15],[10,0,10,1],[9,2,9,3],[9,4,9,5],[9,6,9,7],[9,8,9,9],[11,0,15,0],[9,0,9,1],[17,0,19,0],[21,0,27,0],[29,0,35,0],[37,0,43,0],[44,0,44,1],[45,0,49,0],[45,2,45,3],[12,2,12,3],[13,2,13,3],[14,2,14,3],[15,2,15,3],[22,2,22,3],[23,2,23,3],[25,2,25,3],[26,2,26,3],[27,2,27,3],[30,2,30,3],[31,2,31,3],[33,2,33,3],[34,2,34,3],[35,2,35,3],[38,2,38,3],[45,4,45,5],[47,2,47,3],[47,4,47,5],[49,2,49,3],[49,4,49,5],[45,6,45,7],[45,8,45,9],[45,14,45,15],[46,2,46,3],[46,4,46,5],[46,6,46,7],[46,8,46,9],[46,14,46,15],[47,6,47,7],[47,8,47,9],[47,14,47,15],[48,2,48,3],[48,4,48,5],[48,6,48,7],[48,8,48,9],[48,14,48,15],[49,6,49,7],[49,8,49,9],[49,14,49,15],[51,0,55,0],[51,2,51,3],[51,4,51,5],[51,6,51,7],[53,2,53,3],[53,4,53,5],[53,6,53,7],[53,8,53,9],[53,14,53,15],[51,8,51,9],[51,14,51,15],[52,2,52,3],[52,4,52,5],[52,6,52,7],[52,8,52,9],[52,14,52,15],[55,2,55,3],[55,4,55,5],[55,6,55,7],[55,8,55,9],[55,14,55,15],[54,2,54,3],[54,4,54,5],[54,6,54,7],[57,0,61,0],[57,2,57,3],[57,4,57,5],[57,6,57,7],[57,8,57,9],[59,2,59,3],[59,4,59,5],[59,6,59,7],[61,14,61,15],[59,8,59,9],[59,14,59,15],[60,2,60,3],[60,4,60,5],[60,6,60,7],[60,8,60,9],[60,14,60,15],[61,2,61,3],[61,4,61,5],[61,6,61,7],[61,8,61,9],[54,8,54,9],[54,14,54,15],[57,14,57,15],[58,2,58,3],[58,4,58,5],[58,6,58,7],[58,8,58,9],[58,14,58,15],[63,14,63,15],[63,2,63,3],[63,4,63,5],[63,6,63,7],[63,8,63,9],[65,0,66,0],[65,2,65,3],[65,4,65,5],[65,6,65,7],[65,8,65,9],[65,14,65,15],[66,2,66,3],[66,4,66,5],[66,6,66,7],[66,8,66,9],[66,14,66,15],[68,14,68,15],[68,0,69,0],[68,2,68,3],[68,4,68,5],[68,6,68,7],[68,8,68,9],[69,2,69,3],[69,4,69,5],[69,6,69,7],[69,8,69,9],[69,14,69,15],[71,14,71,15],[72,14,72,15],[73,0,73,1],[73,2,73,3],[73,4,73,5],[73,6,73,7],[73,8,73,9],[73,14,73,15],[72,0,72,1],[72,2,72,3],[72,4,72,5],[72,6,72,7],[72,8,72,9],[74,14,74,15],[75,0,75,1],[75,2,75,3],[75,4,75,5],[75,6,75,7],[75,8,75,9],[75,14,75,15],[74,0,74,1],[74,2,74,3],[74,4,74,5],[74,6,74,7],[74,8,74,9],[76,14,76,15],[77,0,77,1],[77,2,77,3],[77,4,77,5],[77,6,77,7],[77,8,77,9],[77,14,77,15],[76,0,76,1],[76,2,76,3],[76,4,76,5],[76,6,76,7],[76,8,76,9],[78,14,78,15],[79,0,79,1],[79,2,79,3],[79,4,79,5],[79,6,79,7],[79,8,79,9],[79,14,79,15],[78,0,78,1],[78,2,78,3],[78,4,78,5],[78,6,78,7],[78,8,78,9],[80,14,80,15],[81,0,81,1],[82,0,82,1],[82,2,82,3],[82,4,82,5],[82,6,82,7],[82,8,82,9],[82,14,82,15],[80,0,80,1],[80,2,80,3],[80,4,80,5],[80,6,80,7],[80,8,80,9],[83,14,83,15],[83,0,83,1],[83,2,83,3],[83,4,83,5],[83,6,83,7],[83,8,83,9],[84,0,84,1],[85,0,85,1],[85,2,85,3],[85,4,85,5],[85,6,85,7],[85,8,85,9],[85,14,85,15],[86,14,86,15],[88,8,88,9],[88,14,88,15],[87,0,87,1],[88,0,89,0],[88,2,88,3],[88,4,88,5],[88,6,88,7],[89,2,89,3],[89,4,89,5],[89,6,89,7],[89,8,89,9],[89,14,89,15],[91,14,91,15],[92,14,92,15],[94,2,94,3],[94,4,94,5],[94,6,94,7],[94,8,94,9],[94,14,94,15],[92,2,92,3],[92,4,92,5],[92,6,92,7],[92,8,92,9],[13,6,13,7],[14,6,14,7],[15,6,15,7],[12,8,12,9],[13,8,13,9],[14,8,14,9],[15,8,15,9],[91,0,92,0],[91,2,91,3],[91,4,91,5],[91,6,91,7],[91,8,91,9],[86,0,86,1],[86,2,86,3],[86,4,86,5],[86,6,86,7],[86,8,86,9],[70,0,70,1],[71,0,71,1],[71,2,71,3],[71,4,71,5],[71,6,71,7],[71,8,71,9],[62,0,62,1],[12,14,12,15],[13,14,13,15],[14,14,14,15],[15,14,15,15],[17,2,17,3],[18,2,18,3],[19,2,19,3],[17,4,17,5],[18,4,18,5],[19,4,19,5],[17,6,17,7],[18,6,18,7],[19,6,19,7],[17,8,17,9],[18,8,18,9],[19,8,19,9],[17,14,17,15],[18,14,18,15],[19,14,19,15],[12,4,12,5],[13,4,13,5],[14,4,14,5],[15,4,15,5],[12,6,12,7],[22,4,22,5],[23,4,23,5],[25,4,25,5],[26,4,26,5],[27,4,27,5],[22,6,22,7],[23,6,23,7],[25,6,25,7],[26,6,26,7],[27,6,27,7],[22,8,22,9],[23,8,23,9],[25,8,25,9],[26,8,26,9],[27,8,27,9],[22,14,22,15],[23,14,23,15],[25,14,25,15],[26,14,26,15],[27,14,27,15],[30,4,30,5],[31,4,31,5],[33,4,33,5],[34,4,34,5],[35,4,35,5],[30,6,30,7],[31,6,31,7],[33,6,33,7],[34,6,34,7],[35,6,35,7],[30,8,30,9],[31,8,31,9],[33,8,33,9],[34,8,34,9],[35,8,35,9],[30,14,30,15],[31,14,31,15],[33,14,33,15],[34,14,34,15],[35,14,35,15],[39,2,39,3],[41,2,41,3],[42,2,42,3],[43,2,43,3],[41,4,41,5],[42,4,42,5],[43,4,43,5],[41,6,41,7],[42,6,42,7],[43,6,43,7],[41,8,41,9],[42,8,42,9],[43,8,43,9],[41,14,41,15],[42,14,42,15],[43,14,43,15],[38,4,38,5],[39,4,39,5],[38,6,38,7],[39,6,39,7],[38,8,38,9],[39,8,39,9],[38,14,38,15],[39,14,39,15]]}
[null,"KYOCERA Document Solutions America, Inc."]
["Group D"]
["Single-function Printers"]
["Service and Supplies Pricing "]
["Includes B&W and Color/B&W Segments"]
["Service and Supply Pricing",null,"Segment 2",null,"Segment 2",null,"Segment 2",null,"Segment 2",null,"Segment 3","Segment 3","Segment 3","Segment 3","Segment 3",null,"Segment 4"]
[null,null,"(21 - 40)",null,"(21 - 40)",null,"(21 - 40)",null,"(21 - 40)",null,"(41 - 60)","(41 - 60)","(41 - 60)","(41 - 60)","(41 - 60)",null,"(61+)"]
[null,null,"Color","B&W","Color","B&W","Color","B&W","Color","B&W","B&W","B&W","B&W","B&W","Color","B&W","B&W"]
["Make",null,"KYOCERA",null,"KYOCERA",null,"KYOCERA",null,"KYOCERA",null,"KYOCERA","KYOCERA","KYOCERA","KYOCERA","KYOCERA",null,"KYOCERA"]
["Model",null,"ECOSYS P5021cdw",null,"ECOSYS P5026cdw",null,"ECOSYS P6230cdn",null,"ECOSYS P6235cdn",null,"ECOSYS P2040dw","ECOSYS P3145dn","ECOSYS P3150dn","ECOSYS P3155dn","ECOSYS P7240cdn",null,"ECOSYS P3260dn"]
["Maintenance Agreements\n"]
["Zero Base Charge","Includes OEM toner, parts, labor (no staples)",0.192,3.9699999999999999E-2,0.13109999999999999,2.4E-2,7.4999999999999997E-2,1.7000000000000001E-2,0.06,1.1900000000000001E-2,1.7399999999999999E-2,1.0500000000000001E-2,7.7999999999999996E-3,5.8999999999999999E-3,5.5E-2,0.01,5.4999999999999997E-3]
[null,"Parts and labor only (no supplies)",1.1041666666666667E-2,null,1.1041666666666667E-2,null,8.9986111111111117E-3,null,6.0897435897435907E-3,null,9.1481481481481466E-3,6.3866666666666672E-3,4.3469534050179209E-3,3.1957671957671958E-3,5.2673202614379093E-3,null,3.0666666666666663E-3]
[null,"% Increase in rate for inclusion of staples",0,null,0,null,0,null,0,null,0,0,0,0,0,null,0]
[null,"% Increase in rate for Rural Service Zone","0%¹",null,"0%¹",null,"0%¹",null,"0%¹",null,"0%¹","0%¹","0%¹","0%¹","0%¹",null,"0%¹"]
[null,"% Increase in rate for Remote Service Zone","0%²",null,"0%²",null,"0%²",null,"0%²",null,"0%²","0%²","0%²","0%²","0%²",null,"0%²"]
[]
["Flat Rate Fee","Parts and labor only (no supplies)",58.134374999999999,null,58.134374999999999,null,43.868229166666673,null,59.375000000000007,null,23.190555555555552,16.190200000000001,27.97264516129032,20.564761904761905,51.356372549019625,null,29.899999999999995]
[null,"% Increase in rate for Rural Service Zone","0%¹",null,"0%¹",null,"0%¹",null,"0%¹",null,"0%¹","0%¹","0%¹","0%¹","0%¹",null,"0%¹"]
[null,"% Increase in rate for Remote Service Zone","0%²",null,"0%²",null,"0%²",null,"0%²",null,"0%²","0%²","0%²","0%²","0%²",null,"0%²"]
[]
["Monthly Base Charge\nOption 1","Included Number of Clicks per Month",0,1350,0,1350,0,1250,0,2500,650,650,1650,1650,0,2500,2500]
[null,"Base Charge - includes OEM toner, parts, labor (no staples)",52.523099999999992,null,31.751999999999999,null,20.825000000000003,null,29.155000000000001,null,11.083799999999998,6.6885000000000003,12.6126,9.5403000000000002,24.5,null,13.475]
[null,"Base Charge - parts and labor only (no supplies)",19.378125000000001,null,19.378125000000001,null,14.622743055555556,null,19.791666666666671,null,7.7301851851851842,5.3967333333333336,9.3242150537634405,6.8549206349206351,17.118790849673207,null,9.9666666666666668]
[null,"Overage Rate",0.192,3.8905999999999996E-2,0.13109999999999999,2.3519999999999999E-2,7.4999999999999997E-2,1.6660000000000001E-2,0.06,1.1662E-2,1.7051999999999998E-2,1.0290000000000001E-2,7.6439999999999998E-3,5.7819999999999998E-3,5.5E-2,9.7999999999999997E-3,5.3899999999999998E-3]
[null,"% Increase in rate for inclusion of staples",0,null,0,null,0,null,0,null,0,0,0,0,0,null,0]
[null,"% Increase in rate for Rural Service Zone","0%¹",null,"0%¹",null,"0%¹",null,"0%¹",null,"0%¹","0%¹","0%¹","0%¹","0%¹",null,"0%¹"]
[null,"% Increase in rate for Remote Service Zone","0%²",null,"0%²",null,"0%²",null,"0%²",null,"0%²","0%²","0%²","0%²","0%²",null,"0%²"]
[]
["Monthly Base Charge\nOption 2","Included Number of Clicks per Month",0,2700,0,2700,0,2500,0,5000,1300,1300,3300,3300,0,5000,5000]
[null,"Base Charge - includes OEM toner, parts, labor (no staples)",102.9024,null,62.207999999999991,null,40.800000000000004,null,57.12,null,21.715199999999996,13.104000000000001,24.710399999999996,18.691199999999998,47.999999999999993,null,26.399999999999995]
[null,"Base Charge - parts and labor only (no supplies)",38.756250000000001,null,38.756250000000001,null,29.245486111111113,null,39.583333333333343,null,15.460370370370368,10.793466666666667,18.648430107526881,13.70984126984127,34.237581699346414,null,19.933333333333334]
[null,"Overage Rate",0.192,3.8112E-2,0.13109999999999999,2.3039999999999998E-2,7.4999999999999997E-2,1.6320000000000001E-2,0.06,1.1424E-2,1.6703999999999997E-2,1.008E-2,7.487999999999999E-3,5.6639999999999998E-3,5.5E-2,9.5999999999999992E-3,5.2799999999999991E-3]
[null,"% Increase in rate for inclusion of staples",0,null,0,null,0,null,0,null,0,0,0,0,0,null,0]
[null,"% Increase in rate for Rural Service Zone","0%¹",null,"0%¹",null,"0%¹",null,"0%¹",null,"0%¹","0%¹","0%¹","0%¹","0%¹",null,"0%¹"]
[null,"% Increase in rate for Remote Service Zone","0%²",null,"0%²",null,"0%²",null,"0%²",null,"0%²","0%²","0%²","0%²","0%²",null,"0%²"]
[]
["Monthly Base Charge\nOption 3","Included Number of Clicks per Month",null,4050,0,4050,0,3750,0,7500,1950,1950,4950,4950,0,7500,7500]
[null,"Base Charge - includes OEM toner, parts, labor (no staples)",144.70650000000001,null,87.48,null,57.375000000000007,null,80.325000000000003,null,30.536999999999999,18.427499999999998,34.749000000000002,26.284499999999998,67.500000000000014,null,37.125]
[null,"Base Charge - parts and labor only (no supplies)",58.134374999999999,null,58.134374999999999,null,43.868229166666673,null,59.375000000000007,null,23.190555555555552,16.190200000000001,27.97264516129032,20.564761904761905,51.356372549019625,null,29.899999999999995]
[null,"Overage Rate",3.5729999999999998E-2,3.5729999999999998E-2,0.13109999999999999,2.1600000000000001E-2,7.4999999999999997E-2,1.5300000000000001E-2,0.06,1.0710000000000001E-2,1.566E-2,9.4500000000000001E-3,7.0200000000000002E-3,5.3099999999999996E-3,5.5E-2,9.0000000000000011E-3,4.9499999999999995E-3]
[null,"% Increase in rate for inclusion of staples",0,null,0,null,0,null,0,null,0,0,0,0,0,null,0]
[null,"% Increase in rate for Rural Service Zone","0%¹",null,"0%¹",null,"0%¹",null,"0%¹",null,"0%¹","0%¹","0%¹","0%¹","0%¹",null,"0%¹"]
[null,"% Increase in rate for Remote Service Zone","0%²",null,"0%²",null,"0%²",null,"0%²",null,"0%²","0%²","0%²","0%²","0%²",null,"0%²"]
["Additional Service Coverage (per hour)"]
["Urban Service Zone","2 x 5 coverage (2 eight hour shifts, 5 days a week)","$295.00³",null,"$295.00³",null,"$295.00³",null,"$295.00³",null,"$295.00³","$295.00³","$295.00³","$295.00³","$295.00³",null,"$295.00³"]
[null,"3 x 5 coverage (3 eight hour shifts, 5 days a week)","$590.00³",null,"$590.00³",null,"$590.00³",null,"$590.00³",null,"$590.00³","$590.00³","$590.00³","$590.00³","$590.00³",null,"$590.00³"]
[null,"1 x 7 coverage (1 eight hour shift, 7 days a week)","$295.00³",null,"$295.00³",null,"$295.00³",null,"$295.00³",null,"$295.00³","$295.00³","$295.00³","$295.00³","$295.00³",null,"$295.00³"]
[null,"2 x 7 coverage (2 eight hour shifts, 7 days a week)","$590.00³",null,"$590.00³",null,"$590.00³",null,"$590.00³",null,"$590.00³","$590.00³","$590.00³","$590.00³","$590.00³",null,"$590.00³"]
[null,"3 x 7 coverage (3 eight hour shifts, 7 days a week)","$885.00³",null,"$885.00³",null,"$885.00³",null,"$885.00³",null,"$885.00³","$885.00³","$885.00³","$885.00³","$885.00³",null,"$885.00³"]
[]
["Rural Service Zone","2 x 5 coverage (2 eight hour shifts, 5 days a week)","$520 1+3",null,"$520 1+3",null,"$520 1+3",null,"$520 1+3",null,"$520 1+3","$520 1+3","$520 1+3","$520 1+3","$520 1+3",null,"$520 1+3"]
[null,"3 x 5 coverage (3 eight hour shifts, 5 days a week)","$815 1+3",null,"$815 1+3",null,"$815 1+3",null,"$815 1+3",null,"$8151+3","$8151+3","$8151+3","$8151+3","$815 1+3",null,"$8151+3"]
[null,"1 x 7 coverage (1 eight hour shift, 7 days a week)","$5201+3",null,"$5201+3",null,"$5201+3",null,"$5201+3",null,"$5201+3","$5201+3","$5201+3","$5201+3","$5201+3",null,"$5201+3"]
[null,"2 x 7 coverage (2 eight hour shifts, 7 days a week)","$8151+3",null,"$8151+3",null,"$8151+3",null,"$8151+3",null,"$8151+3","$8151+3","$8151+3","$8151+3","$8151+3",null,"$8151+3"]
[null,"3 x 7 coverage (3 eight hour shifts, 7 days a week)","$1110 1+3",null,"$1110 1+3",null,"$1110 1+3",null,"$1110 1+3",null,"$1110 1+3","$1110 1+3","$1110 1+3","$1110 1+3","$1110 1+3",null,"$1110 1+3"]
[]
["Remote Service Zone","2 x 5 coverage (2 eight hour shifts, 5 days a week)","$745 2+3",null,"$745 2+3",null,"$745 2+3",null,"$745 2+3",null,"$745 2+3","$745 2+3","$745 2+3","$745 2+3","$745 2+3",null,"$745 2+3"]
[null,"3 x 5 coverage (3 eight hour shifts, 5 days a week)","$1040 2+3",null,"$1040 2+3",null,"$1040 2+3",null,"$1040 2+3",null,"$1040 2+3","$1040 2+3","$1040 2+3","$1040 2+3","$1040 2+3",null,"$1040 2+3"]
[null,"1 x 7 coverage (1 eight hour shift, 7 days a week)","$745 2+3",null,"$745 2+3",null,"$745 2+3",null,"$745 2+3",null,"$745 2+3","$745 2+3","$745 2+3","$745 2+3","$745 2+3",null,"$745 2+3"]
[null,"2 x 7 coverage (2 eight hour shifts, 7 days a week)","$1040 2+3",null,"$1040 2+3",null,"$1040 2+3",null,"$1040 2+3",null,"$1040 2+3","$1040 2+3","$1040 2+3","$1040 2+3","$1040 2+3",null,"$1040 2+3"]
[null,"3 x 7 coverage (3 eight hour shifts, 7 days a week)","$1335 2+3",null,"$1335 2+3",null,"$1335 2+3",null,"$1335 2+3",null,"$1335 2+3","$1335 2+3","$1335 2+3","$1335 2+3","$1335 2+3",null,"$1335 2+3"]
["Service Calls not covered under the Maintenance Agreement"]
["Urban Service Zone","Price Per Hour",150,null,150,150,150,150,150,150,150,150,150,150,150,150,150]
[]
["Rural Service Zone","Flat Rate Charge","$225 1",null,"$225 1",null,"$225 1",null,"$225 1",null,"$225 1","$225 1","$225 1","$225 1","$225 1",null,"$225 1"]
[null,"Price Per Hour","$225 1",null,"$225 1",null,"$225 1",null,"$225 1",null,"$225 1","$225 1","$225 1","$225 1","$225 1",null,"$225 1"]
[]
["Remote Service Zone","Flat Rate Charge","$450 2","$450 2","$450 2","$450 2","$450 2","$450 2","$450 2","$450 2","$450 2","$450 2","$450 2","$450 2","$450 2","$450 2","$450 2"]
[null,"Price Per Hour","$450 2","$450 2","$450 2","$450 2","$450 2","$450 2","$450 2","$450 2","$450 2","$450 2","$450 2","$450 2","$450 2","$450 2","$450 2"]
["Accessory Installation/Maintenance (per hour)"]
["Stand",null,0,null,0,null,150,null,150,null,150,150,150,150,150,null,150]
["Additional Paper Drawer",null,150,null,150,null,150,null,150,null,150,150,150,150,150,null,150]
["Paper-Feed Unit",null,0,null,0,null,0,null,0,null,0,150,150,150,0,null,150]
["Additional Option (1,000 sheet finisher)",null,0,null,0,null,0,null,0,null,0,0,0,0,0,null,0]
["Additional Option (Hole punch unit)",null,0,null,0,null,0,null,0,null,0,0,0,0,0,null,0]
["Additional Option (3,000 sheet finisher)",null,0,null,0,null,0,null,0,null,0,0,0,0,0,null,0]
["Additional Option (IB-50 Dual NIC)",null,150,null,150,null,150,null,150,null,150,150,150,150,150,null,150]
["Additional Option (PB-325  Base unit with PF-3100)",null,0,null,0,null,0,null,0,null,0,150,150,150,0,null,150]
["Additional Option (IB-51 Wireless LAN NIC 328')",null,150,null,150,null,150,null,150,null,150,150,150,150,150,null,150]
["Additional Option (Mail tray / Mail Bin)",null,0,null,0,null,0,null,0,null,0,0,0,0,0,null,0]
["Software Maintenance (per month) - excludes updates and patches, which are free to End-User"]
["*Server Software Maintenance-KYOCERA Net Manager   1 device, 1609AK0UN8, Server license Maintenance for   1 device ( Paid upfront in full)",null,1.83,null,1.83,null,1.83,null,1.83,null,1.83,1.83,1.83,1.83,1.83,null,1.83]
["*Device Software Maintenance, KYOCERA Net Manager   1 device,1609AK0UNN,Device license   Maintenance for 1 device( ( Paid upfront in full))",null,3.92,null,3.92,null,3.92,null,3.92,null,3.92,3.92,3.92,3.92,3.92,null,3.92]
["End-User Training and Support (per hour) - beyond the required one free hour"]
["Additional End-User taining on Device and/or software ",null,150,null,150,null,150,null,150,null,150,150,150,150,150,null,150]
["After hours technical phone support",null,295,null,295,null,295,null,295,null,295,295,295,295,295,null,295]
["Additional Services"]
["Equipment Move\nService Zone 2","Flat Rate Charge",400,null,400,null,400,null,400,null,400,400,400,400,400,null,400]
[null,"Price Per Hour",150,null,150,null,150,null,150,null,150,150,150,150,150,null,150]
[]
["Equipment Move\nService Zone 3","Flat Rate Charge",750,null,750,null,750,null,750,null,750,750,750,750,750,null,750]
[null,"Price Per Hour",150,null,150,null,150,null,150,null,150,150,150,150,150,null,150]
[]
["Hard Drive Removal and Surrender","Flat Rate Charge",0,null,0,null,375,null,375,null,0,375,375,375,375,null,375]
[]
[]
["Notes:"]
[]
[" ¹  $225 per incident,  for  Rural Service Zone travel."]
[" ²  $450 per incident, for Remote Service Zone travel."]
["3 Additional Service Coverage NOTE : There is an additional flat fee charge of $150 per incident, for all additional shift coverage plans. ( Additional shift coverage is subject to availabilty )"]
[]
["Color S&S CPC's are billed from copy 1 on all models and all options (NO MINIMUM VOLUME/ NO BASE)"]
["* KYOCERA Net Manager  Requires an SOW to install plus Server Licence $112 and maintenance"]

{"sheet":"Lease and Rental Rates  ","index":8,"n_rows":11,"n_cols":8,"rows_kept":11,"cut":false,"hidden":false,"merged":[[10,0,10,2],[0,1,0,8],[1,0,2,0],[1,1,2,1],[1,2,2,2],[1,3,1,7],[4,6,8,6]]}
[null,{"$f":"'[5]MSRP List Price'!B1:Y1","v":"KYOCERA Business Solutions America, Inc."}]
["Standard Financing Terms (Months)","Daily Treasury Yield Curve Rate","Published Date of DTYCR (must be quarter end date)","Lease and Rental Rates"]
[null,null,null,"Fair Market Value Lease w/Property Tax","$1 Buyout Lease","Straight Lease W/Property Tax","Short-Term Lease","Cancellable Rental"]
[12,1.19,"2022-03-10",8.8469999999999993E-2,8.8270000000000001E-2,8.8469999999999993E-2,8.7510000000000004E-2,8.9410000000000003E-2]
[18,1.46,"2022-03-10",6.0999999999999999E-2,6.0600000000000001E-2,6.0999999999999999E-2,null,6.1530000000000001E-2]
[24,1.72,"2022-03-10",4.6620000000000002E-2,4.6469999999999997E-2,4.6620000000000002E-2,null,4.761E-2]
[36,1.88,"2022-03-10",3.2649999999999998E-2,3.2559999999999999E-2,3.2649999999999998E-2,null,3.3759999999999998E-2]
[48,1.9,"2022-03-10",2.5680000000000001E-2,2.5659999999999999E-2,2.5680000000000001E-2,null,2.6890000000000001E-2]
[60,1.92,"2022-03-10",2.1510000000000001E-2,2.154E-2,2.1510000000000001E-2]
[]
["Fixed Margin",null,null,6.6000000000000003E-2,8.6499999999999994E-2,6.6000000000000003E-2,7.9399999999999998E-2,0.113]